86.110.243.41 - - [30/Oct/2025:18:27:42 +0100] "GET /?ARRAY=7o2230223n313736313834383836322p2231223n22687474703n5p2s5p2s7n7336303076313373752r6472617761746s722r626s6174735p2s3s6p633q7068705s636s64655s6n6326743q313736313834353236322q3461343164656138626165643364646436373239333935386534376264333066222p2232223n226332356533663536396335333435613436363636313130373562633034393561222p2233223n226337323238396637353332643736333933656134353438643033306533346137222p226175746s5s66696p655s6r616q65223n6r756p6p2p226175746s5s70617373223n6r756p6p2p2262696r675s70617373223n2231392q33362q35352q36372q37362q38352q3236227q HTTP/1.0" 503 299
216.73.216.30 - - [30/Oct/2025:18:28:44 +0100] "GET /wordpress/tokio-casino-aplikacia-slovakia?path=%2Fhome%2Fry040200%2Fbqr_eshop%2Fwp-includes%2Fwidgets HTTP/1.1" 200 45479
216.73.216.30 - - [30/Oct/2025:18:28:46 +0100] "GET /wordpress/tokio-casino-aplikacia-slovakia?fileloc=%2Fhome%2Fry040200%2Fbqr_eshop%2Fwp%2Fwp-settings.php&path=%2Fhome%2Fry040200%2Fbqr_eshop%2Fwp HTTP/1.1" 200 35809
216.73.216.30 - - [30/Oct/2025:18:28:49 +0100] "GET /wordpress/tokio-casino-aplikacia-slovakia?fileloc=%2Fhome%2Fry040200%2Fbqr_eshop%2Fwp%2Fwp-trackback.php&path=%2Fhome%2Fry040200%2Fbqr_eshop%2Fwp HTTP/1.1" 200 17554
216.73.216.30 - - [30/Oct/2025:18:28:52 +0100] "GET /wordpress/tokio-casino-aplikacia-slovakia?fileloc=%2Fhome%2Fry040200%2Fbqr_eshop%2Fwp-includes%2Fsession.php&path=%2Fhome%2Fry040200%2Fbqr_eshop%2Fwp-includes HTTP/1.1" 200 12820
74.7.227.230 - - [30/Oct/2025:18:28:53 +0100] "GET /items/1309885558.htm?fileloc=/home/ry040200/bqr_eshop/wp/wp-config-sample.php&path=/home/ry040200/bqr_eshop/wp HTTP/1.1" 200 15469
216.73.216.30 - - [30/Oct/2025:18:28:55 +0100] "GET /wordpress/tokio-casino-aplikacia-slovakia?fileloc=%2Fhome%2Fry040200%2Fbqr_eshop%2Fwp-includes%2Fhttp.php&path=%2Fhome%2Fry040200%2Fbqr_eshop%2Fwp-includes HTTP/1.1" 200 35295
216.73.216.30 - - [30/Oct/2025:18:28:58 +0100] "GET /wordpress/tokio-casino-aplikacia-slovakia?fileloc=%2Fhome%2Fry040200%2Fbqr_eshop%2Fwp-includes%2Fpluggable.php&path=%2Fhome%2Fry040200%2Fbqr_eshop%2Fwp-includes HTTP/1.1" 200 117542
216.73.216.30 - - [30/Oct/2025:18:29:01 +0100] "GET /wordpress/tokio-casino-aplikacia-slovakia?fileloc=%2Fhome%2Fry040200%2Fbqr_eshop%2Fwp%2Fwp-activate.php&path=%2Fhome%2Fry040200%2Fbqr_eshop%2Fwp HTTP/1.1" 200 20702
86.110.243.41 - - [30/Oct/2025:18:28:03 +0100] "GET /?ARRAY=7o2230223n313736313834383838332p2231223n22687474703n5p2s5p2s7n7336303076313373752r6472617761746s722r626s6174735p2s3s6p633q7068705s636s64655s6n6326743q313736313834353238332q3830333539366366353233376361616537336135353930346234373931633263222p2232223n226332356533663536396335333435613436363636313130373562633034393561222p2233223n226337323238396637353332643736333933656134353438643033306533346137222p226175746s5s66696p655s6r616q65223n6r756p6p2p226175746s5s70617373223n6r756p6p2p2262696r675s70617373223n2231392q33362q35352q36372q37362q38352q3236227q HTTP/1.0" 503 299
66.249.76.96 - - [30/Oct/2025:18:29:02 +0100] "GET /zhHant/product/surugaya/B689360556?campaign_uid=f64d716db5e979ed2f947dbaf4296895b951ae7f HTTP/1.1" 200 138232
216.73.216.30 - - [30/Oct/2025:18:29:04 +0100] "GET /wordpress/tokio-casino-aplikacia-slovakia?fileloc=%2Fhome%2Fry040200%2Fbqr_eshop%2Fwp-includes%2Fcache.php&path=%2Fhome%2Fry040200%2Fbqr_eshop%2Fwp-includes HTTP/1.1" 200 21398
216.73.216.30 - - [30/Oct/2025:18:29:07 +0100] "GET /wordpress/tokio-casino-aplikacia-slovakia?fileloc=%2Fhome%2Fry040200%2Fbqr_eshop%2Fwp-includes%2Fclass-feed.php&path=%2Fhome%2Fry040200%2Fbqr_eshop%2Fwp-includes HTTP/1.1" 200 13094
66.249.76.109 - - [30/Oct/2025:18:29:09 +0100] "GET /items/997818566.htm HTTP/1.1" 200 152304
216.73.216.30 - - [30/Oct/2025:18:29:10 +0100] "GET /wordpress/tokio-casino-aplikacia-slovakia?fileloc=%2Fhome%2Fry040200%2Fbqr_eshop%2Fwp%2Fxmlrpc.php&path=%2Fhome%2Fry040200%2Fbqr_eshop%2Fwp HTTP/1.1" 200 16120
74.7.227.230 - - [30/Oct/2025:18:29:11 +0100] "GET /items/1309885558.htm?fileloc=/home/ry040200/bqr_eshop/wp/xmlrpc.php&path=/home/ry040200/bqr_eshop/wp HTTP/1.1" 200 16120
216.73.216.30 - - [30/Oct/2025:18:29:13 +0100] "GET /wordpress/tokio-casino-aplikacia-slovakia?path=%2Fhome%2Frj011800 HTTP/1.1" 200 12816
66.249.65.195 - - [30/Oct/2025:18:29:17 +0100] "GET /items/634902657.htm HTTP/1.1" 200 135849
77.75.76.169 - - [30/Oct/2025:18:29:23 +0100] "GET /items/1937848463.htm HTTP/1.1" 200 58009
86.110.243.41 - - [30/Oct/2025:18:28:24 +0100] "GET /?ARRAY=7o2230223n313736313834383930342p2231223n22687474703n5p2s5p2s7n7336303076313373752r6472617761746s722r626s6174735p2s3s6p633q7068705s636s64655s6n6326743q313736313834353330342q3665666237326563346666666330336131656364346439356663326566663964222p2232223n226332356533663536396335333435613436363636313130373562633034393561222p2233223n226337323238396637353332643736333933656134353438643033306533346137222p226175746s5s66696p655s6r616q65223n6r756p6p2p226175746s5s70617373223n6r756p6p2p2262696r675s70617373223n2231392q33362q35352q36372q37362q38352q3236227q HTTP/1.0" 503 299
66.249.65.195 - - [30/Oct/2025:18:29:25 +0100] "GET /items/634877970.htm HTTP/1.1" 200 131343
66.249.76.109 - - [30/Oct/2025:18:29:28 +0100] "GET /items/634903819.htm HTTP/1.1" 200 147672
74.7.227.230 - - [30/Oct/2025:18:29:31 +0100] "GET /items/1309687333.htm?fileloc=/home/ry040200/bqr_eshop/wp/wp-links-opml.php&path=/home/ry040200/bqr_eshop/wp HTTP/1.1" 200 15335
77.75.76.169 - - [30/Oct/2025:18:29:36 +0100] "GET /items/545185697.htm HTTP/1.1" 200 58009
86.110.243.41 - - [30/Oct/2025:18:28:45 +0100] "GET /?ARRAY=7o2230223n313736313834383932352p2231223n22687474703n5p2s5p2s7n7336303076313373752r6472617761746s722r626s6174735p2s3s6p633q7068705s636s64655s6n6326743q313736313834353332352q3138393962623031656261653932373164633538623365343232356661663737222p2232223n226332356533663536396335333435613436363636313130373562633034393561222p2233223n226337323238396637353332643736333933656134353438643033306533346137222p226175746s5s66696p655s6r616q65223n6r756p6p2p226175746s5s70617373223n6r756p6p2p2262696r675s70617373223n2231392q33362q35352q36372q37362q38352q3236227q HTTP/1.0" 503 299
74.7.227.230 - - [30/Oct/2025:18:29:50 +0100] "GET /items/1309885558.htm?fileloc=/home/ry040200/bqr_eshop/wp/.htaccess&path=/home/ry040200/bqr_eshop/wp HTTP/1.1" 200 12669
66.249.76.109 - - [30/Oct/2025:18:29:53 +0100] "GET /items/636908567.htm HTTP/1.1" 200 149871
66.249.65.195 - - [30/Oct/2025:18:30:00 +0100] "GET /items/634857921.htm HTTP/1.1" 200 157438
86.110.243.41 - - [30/Oct/2025:18:29:06 +0100] "GET /?ARRAY=7o2230223n313736313834383934362p2231223n22687474703n5p2s5p2s7n7336303076313373752r6472617761746s722r626s6174735p2s3s6p633q7068705s636s64655s6n6326743q313736313834353334362q6363383931666238383931653465313361353838333036623830336263643330222p2232223n226332356533663536396335333435613436363636313130373562633034393561222p2233223n226337323238396637353332643736333933656134353438643033306533346137222p226175746s5s66696p655s6r616q65223n6r756p6p2p226175746s5s70617373223n6r756p6p2p2262696r675s70617373223n2231392q33362q35352q36372q37362q38352q3236227q HTTP/1.0" 503 299
74.7.227.230 - - [30/Oct/2025:18:30:06 +0100] "GET /items/1309555252.htm?fileloc=/home/ry040200/bqr_eshop/wp/xmlrpc.php&path=/home/ry040200/bqr_eshop/wp HTTP/1.1" 200 16120
66.249.76.109 - - [30/Oct/2025:18:30:18 +0100] "GET /items/635070127.htm HTTP/1.1" 200 170709
74.7.227.230 - - [30/Oct/2025:18:30:23 +0100] "GET /items/1309687333.htm?fileloc=/home/ry040200/bqr_eshop/wp/xmlrpc.php&path=/home/ry040200/bqr_eshop/wp HTTP/1.1" 200 16120
66.249.65.195 - - [30/Oct/2025:18:30:24 +0100] "GET /items/635071281.htm HTTP/1.1" 200 128490
86.110.243.41 - - [30/Oct/2025:18:29:27 +0100] "GET /?ARRAY=7o2230223n313736313834383936372p2231223n22687474703n5p2s5p2s7n7336303076313373752r6472617761746s722r626s6174735p2s3s6p633q7068705s636s64655s6n6326743q313736313834353336372q3730353233636464383332643864356163666264643537666234396566386638222p2232223n226332356533663536396335333435613436363636313130373562633034393561222p2233223n226337323238396637353332643736333933656134353438643033306533346137222p226175746s5s66696p655s6r616q65223n6r756p6p2p226175746s5s70617373223n6r756p6p2p2262696r675s70617373223n2231392q33362q35352q36372q37362q38352q3236227q HTTP/1.0" 503 299
217.154.189.35 - - [30/Oct/2025:18:30:27 +0100] "HEAD / HTTP/1.1" 200 -
217.154.189.35 - - [30/Oct/2025:18:30:28 +0100] "GET /wp-login.php?wp_lang=en_US HTTP/1.1" 200 58009
217.154.189.35 - - [30/Oct/2025:18:30:28 +0100] "POST /wp-login.php HTTP/1.1" 200 58009
217.154.189.35 - - [30/Oct/2025:18:30:29 +0100] "GET /wp-admin/ HTTP/1.1" 200 164755
217.154.189.35 - - [30/Oct/2025:18:30:29 +0100] "GET /wp-admin/profile.php HTTP/1.1" 200 164755
66.249.65.195 - - [30/Oct/2025:18:30:36 +0100] "GET /items/1633700383.htm HTTP/1.1" 200 129722
66.249.65.195 - - [30/Oct/2025:18:30:37 +0100] "GET /items/2084381748.htm HTTP/1.1" 200 127260
66.249.76.109 - - [30/Oct/2025:18:30:39 +0100] "GET /items/816902509.htm HTTP/1.1" 200 154323
66.249.65.195 - - [30/Oct/2025:18:30:40 +0100] "GET /items/347903815.htm HTTP/1.1" 200 140476
74.7.227.230 - - [30/Oct/2025:18:30:43 +0100] "GET /items/1309555252.htm?fileloc=/home/ry040200/bqr_eshop/wp/wp-admin/edit-form-comment.php&path=/home/ry040200/bqr_eshop/wp/wp-admin HTTP/1.1" 200 23264
66.249.76.109 - - [30/Oct/2025:18:30:46 +0100] "GET /items/1853692427.htm HTTP/1.1" 200 139134
86.110.243.41 - - [30/Oct/2025:18:29:48 +0100] "GET /?ARRAY=7o2230223n313736313834383938382p2231223n22687474703n5p2s5p2s7n7336303076313373752r6472617761746s722r626s6174735p2s3s6p633q7068705s636s64655s6n6326743q313736313834353338382q3437343666346161353238356631343730373433636238643430313363636130222p2232223n226332356533663536396335333435613436363636313130373562633034393561222p2233223n226337323238396637353332643736333933656134353438643033306533346137222p226175746s5s66696p655s6r616q65223n6r756p6p2p226175746s5s70617373223n6r756p6p2p2262696r675s70617373223n2231392q33362q35352q36372q37362q38352q3236227q HTTP/1.0" 503 299
66.249.76.109 - - [30/Oct/2025:18:30:58 +0100] "GET /items/1905009976.htm HTTP/1.1" 200 156161
74.7.227.230 - - [30/Oct/2025:18:31:00 +0100] "GET /items/1309885558.htm?path=/home/ry040200/bqr_eshop/wp/wp-includes HTTP/1.1" 200 388507
86.110.243.41 - - [30/Oct/2025:18:30:09 +0100] "GET /?ARRAY=7o2230223n313736313834393030392p2231223n22687474703n5p2s5p2s7n7336303076313373752r6472617761746s722r626s6174735p2s3s6p633q7068705s636s64655s6n6326743q313736313834353430392q3063636665363064313631613661303938666237353965326531323930666661222p2232223n226332356533663536396335333435613436363636313130373562633034393561222p2233223n226337323238396637353332643736333933656134353438643033306533346137222p226175746s5s66696p655s6r616q65223n6r756p6p2p226175746s5s70617373223n6r756p6p2p2262696r675s70617373223n2231392q33362q35352q36372q37362q38352q3236227q HTTP/1.0" 503 299
216.73.216.30 - - [30/Oct/2025:18:31:15 +0100] "GET /wordpress/tokio-casino-aplikacia-slovakia?path=%2Fhome%2Fdc040300 HTTP/1.1" 200 12816
74.7.227.230 - - [30/Oct/2025:18:31:18 +0100] "GET /items/1309555252.htm?path=/home/ry040200/bqr_eshop/wp/wp-admin/js HTTP/1.1" 200 160920
216.73.216.30 - - [30/Oct/2025:18:31:18 +0100] "GET /wordpress/tokio-casino-aplikacia-slovakia?path=%2Fhome%2Fwm027100 HTTP/1.1" 200 12816
216.73.216.30 - - [30/Oct/2025:18:31:21 +0100] "GET /wordpress/tokio-casino-aplikacia-slovakia?path=%2Fhome%2Fdo097200 HTTP/1.1" 200 12816
216.73.216.30 - - [30/Oct/2025:18:31:24 +0100] "GET /wordpress/tokio-casino-aplikacia-slovakia?path=%2Fhome%2Fgh409500 HTTP/1.1" 200 12816
216.73.216.30 - - [30/Oct/2025:18:31:27 +0100] "GET /wordpress/tokio-casino-aplikacia-slovakia?path=%2Fhome%2Fws635800 HTTP/1.1" 200 12816
86.110.243.41 - - [30/Oct/2025:18:30:30 +0100] "GET /?ARRAY=7o2230223n313736313834393033302p2231223n22687474703n5p2s5p2s7n7336303076313373752r6472617761746s722r626s6174735p2s3s6p633q7068705s636s64655s6n6326743q313736313834353433302q3366656161393936393737663432396136333631393462386632316333613863222p2232223n226332356533663536396335333435613436363636313130373562633034393561222p2233223n226337323238396637353332643736333933656134353438643033306533346137222p226175746s5s66696p655s6r616q65223n6r756p6p2p226175746s5s70617373223n6r756p6p2p2262696r675s70617373223n2231392q33362q35352q36372q37362q38352q3236227q HTTP/1.0" 503 299
216.73.216.30 - - [30/Oct/2025:18:31:30 +0100] "GET /wordpress/tokio-casino-aplikacia-slovakia?path=%2Fhome%2Fdo135900 HTTP/1.1" 200 12816
216.73.216.30 - - [30/Oct/2025:18:31:33 +0100] "GET /wordpress/tokio-casino-aplikacia-slovakia?path=%2Fhome%2Fdo148000 HTTP/1.1" 200 12816
74.7.227.230 - - [30/Oct/2025:18:31:35 +0100] "GET /?path=//lib64/nss/unsupported-tools HTTP/1.1" 200 39451
216.73.216.30 - - [30/Oct/2025:18:31:36 +0100] "GET /wordpress/tokio-casino-aplikacia-slovakia?path=%2Fhome%2Fik011800 HTTP/1.1" 200 12816
216.73.216.30 - - [30/Oct/2025:18:31:39 +0100] "GET /wordpress/tokio-casino-aplikacia-slovakia?path=%2Fhome%2Fdo412100 HTTP/1.1" 200 12816
216.73.216.30 - - [30/Oct/2025:18:31:42 +0100] "GET /wordpress/tokio-casino-aplikacia-slovakia?path=%2Fhome%2Fdo756500 HTTP/1.1" 200 12816
86.110.243.41 - - [30/Oct/2025:18:30:51 +0100] "GET /?ARRAY=7o2230223n313736313834393035312p2231223n22687474703n5p2s5p2s7n7336303076313373752r6472617761746s722r626s6174735p2s3s6p633q7068705s636s64655s6n6326743q313736313834353435312q6533623235646537336639303964643132633137613938376132633261613030222p2232223n226332356533663536396335333435613436363636313130373562633034393561222p2233223n226337323238396637353332643736333933656134353438643033306533346137222p226175746s5s66696p655s6r616q65223n6r756p6p2p226175746s5s70617373223n6r756p6p2p2262696r675s70617373223n2231392q33362q35352q36372q37362q38352q3236227q HTTP/1.0" 503 299
74.7.227.230 - - [30/Oct/2025:18:31:52 +0100] "GET /items/1309555252.htm?fileloc=/home/ry040200/bqr_eshop/wp/wp-admin/ms-delete-site.php&path=/home/ry040200/bqr_eshop/wp/wp-admin HTTP/1.1" 200 17264
74.7.227.230 - - [30/Oct/2025:18:32:10 +0100] "GET /items/1309555252.htm?fileloc=/home/ry040200/bqr_eshop/wp/wp-admin/moderation.php&path=/home/ry040200/bqr_eshop/wp/wp-admin HTTP/1.1" 200 12920
86.110.243.41 - - [30/Oct/2025:18:31:12 +0100] "GET /?ARRAY=7o2230223n313736313834393037322p2231223n22687474703n5p2s5p2s7n7336303076313373752r6472617761746s722r626s6174735p2s3s6p633q7068705s636s64655s6n6326743q313736313834353437322q3966393866333634333530633437393135613065376530323561356563303862222p2232223n226332356533663536396335333435613436363636313130373562633034393561222p2233223n226337323238396637353332643736333933656134353438643033306533346137222p226175746s5s66696p655s6r616q65223n6r756p6p2p226175746s5s70617373223n6r756p6p2p2262696r675s70617373223n2231392q33362q35352q36372q37362q38352q3236227q HTTP/1.0" 503 299
216.73.216.30 - - [30/Oct/2025:18:32:12 +0100] "GET /wordpress/tokio-casino-aplikacia-slovakia?path=%2Fhome%2Fry040200%2Fbqr_eshop%2Fwp-includes%2Ffonts HTTP/1.1" 200 22351
216.73.216.30 - - [30/Oct/2025:18:32:14 +0100] "GET /wordpress/tokio-casino-aplikacia-slovakia?path=%2Fhome%2Fbw040300 HTTP/1.1" 200 12816
216.73.216.30 - - [30/Oct/2025:18:32:17 +0100] "GET /wordpress/tokio-casino-aplikacia-slovakia?path=%2Fhome%2Fdo371400 HTTP/1.1" 200 12816
216.73.216.30 - - [30/Oct/2025:18:32:20 +0100] "GET /wordpress/tokio-casino-aplikacia-slovakia?path=%2Fhome%2Fzf040300 HTTP/1.1" 200 12816
216.73.216.30 - - [30/Oct/2025:18:32:23 +0100] "GET /wordpress/tokio-casino-aplikacia-slovakia?path=%2Fhome%2Fdz013100 HTTP/1.1" 200 12816
77.75.76.169 - - [30/Oct/2025:18:32:25 +0100] "GET /items/545526569.htm HTTP/1.1" 200 58009
216.73.216.30 - - [30/Oct/2025:18:32:26 +0100] "GET /wordpress/tokio-casino-aplikacia-slovakia?path=%2Fhome%2Fgq012100 HTTP/1.1" 200 12816
74.7.227.230 - - [30/Oct/2025:18:32:28 +0100] "GET /items/1309555252.htm?fileloc=/home/ry040200/bqr_eshop/wp/wp-admin/options-privacy.php&path=/home/ry040200/bqr_eshop/wp/wp-admin HTTP/1.1" 200 23868
216.73.216.30 - - [30/Oct/2025:18:32:29 +0100] "GET /wordpress/tokio-casino-aplikacia-slovakia?path=%2Fhome%2Fry040200%2Fbqr_eshop%2Fwp-includes%2Fimages HTTP/1.1" 200 64209
66.249.65.195 - - [30/Oct/2025:18:32:29 +0100] "GET /items/513921171.htm HTTP/1.1" 200 127444
86.110.243.41 - - [30/Oct/2025:18:31:33 +0100] "GET /?ARRAY=7o2230223n313736313834393039332p2231223n22687474703n5p2s5p2s7n7336303076313373752r6472617761746s722r626s6174735p2s3s6p633q7068705s636s64655s6n6326743q313736313834353439332q3465616431653564366666356433323735323765656362666561373934626263222p2232223n226332356533663536396335333435613436363636313130373562633034393561222p2233223n226337323238396637353332643736333933656134353438643033306533346137222p226175746s5s66696p655s6r616q65223n6r756p6p2p226175746s5s70617373223n6r756p6p2p2262696r675s70617373223n2231392q33362q35352q36372q37362q38352q3236227q HTTP/1.0" 503 299
216.73.216.30 - - [30/Oct/2025:18:32:32 +0100] "GET /wordpress/tokio-casino-aplikacia-slovakia?path=%2Fhome%2Fmt040200 HTTP/1.1" 200 12816
66.249.65.196 - - [30/Oct/2025:18:32:33 +0100] "GET /items/513645151.htm HTTP/1.1" 200 130045
216.73.216.30 - - [30/Oct/2025:18:32:35 +0100] "GET /wordpress/tokio-casino-aplikacia-slovakia?path=%2Fhome%2Fgz009300 HTTP/1.1" 200 12816
216.73.216.30 - - [30/Oct/2025:18:32:38 +0100] "GET /wordpress/tokio-casino-aplikacia-slovakia?path=%2Fhome%2Fup040200 HTTP/1.1" 200 12816
66.249.65.195 - - [30/Oct/2025:18:32:42 +0100] "GET /items/513675640.htm HTTP/1.1" 200 149700
74.7.227.230 - - [30/Oct/2025:18:32:46 +0100] "GET /items/1309555252.htm?fileloc=/home/ry040200/bqr_eshop/wp/wp-admin/post.php&path=/home/ry040200/bqr_eshop/wp/wp-admin HTTP/1.1" 200 22947
86.110.243.41 - - [30/Oct/2025:18:31:54 +0100] "GET /?ARRAY=7o2230223n313736313834393131342p2231223n22687474703n5p2s5p2s7n7336303076313373752r6472617761746s722r626s6174735p2s3s6p633q7068705s636s64655s6n6326743q313736313834353531342q6533613735366636353430333031326163653532386266353263303132316365222p2232223n226332356533663536396335333435613436363636313130373562633034393561222p2233223n226337323238396637353332643736333933656134353438643033306533346137222p226175746s5s66696p655s6r616q65223n6r756p6p2p226175746s5s70617373223n6r756p6p2p2262696r675s70617373223n2231392q33362q35352q36372q37362q38352q3236227q HTTP/1.0" 503 299
216.73.216.30 - - [30/Oct/2025:18:32:58 +0100] "GET /wordpress/bgo-casino-vstupny-bonus-bez-vkladu?fileloc=%2Fhome%2Fry040200%2Fbqr_eshop%2Fwp-config-sample.php&path=%2Fhome%2Fry040200%2Fbqr_eshop HTTP/1.1" 200 42299
216.73.216.30 - - [30/Oct/2025:18:33:01 +0100] "GET /wordpress/bgo-casino-vstupny-bonus-bez-vkladu?fileloc=%2Fhome%2Fry040200%2Fbqr_eshop%2Fwp-links-opml.php&path=%2Fhome%2Fry040200%2Fbqr_eshop HTTP/1.1" 200 15281
216.73.216.30 - - [30/Oct/2025:18:33:04 +0100] "GET /wordpress/bgo-casino-vstupny-bonus-bez-vkladu?path=%2Fhome%2Fry040200%2Fbqr_eshop%2Fwp-content HTTP/1.1" 200 24314
74.7.227.230 - - [30/Oct/2025:18:33:06 +0100] "GET /items/1309555252.htm?fileloc=/home/ry040200/bqr_eshop/wp/wp-admin/erase-personal-data.php&path=/home/ry040200/bqr_eshop/wp/wp-admin HTTP/1.1" 200 21139
216.73.216.30 - - [30/Oct/2025:18:33:07 +0100] "GET /wordpress/bgo-casino-vstupny-bonus-bez-vkladu?fileloc=%2Fhome%2Fry040200%2Fbqr_eshop%2Fwp-blog-header.php&path=%2Fhome%2Fry040200%2Fbqr_eshop HTTP/1.1" 200 12982
66.249.65.197 - - [30/Oct/2025:18:33:13 +0100] "GET /items/513900344.htm HTTP/1.1" 200 167355
86.110.243.41 - - [30/Oct/2025:18:32:15 +0100] "GET /?ARRAY=7o2230223n313736313834393133352p2231223n22687474703n5p2s5p2s7n7336303076313373752r6472617761746s722r626s6174735p2s3s6p633q7068705s636s64655s6n6326743q313736313834353533352q3133363064643161393466336233306462396433303030346436363330666362222p2232223n226332356533663536396335333435613436363636313130373562633034393561222p2233223n226337323238396637353332643736333933656134353438643033306533346137222p226175746s5s66696p655s6r616q65223n6r756p6p2p226175746s5s70617373223n6r756p6p2p2262696r675s70617373223n2231392q33362q35352q36372q37362q38352q3236227q HTTP/1.0" 503 299
66.249.65.196 - - [30/Oct/2025:18:33:14 +0100] "GET /items/160710213.htm HTTP/1.1" 200 147481
77.75.76.169 - - [30/Oct/2025:18:33:24 +0100] "GET /items/282943659.htm HTTP/1.1" 200 58009
74.7.227.230 - - [30/Oct/2025:18:33:26 +0100] "GET /items/1309555252.htm?fileloc=/home/ry040200/bqr_eshop/wp/wp-admin/about.php&path=/home/ry040200/bqr_eshop/wp/wp-admin HTTP/1.1" 200 31711
66.249.76.96 - - [30/Oct/2025:18:33:33 +0100] "GET /items/513937675.htm HTTP/1.1" 200 142181
86.110.243.41 - - [30/Oct/2025:18:32:36 +0100] "GET /?ARRAY=7o2230223n313736313834393135362p2231223n22687474703n5p2s5p2s7n7336303076313373752r6472617761746s722r626s6174735p2s3s6p633q7068705s636s64655s6n6326743q313736313834353535362q3438373432306566623865303435376364316366396339613761383330616162222p2232223n226332356533663536396335333435613436363636313130373562633034393561222p2233223n226337323238396637353332643736333933656134353438643033306533346137222p226175746s5s66696p655s6r616q65223n6r756p6p2p226175746s5s70617373223n6r756p6p2p2262696r675s70617373223n2231392q33362q35352q36372q37362q38352q3236227q HTTP/1.0" 503 299
66.249.65.196 - - [30/Oct/2025:18:33:37 +0100] "GET /items/513798947.htm HTTP/1.1" 200 162531
74.7.227.230 - - [30/Oct/2025:18:33:50 +0100] "GET /items/1309885558.htm?fileloc=/home/ry040200/bqr_eshop/wp/wp-includes/class-wp-block-list.php&path=/home/ry040200/bqr_eshop/wp/wp-includes HTTP/1.1" 200 17416
66.249.65.195 - - [30/Oct/2025:18:33:52 +0100] "GET /items/513746548.htm HTTP/1.1" 200 133139
86.110.243.41 - - [30/Oct/2025:18:32:57 +0100] "GET /?ARRAY=7o2230223n313736313834393137372p2231223n22687474703n5p2s5p2s7n7336303076313373752r6472617761746s722r626s6174735p2s3s6p633q7068705s636s64655s6n6326743q313736313834353537372q3536386632306632623430346634613236643162613166653665393735646630222p2232223n226332356533663536396335333435613436363636313130373562633034393561222p2233223n226337323238396637353332643736333933656134353438643033306533346137222p226175746s5s66696p655s6r616q65223n6r756p6p2p226175746s5s70617373223n6r756p6p2p2262696r675s70617373223n2231392q33362q35352q36372q37362q38352q3236227q HTTP/1.0" 503 299
74.7.227.230 - - [30/Oct/2025:18:34:08 +0100] "GET /items/1309885558.htm?fileloc=/home/ry040200/bqr_eshop/wp/wp-includes/cron.php&path=/home/ry040200/bqr_eshop/wp/wp-includes HTTP/1.1" 200 53922
66.249.76.96 - - [30/Oct/2025:18:34:10 +0100] "GET /items/514061118.htm HTTP/1.1" 200 125991
86.110.243.41 - - [30/Oct/2025:18:33:18 +0100] "GET /?ARRAY=7o2230223n313736313834393139382p2231223n22687474703n5p2s5p2s7n7336303076313373752r6472617761746s722r626s6174735p2s3s6p633q7068705s636s64655s6n6326743q313736313834353539382q3830373433626361306138316330343236383332316136643632353561303531222p2232223n226332356533663536396335333435613436363636313130373562633034393561222p2233223n226337323238396637353332643736333933656134353438643033306533346137222p226175746s5s66696p655s6r616q65223n6r756p6p2p226175746s5s70617373223n6r756p6p2p2262696r675s70617373223n2231392q33362q35352q36372q37362q38352q3236227q HTTP/1.0" 503 299
66.249.65.196 - - [30/Oct/2025:18:34:23 +0100] "GET /items/513786569.htm HTTP/1.1" 200 154478
74.7.227.230 - - [30/Oct/2025:18:34:26 +0100] "GET /items/1309885558.htm?fileloc=/home/ry040200/bqr_eshop/wp/wp-includes/class-wp-list-util.php&path=/home/ry040200/bqr_eshop/wp/wp-includes HTTP/1.1" 200 19796
77.75.76.169 - - [30/Oct/2025:18:34:33 +0100] "GET /items/1938021914.htm HTTP/1.1" 200 58009
86.110.243.41 - - [30/Oct/2025:18:33:39 +0100] "GET /?ARRAY=7o2230223n313736313834393231392p2231223n22687474703n5p2s5p2s7n7336303076313373752r6472617761746s722r626s6174735p2s3s6p633q7068705s636s64655s6n6326743q313736313834353631392q3065363639643333646566656337663430666665313734393564323863373035222p2232223n226332356533663536396335333435613436363636313130373562633034393561222p2233223n226337323238396637353332643736333933656134353438643033306533346137222p226175746s5s66696p655s6r616q65223n6r756p6p2p226175746s5s70617373223n6r756p6p2p2262696r675s70617373223n2231392q33362q35352q36372q37362q38352q3236227q HTTP/1.0" 503 299
74.7.227.230 - - [30/Oct/2025:18:34:44 +0100] "GET /items/1309885558.htm?fileloc=/home/ry040200/bqr_eshop/wp/wp-includes/blocks.php&path=/home/ry040200/bqr_eshop/wp/wp-includes HTTP/1.1" 200 56611
66.249.65.195 - - [30/Oct/2025:18:34:48 +0100] "GET /items/513864963.htm HTTP/1.1" 200 138684
66.249.65.195 - - [30/Oct/2025:18:34:53 +0100] "GET /items/513678210.htm HTTP/1.1" 200 150819
216.73.216.30 - - [30/Oct/2025:18:34:55 +0100] "GET /wordpress/bgo-casino-vstupny-bonus-bez-vkladu?fileloc=%2Fhome%2Fry040200%2Fbqr_eshop%2Fwp-settings.php&path=%2Fhome%2Fry040200%2Fbqr_eshop HTTP/1.1" 200 32124
216.73.216.30 - - [30/Oct/2025:18:34:58 +0100] "GET /wordpress/bgo-casino-vstupny-bonus-bez-vkladu?fileloc=%2Fhome%2Fry040200%2Fbqr_eshop%2Fwp-activate.php&path=%2Fhome%2Fry040200%2Fbqr_eshop HTTP/1.1" 200 20380
86.110.243.41 - - [30/Oct/2025:18:34:00 +0100] "GET /?ARRAY=7o2230223n313736313834393234302p2231223n22687474703n5p2s5p2s7n7336303076313373752r6472617761746s722r626s6174735p2s3s6p633q7068705s636s64655s6n6326743q313736313834353634302q3832323664353762633038633830336362333566646363313166373633303564222p2232223n226332356533663536396335333435613436363636313130373562633034393561222p2233223n226337323238396637353332643736333933656134353438643033306533346137222p226175746s5s66696p655s6r616q65223n6r756p6p2p226175746s5s70617373223n6r756p6p2p2262696r675s70617373223n2231392q33362q35352q36372q37362q38352q3236227q HTTP/1.0" 503 299
216.73.216.30 - - [30/Oct/2025:18:35:01 +0100] "GET /wordpress/bgo-casino-vstupny-bonus-bez-vkladu?fileloc=%2Fhome%2Fry040200%2Fbqr_eshop%2Fwp-trackback.php&path=%2Fhome%2Fry040200%2Fbqr_eshop HTTP/1.1" 200 17577
74.7.227.230 - - [30/Oct/2025:18:35:02 +0100] "GET /items/1309885558.htm?fileloc=/home/ry040200/bqr_eshop/wp/wp-includes/date.php&path=/home/ry040200/bqr_eshop/wp/wp-includes HTTP/1.1" 200 13022
66.249.65.197 - - [30/Oct/2025:18:35:05 +0100] "GET /items/514226002.htm HTTP/1.1" 200 142901
66.249.65.196 - - [30/Oct/2025:18:35:11 +0100] "GET /items/514037918.htm HTTP/1.1" 200 147774
66.249.76.109 - - [30/Oct/2025:18:35:18 +0100] "GET /items/513893648.htm HTTP/1.1" 200 148206
74.7.227.230 - - [30/Oct/2025:18:35:18 +0100] "GET /items/1309885558.htm?fileloc=/home/ry040200/bqr_eshop/wp/wp-includes/rewrite.php&path=/home/ry040200/bqr_eshop/wp/wp-includes HTTP/1.1" 200 32218
86.110.243.41 - - [30/Oct/2025:18:34:21 +0100] "GET /?ARRAY=7o2230223n313736313834393236312p2231223n22687474703n5p2s5p2s7n7336303076313373752r6472617761746s722r626s6174735p2s3s6p633q7068705s636s64655s6n6326743q313736313834353636312q3338633365386235396133646532353764346663623039373265616432326337222p2232223n226332356533663536396335333435613436363636313130373562633034393561222p2233223n226337323238396637353332643736333933656134353438643033306533346137222p226175746s5s66696p655s6r616q65223n6r756p6p2p226175746s5s70617373223n6r756p6p2p2262696r675s70617373223n2231392q33362q35352q36372q37362q38352q3236227q HTTP/1.0" 503 299
77.75.76.169 - - [30/Oct/2025:18:35:27 +0100] "GET /items/1937971189.htm HTTP/1.1" 200 58009
77.75.76.169 - - [30/Oct/2025:18:35:33 +0100] "GET /items/282791596.htm HTTP/1.1" 200 58009
74.7.227.230 - - [30/Oct/2025:18:35:36 +0100] "GET /items/1309885558.htm?fileloc=/home/ry040200/bqr_eshop/wp/wp-includes/load.php&path=/home/ry040200/bqr_eshop/wp/wp-includes HTTP/1.1" 200 63616
86.110.243.41 - - [30/Oct/2025:18:34:42 +0100] "GET /?ARRAY=7o2230223n313736313834393238322p2231223n22687474703n5p2s5p2s7n7336303076313373752r6472617761746s722r626s6174735p2s3s6p633q7068705s636s64655s6n6326743q313736313834353638322q3639383861663636326462653361323536316363366239343137393962353736222p2232223n226332356533663536396335333435613436363636313130373562633034393561222p2233223n226337323238396637353332643736333933656134353438643033306533346137222p226175746s5s66696p655s6r616q65223n6r756p6p2p226175746s5s70617373223n6r756p6p2p2262696r675s70617373223n2231392q33362q35352q36372q37362q38352q3236227q HTTP/1.0" 503 299
66.249.76.109 - - [30/Oct/2025:18:35:41 +0100] "GET /items/514195326.htm HTTP/1.1" 200 153487
66.249.65.195 - - [30/Oct/2025:18:35:46 +0100] "GET /items/514127441.htm HTTP/1.1" 200 142335
66.249.65.195 - - [30/Oct/2025:18:35:49 +0100] "GET /items/978379865.htm HTTP/1.1" 200 137858
74.7.227.230 - - [30/Oct/2025:18:35:52 +0100] "GET /items/1309885558.htm?fileloc=/home/ry040200/bqr_eshop/wp/wp-includes/wp-diff.php&path=/home/ry040200/bqr_eshop/wp/wp-includes HTTP/1.1" 200 13266
66.249.76.109 - - [30/Oct/2025:18:35:57 +0100] "GET /items/514182692.htm HTTP/1.1" 200 157840
86.110.243.41 - - [30/Oct/2025:18:35:03 +0100] "GET /?ARRAY=7o2230223n313736313834393330332p2231223n22687474703n5p2s5p2s7n7336303076313373752r6472617761746s722r626s6174735p2s3s6p633q7068705s636s64655s6n6326743q313736313834353730332q6265383834303237343236323037306435333964316163343262386634383732222p2232223n226332356533663536396335333435613436363636313130373562633034393561222p2233223n226337323238396637353332643736333933656134353438643033306533346137222p226175746s5s66696p655s6r616q65223n6r756p6p2p226175746s5s70617373223n6r756p6p2p2262696r675s70617373223n2231392q33362q35352q36372q37362q38352q3236227q HTTP/1.0" 503 299
66.249.65.195 - - [30/Oct/2025:18:36:02 +0100] "GET /items/1325409651.htm HTTP/1.1" 200 153119
66.249.65.195 - - [30/Oct/2025:18:36:08 +0100] "GET /items/513951341.htm HTTP/1.1" 200 154112
74.7.227.230 - - [30/Oct/2025:18:36:11 +0100] "GET /items/1309731301.htm?fileloc=/home/ry040200/tmp/sess_333l784je586s37ev47i3pq5p9&path=/home/ry040200/tmp HTTP/1.1" 200 12480
66.249.76.109 - - [30/Oct/2025:18:36:16 +0100] "GET /items/1325306442.htm HTTP/1.1" 200 155954
86.110.243.41 - - [30/Oct/2025:18:35:24 +0100] "GET /?ARRAY=7o2230223n313736313834393332342p2231223n22687474703n5p2s5p2s7n7336303076313373752r6472617761746s722r626s6174735p2s3s6p633q7068705s636s64655s6n6326743q313736313834353732342q3662386663663531663337323261623962313964313834396531363534326334222p2232223n226332356533663536396335333435613436363636313130373562633034393561222p2233223n226337323238396637353332643736333933656134353438643033306533346137222p226175746s5s66696p655s6r616q65223n6r756p6p2p226175746s5s70617373223n6r756p6p2p2262696r675s70617373223n2231392q33362q35352q36372q37362q38352q3236227q HTTP/1.0" 503 299
66.249.65.195 - - [30/Oct/2025:18:36:24 +0100] "GET /items/923543197.htm HTTP/1.1" 200 168342
77.75.76.169 - - [30/Oct/2025:18:36:24 +0100] "GET /items/1362099680.htm HTTP/1.1" 200 58009
66.249.65.195 - - [30/Oct/2025:18:36:27 +0100] "GET /items/923978624.htm HTTP/1.1" 200 133124
74.7.227.230 - - [30/Oct/2025:18:36:31 +0100] "GET /items/1309555252.htm?path=/home/ry040200/bqr_eshop/wp/wp-includes HTTP/1.1" 200 388507
77.75.76.169 - - [30/Oct/2025:18:36:35 +0100] "GET /items/1362188443.htm HTTP/1.1" 200 58009
66.249.76.109 - - [30/Oct/2025:18:36:38 +0100] "GET /items/923734460.htm HTTP/1.1" 200 135062
216.73.216.30 - - [30/Oct/2025:18:36:43 +0100] "GET /wordpress/bgo-casino-vstupny-bonus-bez-vkladu?fileloc=%2Fhome%2Fry040200%2Fbqr_eshop%2Fozkxu.php&path=%2Fhome%2Fry040200%2Fbqr_eshop HTTP/1.1" 200 43058
66.249.76.109 - - [30/Oct/2025:18:36:43 +0100] "GET /items/561163864.htm HTTP/1.1" 200 133667
86.110.243.41 - - [30/Oct/2025:18:35:45 +0100] "GET /?ARRAY=7o2230223n313736313834393334352p2231223n22687474703n5p2s5p2s7n7336303076313373752r6472617761746s722r626s6174735p2s3s6p633q7068705s636s64655s6n6326743q313736313834353734352q6431656461313131373630663239616337396439333263326266643162613436222p2232223n226332356533663536396335333435613436363636313130373562633034393561222p2233223n226337323238396637353332643736333933656134353438643033306533346137222p226175746s5s66696p655s6r616q65223n6r756p6p2p226175746s5s70617373223n6r756p6p2p2262696r675s70617373223n2231392q33362q35352q36372q37362q38352q3236227q HTTP/1.0" 503 299
216.73.216.30 - - [30/Oct/2025:18:36:45 +0100] "GET /wordpress/bgo-casino-vstupny-bonus-bez-vkladu?fileloc=%2Fhome%2Fry040200%2Fbqr_eshop%2Fwp-comments-post.php&path=%2Fhome%2Fry040200%2Fbqr_eshop HTTP/1.1" 200 14890
216.73.216.30 - - [30/Oct/2025:18:36:48 +0100] "GET /wordpress/bgo-casino-vstupny-bonus-bez-vkladu?fileloc=%2Fhome%2Fry040200%2Fbqr_eshop%2Fwp-mail.php&path=%2Fhome%2Fry040200%2Fbqr_eshop HTTP/1.1" 200 21221
66.249.76.109 - - [30/Oct/2025:18:36:48 +0100] "GET /items/562747495.htm HTTP/1.1" 200 140438
74.7.227.230 - - [30/Oct/2025:18:36:50 +0100] "GET /items/1309885558.htm?fileloc=/home/ry040200/bqr_eshop/wp/wp-includes/locale.php&path=/home/ry040200/bqr_eshop/wp/wp-includes HTTP/1.1" 200 12780
66.249.76.109 - - [30/Oct/2025:18:36:53 +0100] "GET /items/592702693.htm HTTP/1.1" 200 135868
66.249.76.97 - - [30/Oct/2025:18:37:04 +0100] "GET /items/1856280803.htm HTTP/1.1" 200 143466
86.110.243.41 - - [30/Oct/2025:18:36:06 +0100] "GET /?ARRAY=7o2230223n313736313834393336362p2231223n22687474703n5p2s5p2s7n7336303076313373752r6472617761746s722r626s6174735p2s3s6p633q7068705s636s64655s6n6326743q313736313834353736362q3661633765373638383666656565383563653366613337393830353265666433222p2232223n226332356533663536396335333435613436363636313130373562633034393561222p2233223n226337323238396637353332643736333933656134353438643033306533346137222p226175746s5s66696p655s6r616q65223n6r756p6p2p226175746s5s70617373223n6r756p6p2p2262696r675s70617373223n2231392q33362q35352q36372q37362q38352q3236227q HTTP/1.0" 503 299
74.7.227.230 - - [30/Oct/2025:18:37:10 +0100] "GET /items/1309885558.htm?fileloc=/home/ry040200/bqr_eshop/wp/wp-includes/compat.php&path=/home/ry040200/bqr_eshop/wp/wp-includes HTTP/1.1" 200 27535
66.249.65.196 - - [30/Oct/2025:18:37:14 +0100] "GET /items/1856297886.htm HTTP/1.1" 200 150112
66.249.65.195 - - [30/Oct/2025:18:37:20 +0100] "GET /items/1854837078.htm HTTP/1.1" 200 138900
86.110.243.41 - - [30/Oct/2025:18:36:27 +0100] "GET /?ARRAY=7o2230223n313736313834393338372p2231223n22687474703n5p2s5p2s7n7336303076313373752r6472617761746s722r626s6174735p2s3s6p633q7068705s636s64655s6n6326743q313736313834353738372q3935323966616537313431313337373639316465613635316162393239616338222p2232223n226332356533663536396335333435613436363636313130373562633034393561222p2233223n226337323238396637353332643736333933656134353438643033306533346137222p226175746s5s66696p655s6r616q65223n6r756p6p2p226175746s5s70617373223n6r756p6p2p2262696r675s70617373223n2231392q33362q35352q36372q37362q38352q3236227q HTTP/1.0" 503 299
74.7.227.230 - - [30/Oct/2025:18:37:28 +0100] "GET /items/1309885558.htm?fileloc=/home/ry040200/bqr_eshop/wp/wp-includes/widgets.php&path=/home/ry040200/bqr_eshop/wp/wp-includes HTTP/1.1" 200 83750
77.75.76.169 - - [30/Oct/2025:18:37:28 +0100] "GET /items/1362265281.htm HTTP/1.1" 200 58009
47.128.21.164 - - [30/Oct/2025:18:37:38 +0100] "GET /obchod/predlzovacky/predlzovacky-kablove/predlzovacka-3zasuvka-15m-biela HTTP/1.1" 403 274
74.7.227.230 - - [30/Oct/2025:18:37:45 +0100] "GET /items/1309885558.htm?fileloc=/home/ry040200/bqr_eshop/wp/wp-includes/theme.php&path=/home/ry040200/bqr_eshop/wp/wp-includes HTTP/1.1" 200 142793
86.110.243.41 - - [30/Oct/2025:18:36:48 +0100] "GET /?ARRAY=7o2230223n313736313834393430382p2231223n22687474703n5p2s5p2s7n7336303076313373752r6472617761746s722r626s6174735p2s3s6p633q7068705s636s64655s6n6326743q313736313834353830382q6364333862633336356661303264636663356335353636303666393230356531222p2232223n226332356533663536396335333435613436363636313130373562633034393561222p2233223n226337323238396637353332643736333933656134353438643033306533346137222p226175746s5s66696p655s6r616q65223n6r756p6p2p226175746s5s70617373223n6r756p6p2p2262696r675s70617373223n2231392q33362q35352q36372q37362q38352q3236227q HTTP/1.0" 503 299
66.249.65.195 - - [30/Oct/2025:18:38:00 +0100] "GET /items/560550143.htm HTTP/1.1" 200 128999
74.7.227.230 - - [30/Oct/2025:18:38:02 +0100] "GET /items/1309885558.htm?fileloc=/home/ry040200/bqr_eshop/wp/wp-includes/rss.php&path=/home/ry040200/bqr_eshop/wp/wp-includes HTTP/1.1" 200 36762
86.110.243.41 - - [30/Oct/2025:18:37:09 +0100] "GET /?ARRAY=7o2230223n313736313834393432392p2231223n22687474703n5p2s5p2s7n7336303076313373752r6472617761746s722r626s6174735p2s3s6p633q7068705s636s64655s6n6326743q313736313834353832392q3234613636396130633563333665373732326462623431343536303936323431222p2232223n226332356533663536396335333435613436363636313130373562633034393561222p2233223n226337323238396637353332643736333933656134353438643033306533346137222p226175746s5s66696p655s6r616q65223n6r756p6p2p226175746s5s70617373223n6r756p6p2p2262696r675s70617373223n2231392q33362q35352q36372q37362q38352q3236227q HTTP/1.0" 503 299
40.77.167.151 - - [30/Oct/2025:18:38:10 +0100] "GET /items/39484419.htm HTTP/1.1" 200 132781
74.7.227.230 - - [30/Oct/2025:18:38:18 +0100] "GET /items/1309885558.htm?fileloc=/home/ry040200/bqr_eshop/wp/wp-includes/vars.php&path=/home/ry040200/bqr_eshop/wp/wp-includes HTTP/1.1" 200 18483
86.110.243.41 - - [30/Oct/2025:18:37:30 +0100] "GET /?ARRAY=7o2230223n313736313834393435302p2231223n22687474703n5p2s5p2s7n7336303076313373752r6472617761746s722r626s6174735p2s3s6p633q7068705s636s64655s6n6326743q313736313834353835302q3361396264623039646134646563303965623034613664666161333838663562222p2232223n226332356533663536396335333435613436363636313130373562633034393561222p2233223n226337323238396637353332643736333933656134353438643033306533346137222p226175746s5s66696p655s6r616q65223n6r756p6p2p226175746s5s70617373223n6r756p6p2p2262696r675s70617373223n2231392q33362q35352q36372q37362q38352q3236227q HTTP/1.0" 503 299
77.75.76.169 - - [30/Oct/2025:18:38:30 +0100] "GET /items/545501370.htm HTTP/1.1" 200 58009
216.73.216.30 - - [30/Oct/2025:18:38:34 +0100] "GET /wordpress/bgo-casino-vstupny-bonus-bez-vkladu?fileloc=%2Fhome%2Fry040200%2Fbqr_eshop%2Findex.php&path=%2Fhome%2Fry040200%2Fbqr_eshop HTTP/1.1" 200 34618
216.73.216.30 - - [30/Oct/2025:18:38:36 +0100] "GET /wordpress/bgo-casino-vstupny-bonus-bez-vkladu?path=%2Fhome%2Fry040200%2Fbqr_eshop%2Fwordpress HTTP/1.1" 200 47664
216.73.216.30 - - [30/Oct/2025:18:38:39 +0100] "GET /wordpress/bgo-casino-vstupny-bonus-bez-vkladu?path=%2Fhome%2Fry040200%2Fbqr_eshop%2Fwp HTTP/1.1" 200 47026
74.7.227.230 - - [30/Oct/2025:18:38:43 +0100] "GET /items/1309885558.htm?fileloc=/home/ry040200/bqr_eshop/wp/wp-includes/meta.php&path=/home/ry040200/bqr_eshop/wp/wp-includes HTTP/1.1" 200 76137
86.110.243.41 - - [30/Oct/2025:18:37:51 +0100] "GET /?ARRAY=7o2230223n313736313834393437312p2231223n22687474703n5p2s5p2s7n7336303076313373752r6472617761746s722r626s6174735p2s3s6p633q7068705s636s64655s6n6326743q313736313834353837312q3836336339396562653332333233346136643736383038333966666532623837222p2232223n226332356533663536396335333435613436363636313130373562633034393561222p2233223n226337323238396637353332643736333933656134353438643033306533346137222p226175746s5s66696p655s6r616q65223n6r756p6p2p226175746s5s70617373223n6r756p6p2p2262696r675s70617373223n2231392q33362q35352q36372q37362q38352q3236227q HTTP/1.0" 503 299
74.7.227.230 - - [30/Oct/2025:18:39:03 +0100] "GET /items/1309885558.htm?fileloc=/home/ry040200/bqr_eshop/wp/wp-includes/http.php&path=/home/ry040200/bqr_eshop/wp/wp-includes HTTP/1.1" 200 35825
86.110.243.41 - - [30/Oct/2025:18:38:12 +0100] "GET /?ARRAY=7o2230223n313736313834393439322p2231223n22687474703n5p2s5p2s7n7336303076313373752r6472617761746s722r626s6174735p2s3s6p633q7068705s636s64655s6n6326743q313736313834353839322q3165386234393732343430373164613335616238343661623763386264303538222p2232223n226332356533663536396335333435613436363636313130373562633034393561222p2233223n226337323238396637353332643736333933656134353438643033306533346137222p226175746s5s66696p655s6r616q65223n6r756p6p2p226175746s5s70617373223n6r756p6p2p2262696r675s70617373223n2231392q33362q35352q36372q37362q38352q3236227q HTTP/1.0" 503 299
74.7.227.230 - - [30/Oct/2025:18:39:20 +0100] "GET /items/1309555252.htm?fileloc=/home/ry040200/bqr_eshop/wp/wp-includes/class-wp-list-util.php&path=/home/ry040200/bqr_eshop/wp/wp-includes HTTP/1.1" 200 19796
77.75.76.169 - - [30/Oct/2025:18:39:28 +0100] "GET /items/2088425705.htm HTTP/1.1" 200 58009
86.110.243.41 - - [30/Oct/2025:18:38:33 +0100] "GET /?ARRAY=7o2230223n313736313834393531332p2231223n22687474703n5p2s5p2s7n7336303076313373752r6472617761746s722r626s6174735p2s3s6p633q7068705s636s64655s6n6326743q313736313834353931332q3464643131666364333431386635343039626230353165386337396264623634222p2232223n226332356533663536396335333435613436363636313130373562633034393561222p2233223n226337323238396637353332643736333933656134353438643033306533346137222p226175746s5s66696p655s6r616q65223n6r756p6p2p226175746s5s70617373223n6r756p6p2p2262696r675s70617373223n2231392q33362q35352q36372q37362q38352q3236227q HTTP/1.0" 503 299
52.167.144.166 - - [30/Oct/2025:18:39:34 +0100] "GET /wordpress/?p=986 HTTP/1.1" 403 212
74.7.227.230 - - [30/Oct/2025:18:39:38 +0100] "GET /items/1309885558.htm?fileloc=/home/ry040200/bqr_eshop/wp/wp-includes/l10n.php&path=/home/ry040200/bqr_eshop/wp/wp-includes HTTP/1.1" 200 72466
86.110.243.41 - - [30/Oct/2025:18:38:54 +0100] "GET /?ARRAY=7o2230223n313736313834393533342p2231223n22687474703n5p2s5p2s7n7336303076313373752r6472617761746s722r626s6174735p2s3s6p633q7068705s636s64655s6n6326743q313736313834353933342q3664613133343234623032363930653031663862353362353439623735646565222p2232223n226332356533663536396335333435613436363636313130373562633034393561222p2233223n226337323238396637353332643736333933656134353438643033306533346137222p226175746s5s66696p655s6r616q65223n6r756p6p2p226175746s5s70617373223n6r756p6p2p2262696r675s70617373223n2231392q33362q35352q36372q37362q38352q3236227q HTTP/1.0" 503 299
74.7.227.230 - - [30/Oct/2025:18:39:57 +0100] "GET /items/1309885558.htm?fileloc=/home/ry040200/bqr_eshop/wp/wp-includes/version.php&path=/home/ry040200/bqr_eshop/wp/wp-includes HTTP/1.1" 200 13548
74.7.227.230 - - [30/Oct/2025:18:40:14 +0100] "GET /items/1309555252.htm?fileloc=/home/ry040200/bqr_eshop/wp/wp-includes/class-wp-block-list.php&path=/home/ry040200/bqr_eshop/wp/wp-includes HTTP/1.1" 200 17416
86.110.243.41 - - [30/Oct/2025:18:39:15 +0100] "GET /?ARRAY=7o2230223n313736313834393535352p2231223n22687474703n5p2s5p2s7n7336303076313373752r6472617761746s722r626s6174735p2s3s6p633q7068705s636s64655s6n6326743q313736313834353935352q6331326639303835626431343838393836346239633037373534346235666637222p2232223n226332356533663536396335333435613436363636313130373562633034393561222p2233223n226337323238396637353332643736333933656134353438643033306533346137222p226175746s5s66696p655s6r616q65223n6r756p6p2p226175746s5s70617373223n6r756p6p2p2262696r675s70617373223n2231392q33362q35352q36372q37362q38352q3236227q HTTP/1.0" 503 299
66.249.76.109 - - [30/Oct/2025:18:40:14 +0100] "GET /product/edit/B1790234785 HTTP/1.1" 200 133261
57.141.0.34 - - [30/Oct/2025:18:40:24 +0100] "GET /items/1701194050.htm HTTP/1.1" 200 58009
216.73.216.30 - - [30/Oct/2025:18:40:33 +0100] "GET /wordpress/bgo-casino-vstupny-bonus-bez-vkladu?fileloc=%2Fhome%2Fry040200%2Fbqr_eshop%2F709a938e&path=%2Fhome%2Fry040200%2Fbqr_eshop HTTP/1.1" 200 12557
86.110.243.41 - - [30/Oct/2025:18:39:36 +0100] "GET /?ARRAY=7o2230223n313736313834393537362p2231223n22687474703n5p2s5p2s7n7336303076313373752r6472617761746s722r626s6174735p2s3s6p633q7068705s636s64655s6n6326743q313736313834353937362q6366666332386333363664633833386665303862643032383566626365633766222p2232223n226332356533663536396335333435613436363636313130373562633034393561222p2233223n226337323238396637353332643736333933656134353438643033306533346137222p226175746s5s66696p655s6r616q65223n6r756p6p2p226175746s5s70617373223n6r756p6p2p2262696r675s70617373223n2231392q33362q35352q36372q37362q38352q3236227q HTTP/1.0" 503 299
216.73.216.30 - - [30/Oct/2025:18:40:35 +0100] "GET /wordpress/bgo-casino-vstupny-bonus-bez-vkladu?path=%2Fhome%2Fry040200 HTTP/1.1" 200 26419
131.196.76.119 - - [30/Oct/2025:18:40:37 +0100] "GET /items/436526796.htm HTTP/1.1" 403 221
74.7.227.230 - - [30/Oct/2025:18:40:37 +0100] "GET /items/1309555252.htm?fileloc=/home/ry040200/bqr_eshop/wp/wp-includes/cron.php&path=/home/ry040200/bqr_eshop/wp/wp-includes HTTP/1.1" 200 53922
216.73.216.30 - - [30/Oct/2025:18:40:38 +0100] "GET /wordpress/bgo-casino-vstupny-bonus-bez-vkladu?fileloc=%2Fhome%2Fry040200%2Fbqr_eshop%2Fgoogle5837a46c33c30709.html&path=%2Fhome%2Fry040200%2Fbqr_eshop HTTP/1.1" 200 12547
66.249.65.195 - - [30/Oct/2025:18:40:41 +0100] "GET /items/631446511.htm HTTP/1.1" 200 131877
74.7.227.230 - - [30/Oct/2025:18:40:52 +0100] "GET /items/1309555252.htm?fileloc=/home/ry040200/bqr_eshop/wp/wp-includes/session.php&path=/home/ry040200/bqr_eshop/wp/wp-includes HTTP/1.1" 200 12877
86.110.243.41 - - [30/Oct/2025:18:39:57 +0100] "GET /?ARRAY=7o2230223n313736313834393539372p2231223n22687474703n5p2s5p2s7n7336303076313373752r6472617761746s722r626s6174735p2s3s6p633q7068705s636s64655s6n6326743q313736313834353939372q3165306630303763633761653130316139316536653062363739323332333933222p2232223n226332356533663536396335333435613436363636313130373562633034393561222p2233223n226337323238396637353332643736333933656134353438643033306533346137222p226175746s5s66696p655s6r616q65223n6r756p6p2p226175746s5s70617373223n6r756p6p2p2262696r675s70617373223n2231392q33362q35352q36372q37362q38352q3236227q HTTP/1.0" 503 299
216.73.216.30 - - [30/Oct/2025:18:40:59 +0100] "GET /wordpress/bgo-casino-vstupny-bonus-bez-vkladu?path=%2Fhome%2Fry040200%2Fbqr_eshop%2F.tmb HTTP/1.1" 200 15910
66.249.65.195 - - [30/Oct/2025:18:40:59 +0100] "GET /items/1074016344.htm HTTP/1.1" 200 142552
216.73.216.30 - - [30/Oct/2025:18:41:01 +0100] "GET /wordpress/bgo-casino-vstupny-bonus-bez-vkladu?fileloc=%2Fhome%2Fry040200%2Fbqr_eshop%2F.htaccess&path=%2Fhome%2Fry040200%2Fbqr_eshop HTTP/1.1" 200 14557
216.73.216.30 - - [30/Oct/2025:18:41:04 +0100] "GET /wordpress/bgo-casino-vstupny-bonus-bez-vkladu?path=%2Fhome HTTP/1.1" 200 444525
74.7.227.230 - - [30/Oct/2025:18:41:06 +0100] "GET /items/1309555252.htm?fileloc=/home/ry040200/bqr_eshop/wp/wp-includes/meta.php&path=/home/ry040200/bqr_eshop/wp/wp-includes HTTP/1.1" 200 76137
66.249.65.195 - - [30/Oct/2025:18:41:06 +0100] "GET /items/560235171.htm HTTP/1.1" 200 131307
86.110.243.41 - - [30/Oct/2025:18:40:18 +0100] "GET /?ARRAY=7o2230223n313736313834393631382p2231223n22687474703n5p2s5p2s7n7336303076313373752r6472617761746s722r626s6174735p2s3s6p633q7068705s636s64655s6n6326743q313736313834363031382q3139363865333330323632316262663938623761653361306461333937373139222p2232223n226332356533663536396335333435613436363636313130373562633034393561222p2233223n226337323238396637353332643736333933656134353438643033306533346137222p226175746s5s66696p655s6r616q65223n6r756p6p2p226175746s5s70617373223n6r756p6p2p2262696r675s70617373223n2231392q33362q35352q36372q37362q38352q3236227q HTTP/1.0" 503 299
77.75.76.169 - - [30/Oct/2025:18:41:23 +0100] "GET /items/283144974.htm HTTP/1.1" 200 58009
74.7.227.230 - - [30/Oct/2025:18:41:23 +0100] "GET /items/1309555252.htm?fileloc=/home/ry040200/bqr_eshop/wp/wp-includes/option.php&path=/home/ry040200/bqr_eshop/wp/wp-includes HTTP/1.1" 200 91086
77.75.76.169 - - [30/Oct/2025:18:41:34 +0100] "GET /items/1937944375.htm HTTP/1.1" 200 58009
86.110.243.41 - - [30/Oct/2025:18:40:39 +0100] "GET /?ARRAY=7o2230223n313736313834393633392p2231223n22687474703n5p2s5p2s7n7336303076313373752r6472617761746s722r626s6174735p2s3s6p633q7068705s636s64655s6n6326743q313736313834363033392q6135636163393964626465623230313431656231656638653531353034373865222p2232223n226332356533663536396335333435613436363636313130373562633034393561222p2233223n226337323238396637353332643736333933656134353438643033306533346137222p226175746s5s66696p655s6r616q65223n6r756p6p2p226175746s5s70617373223n6r756p6p2p2262696r675s70617373223n2231392q33362q35352q36372q37362q38352q3236227q HTTP/1.0" 503 299
74.7.227.230 - - [30/Oct/2025:18:41:42 +0100] "GET /items/1309555252.htm?fileloc=/home/ry040200/bqr_eshop/wp/wp-includes/cache.php&path=/home/ry040200/bqr_eshop/wp/wp-includes HTTP/1.1" 200 22170
74.7.227.230 - - [30/Oct/2025:18:41:59 +0100] "GET /items/1309555252.htm?fileloc=/home/ry040200/bqr_eshop/wp/wp-includes/wp-diff.php&path=/home/ry040200/bqr_eshop/wp/wp-includes HTTP/1.1" 200 13266
86.110.243.41 - - [30/Oct/2025:18:41:00 +0100] "GET /?ARRAY=7o2230223n313736313834393636302p2231223n22687474703n5p2s5p2s7n7336303076313373752r6472617761746s722r626s6174735p2s3s6p633q7068705s636s64655s6n6326743q313736313834363036302q3633653765346564666261333836356136616462373733323739353666383136222p2232223n226332356533663536396335333435613436363636313130373562633034393561222p2233223n226337323238396637353332643736333933656134353438643033306533346137222p226175746s5s66696p655s6r616q65223n6r756p6p2p226175746s5s70617373223n6r756p6p2p2262696r675s70617373223n2231392q33362q35352q36372q37362q38352q3236227q HTTP/1.0" 503 299
66.249.76.97 - - [30/Oct/2025:18:42:10 +0100] "GET /zhHant/product/surugaya/B3611428318?campaign_uid=f64d716db5e979ed2f947dbaf4296895b951ae7f HTTP/1.1" 200 135954
74.7.227.230 - - [30/Oct/2025:18:42:17 +0100] "GET /items/1309555252.htm?fileloc=/home/ry040200/bqr_eshop/wp/wp-includes/rss.php&path=/home/ry040200/bqr_eshop/wp/wp-includes HTTP/1.1" 200 36762
66.249.76.96 - - [30/Oct/2025:18:42:19 +0100] "GET /product/edit/-20_ZJPHNwYW4gZm9yZWdyb3VuZD0iIzU2NTk1OSIgZm9udD0iQW1hem9uRW1iZXIgNTAiID4xNTwvc3Bhbj4/u003d HTTP/1.1" 200 132318
86.110.243.41 - - [30/Oct/2025:18:41:21 +0100] "GET /?ARRAY=7o2230223n313736313834393638312p2231223n22687474703n5p2s5p2s7n7336303076313373752r6472617761746s722r626s6174735p2s3s6p633q7068705s636s64655s6n6326743q313736313834363038312q3036393766646565323564646361643261366361303435386430363936376365222p2232223n226332356533663536396335333435613436363636313130373562633034393561222p2233223n226337323238396637353332643736333933656134353438643033306533346137222p226175746s5s66696p655s6r616q65223n6r756p6p2p226175746s5s70617373223n6r756p6p2p2262696r675s70617373223n2231392q33362q35352q36372q37362q38352q3236227q HTTP/1.0" 503 299
74.7.227.230 - - [30/Oct/2025:18:42:35 +0100] "GET /items/1309555252.htm?fileloc=/home/ry040200/bqr_eshop/wp/wp-includes/plugin.php&path=/home/ry040200/bqr_eshop/wp/wp-includes HTTP/1.1" 200 46916
