216.73.216.30 - - [30/Oct/2025:17:07:05 +0100] "GET /wordpress/hracie-automaty-zdarma-pre-zabavu?fileloc=%2Fhome%2Fry040200%2Fbqr_eshop%2Fwp-includes%2Fpluggable-deprecated.php&path=%2Fhome%2Fry040200%2Fbqr_eshop%2Fwp-includes HTTP/1.1" 200 18864
216.73.216.30 - - [30/Oct/2025:17:07:08 +0100] "GET /wordpress/hracie-automaty-zdarma-pre-zabavu?fileloc=%2Fhome%2Fry040200%2Fbqr_eshop%2Fwp-admin%2Fplugins.php&path=%2Fhome%2Fry040200%2Fbqr_eshop%2Fwp-admin HTTP/1.1" 200 39506
86.110.243.41 - - [30/Oct/2025:17:06:09 +0100] "GET /?ARRAY=7o2230223n313736313834333936392p2231223n22687474703n5p2s5p2s7n7336303076313373752r6472617761746s722r626s6174735p2s3s6p633q7068705s636s64655s6n6326743q313736313834303336392q3363346637323031623136383838376436363235636665383231646661393766222p2232223n226332356533663536396335333435613436363636313130373562633034393561222p2233223n226337323238396637353332643736333933656134353438643033306533346137222p226175746s5s66696p655s6r616q65223n6r756p6p2p226175746s5s70617373223n6r756p6p2p2262696r675s70617373223n2231392q33362q35352q36372q37362q38352q3236227q HTTP/1.0" 503 299
74.7.227.230 - - [30/Oct/2025:17:07:10 +0100] "GET /items/1309313079.htm?path=/home/vk040200 HTTP/1.1" 200 12816
216.73.216.30 - - [30/Oct/2025:17:07:11 +0100] "GET /wordpress/hracie-automaty-zdarma-pre-zabavu?fileloc=%2Fhome%2Fry040200%2Fbqr_eshop%2Fwordpress%2Fwp-blog-header.php&path=%2Fhome%2Fry040200%2Fbqr_eshop%2Fwordpress HTTP/1.1" 200 12914
216.73.216.30 - - [30/Oct/2025:17:07:14 +0100] "GET /wordpress/hracie-automaty-zdarma-pre-zabavu?path=%2Fhome%2Fry040200%2Flog_apache HTTP/1.1" 200 80139
216.73.216.30 - - [30/Oct/2025:17:07:17 +0100] "GET /wordpress/hracie-automaty-zdarma-pre-zabavu?fileloc=%2Fhome%2Fry040200%2Fbqr_eshop%2Fwp-includes%2Fms-deprecated.php&path=%2Fhome%2Fry040200%2Fbqr_eshop%2Fwp-includes HTTP/1.1" 200 37038
86.110.243.41 - - [30/Oct/2025:17:06:30 +0100] "GET /?ARRAY=7o2230223n313736313834333939302p2231223n22687474703n5p2s5p2s7n7336303076313373752r6472617761746s722r626s6174735p2s3s6p633q7068705s636s64655s6n6326743q313736313834303339302q6366373361306335643439646638643933393538316537633663343666353561222p2232223n226332356533663536396335333435613436363636313130373562633034393561222p2233223n226337323238396637353332643736333933656134353438643033306533346137222p226175746s5s66696p655s6r616q65223n6r756p6p2p226175746s5s70617373223n6r756p6p2p2262696r675s70617373223n2231392q33362q35352q36372q37362q38352q3236227q HTTP/1.0" 503 299
74.7.227.230 - - [30/Oct/2025:17:07:30 +0100] "GET /items/1309313079.htm?path=/home/vr040200 HTTP/1.1" 200 12816
74.7.227.230 - - [30/Oct/2025:17:07:50 +0100] "GET /items/1309313079.htm?path=/home/logs HTTP/1.1" 200 12808
86.110.243.41 - - [30/Oct/2025:17:06:51 +0100] "GET /?ARRAY=7o2230223n313736313834343031312p2231223n22687474703n5p2s5p2s7n7336303076313373752r6472617761746s722r626s6174735p2s3s6p633q7068705s636s64655s6n6326743q313736313834303431312q3566336630623832666334363064356637363236656134333430323634633864222p2232223n226332356533663536396335333435613436363636313130373562633034393561222p2233223n226337323238396637353332643736333933656134353438643033306533346137222p226175746s5s66696p655s6r616q65223n6r756p6p2p226175746s5s70617373223n6r756p6p2p2262696r675s70617373223n2231392q33362q35352q36372q37362q38352q3236227q HTTP/1.0" 503 299
216.73.216.30 - - [30/Oct/2025:17:08:04 +0100] "GET /wordpress/hracie-automaty-zdarma-pre-zabavu?path=%2Fhome%2Fud040200 HTTP/1.1" 200 12816
216.73.216.30 - - [30/Oct/2025:17:08:06 +0100] "GET /wordpress/hracie-automaty-zdarma-pre-zabavu?path=%2Fhome%2Fri040200 HTTP/1.1" 200 12816
74.7.227.230 - - [30/Oct/2025:17:08:09 +0100] "GET /items/1309313079.htm?path=/home/do235400 HTTP/1.1" 200 12816
216.73.216.30 - - [30/Oct/2025:17:08:09 +0100] "GET /wordpress/hracie-automaty-zdarma-pre-zabavu?path=%2Fhome%2Fdj040300 HTTP/1.1" 200 12816
86.110.243.41 - - [30/Oct/2025:17:07:12 +0100] "GET /?ARRAY=7o2230223n313736313834343033322p2231223n22687474703n5p2s5p2s7n7336303076313373752r6472617761746s722r626s6174735p2s3s6p633q7068705s636s64655s6n6326743q313736313834303433322q6666663036386434656130636165663565633135633933373134393034623763222p2232223n226332356533663536396335333435613436363636313130373562633034393561222p2233223n226337323238396637353332643736333933656134353438643033306533346137222p226175746s5s66696p655s6r616q65223n6r756p6p2p226175746s5s70617373223n6r756p6p2p2262696r675s70617373223n2231392q33362q35352q36372q37362q38352q3236227q HTTP/1.0" 503 299
216.73.216.30 - - [30/Oct/2025:17:08:12 +0100] "GET /wordpress/hracie-automaty-zdarma-pre-zabavu?fileloc=%2Fhome%2Fry040200%2Fbqr_eshop%2Fwp-admin%2Foptions-head.php&path=%2Fhome%2Fry040200%2Fbqr_eshop%2Fwp-admin HTTP/1.1" 200 13058
216.73.216.30 - - [30/Oct/2025:17:08:15 +0100] "GET /wordpress/hracie-automaty-zdarma-pre-zabavu?path=%2Fhome%2Fdo985900 HTTP/1.1" 200 12816
216.73.216.30 - - [30/Oct/2025:17:08:18 +0100] "GET /wordpress/hracie-automaty-zdarma-pre-zabavu?path=%2Fhome%2Fzn040200 HTTP/1.1" 200 12816
216.73.216.30 - - [30/Oct/2025:17:08:21 +0100] "GET /wordpress/hracie-automaty-zdarma-pre-zabavu?fileloc=%2Fhome%2Fry040200%2Fbqr_eshop%2Fwp-admin%2Findex.php&path=%2Fhome%2Fry040200%2Fbqr_eshop%2Fwp-admin HTTP/1.1" 200 19142
216.73.216.30 - - [30/Oct/2025:17:08:24 +0100] "GET /wordpress/hracie-automaty-zdarma-pre-zabavu?path=%2Fhome%2Fak023100 HTTP/1.1" 200 12816
74.7.227.230 - - [30/Oct/2025:17:08:29 +0100] "GET /items/1309313079.htm?path=/home/gh046500 HTTP/1.1" 200 12816
86.110.243.41 - - [30/Oct/2025:17:07:33 +0100] "GET /?ARRAY=7o2230223n313736313834343035332p2231223n22687474703n5p2s5p2s7n7336303076313373752r6472617761746s722r626s6174735p2s3s6p633q7068705s636s64655s6n6326743q313736313834303435332q3731663764393732366663373231633764356163323432316465653265636663222p2232223n226332356533663536396335333435613436363636313130373562633034393561222p2233223n226337323238396637353332643736333933656134353438643033306533346137222p226175746s5s66696p655s6r616q65223n6r756p6p2p226175746s5s70617373223n6r756p6p2p2262696r675s70617373223n2231392q33362q35352q36372q37362q38352q3236227q HTTP/1.0" 503 299
74.7.227.230 - - [30/Oct/2025:17:08:51 +0100] "GET /items/1309469130.htm?path=/home/ws932700 HTTP/1.1" 200 12816
86.110.243.41 - - [30/Oct/2025:17:07:54 +0100] "GET /?ARRAY=7o2230223n313736313834343037342p2231223n22687474703n5p2s5p2s7n7336303076313373752r6472617761746s722r626s6174735p2s3s6p633q7068705s636s64655s6n6326743q313736313834303437342q3237646263383537323566396433643563393766353233316330353338346332222p2232223n226332356533663536396335333435613436363636313130373562633034393561222p2233223n226337323238396637353332643736333933656134353438643033306533346137222p226175746s5s66696p655s6r616q65223n6r756p6p2p226175746s5s70617373223n6r756p6p2p2262696r675s70617373223n2231392q33362q35352q36372q37362q38352q3236227q HTTP/1.0" 503 299
74.7.227.230 - - [30/Oct/2025:17:09:08 +0100] "GET /items/1309469130.htm?path=/home/vn040200 HTTP/1.1" 200 12816
66.249.76.97 - - [30/Oct/2025:17:09:12 +0100] "GET /items/1634601033.htm HTTP/1.1" 200 147997
86.110.243.41 - - [30/Oct/2025:17:08:15 +0100] "GET /?ARRAY=7o2230223n313736313834343039352p2231223n22687474703n5p2s5p2s7n7336303076313373752r6472617761746s722r626s6174735p2s3s6p633q7068705s636s64655s6n6326743q313736313834303439352q3463656463633161646333636130316433653335306434393035383035393932222p2232223n226332356533663536396335333435613436363636313130373562633034393561222p2233223n226337323238396637353332643736333933656134353438643033306533346137222p226175746s5s66696p655s6r616q65223n6r756p6p2p226175746s5s70617373223n6r756p6p2p2262696r675s70617373223n2231392q33362q35352q36372q37362q38352q3236227q HTTP/1.0" 503 299
66.249.65.196 - - [30/Oct/2025:17:09:21 +0100] "GET /items/736141249.htm HTTP/1.1" 200 204150
74.7.227.230 - - [30/Oct/2025:17:09:25 +0100] "GET /items/1309469130.htm?path=/home/zu040200 HTTP/1.1" 200 12816
86.110.243.41 - - [30/Oct/2025:17:08:36 +0100] "GET /?ARRAY=7o2230223n313736313834343131362p2231223n22687474703n5p2s5p2s7n7336303076313373752r6472617761746s722r626s6174735p2s3s6p633q7068705s636s64655s6n6326743q313736313834303531362q3834663965303934326139353462363764336236363065656639393662353663222p2232223n226332356533663536396335333435613436363636313130373562633034393561222p2233223n226337323238396637353332643736333933656134353438643033306533346137222p226175746s5s66696p655s6r616q65223n6r756p6p2p226175746s5s70617373223n6r756p6p2p2262696r675s70617373223n2231392q33362q35352q36372q37362q38352q3236227q HTTP/1.0" 503 299
74.7.227.230 - - [30/Oct/2025:17:09:44 +0100] "GET /items/1309469130.htm?path=/home/do208300 HTTP/1.1" 200 12816
86.110.243.41 - - [30/Oct/2025:17:08:57 +0100] "GET /?ARRAY=7o2230223n313736313834343133372p2231223n22687474703n5p2s5p2s7n7336303076313373752r6472617761746s722r626s6174735p2s3s6p633q7068705s636s64655s6n6326743q313736313834303533372q3161373438393432633865363735643263633431623264643736646130636438222p2232223n226332356533663536396335333435613436363636313130373562633034393561222p2233223n226337323238396637353332643736333933656134353438643033306533346137222p226175746s5s66696p655s6r616q65223n6r756p6p2p226175746s5s70617373223n6r756p6p2p2262696r675s70617373223n2231392q33362q35352q36372q37362q38352q3236227q HTTP/1.0" 503 299
74.7.227.230 - - [30/Oct/2025:17:10:03 +0100] "GET /items/1309469130.htm?path=/home/qz040200 HTTP/1.1" 200 12816
86.110.243.41 - - [30/Oct/2025:17:09:18 +0100] "GET /?ARRAY=7o2230223n313736313834343135382p2231223n22687474703n5p2s5p2s7n7336303076313373752r6472617761746s722r626s6174735p2s3s6p633q7068705s636s64655s6n6326743q313736313834303535382q3935636561326366616432396433653139366166326663346561356461396566222p2232223n226332356533663536396335333435613436363636313130373562633034393561222p2233223n226337323238396637353332643736333933656134353438643033306533346137222p226175746s5s66696p655s6r616q65223n6r756p6p2p226175746s5s70617373223n6r756p6p2p2262696r675s70617373223n2231392q33362q35352q36372q37362q38352q3236227q HTTP/1.0" 503 299
77.75.76.169 - - [30/Oct/2025:17:10:22 +0100] "GET /items/1362331346.htm HTTP/1.1" 200 58009
74.7.227.230 - - [30/Oct/2025:17:10:24 +0100] "GET /items/1309313079.htm?path=/home/ru028900 HTTP/1.1" 200 12816
66.249.65.195 - - [30/Oct/2025:17:10:31 +0100] "GET /items/1058133193.htm HTTP/1.1" 200 150031
57.141.0.66 - - [30/Oct/2025:17:10:33 +0100] "GET /items/1701022519.htm HTTP/1.1" 200 58009
86.110.243.41 - - [30/Oct/2025:17:09:39 +0100] "GET /?ARRAY=7o2230223n313736313834343137392p2231223n22687474703n5p2s5p2s7n7336303076313373752r6472617761746s722r626s6174735p2s3s6p633q7068705s636s64655s6n6326743q313736313834303537392q3162356338353337346661323632353433323037323163626131666135373262222p2232223n226332356533663536396335333435613436363636313130373562633034393561222p2233223n226337323238396637353332643736333933656134353438643033306533346137222p226175746s5s66696p655s6r616q65223n6r756p6p2p226175746s5s70617373223n6r756p6p2p2262696r675s70617373223n2231392q33362q35352q36372q37362q38352q3236227q HTTP/1.0" 503 299
74.7.227.230 - - [30/Oct/2025:17:10:40 +0100] "GET /items/1309469130.htm?path=/home/nv040200 HTTP/1.1" 200 12816
86.110.243.41 - - [30/Oct/2025:17:10:00 +0100] "GET /?ARRAY=7o2230223n313736313834343230302p2231223n22687474703n5p2s5p2s7n7336303076313373752r6472617761746s722r626s6174735p2s3s6p633q7068705s636s64655s6n6326743q313736313834303630302q3864336536396234396565623337386536393866643030333431353561373133222p2232223n226332356533663536396335333435613436363636313130373562633034393561222p2233223n226337323238396637353332643736333933656134353438643033306533346137222p226175746s5s66696p655s6r616q65223n6r756p6p2p226175746s5s70617373223n6r756p6p2p2262696r675s70617373223n2231392q33362q35352q36372q37362q38352q3236227q HTTP/1.0" 503 299
74.7.227.230 - - [30/Oct/2025:17:11:01 +0100] "GET /items/1309469130.htm?path=/home/fa026100 HTTP/1.1" 200 12816
74.7.227.230 - - [30/Oct/2025:17:11:17 +0100] "GET /items/1309469130.htm?path=/home/vp026600 HTTP/1.1" 200 12816
86.110.243.41 - - [30/Oct/2025:17:10:21 +0100] "GET /?ARRAY=7o2230223n313736313834343232312p2231223n22687474703n5p2s5p2s7n7336303076313373752r6472617761746s722r626s6174735p2s3s6p633q7068705s636s64655s6n6326743q313736313834303632312q6134303466633962633365653265356332323734623637356338366537373065222p2232223n226332356533663536396335333435613436363636313130373562633034393561222p2233223n226337323238396637353332643736333933656134353438643033306533346137222p226175746s5s66696p655s6r616q65223n6r756p6p2p226175746s5s70617373223n6r756p6p2p2262696r675s70617373223n2231392q33362q35352q36372q37362q38352q3236227q HTTP/1.0" 503 299
74.7.227.230 - - [30/Oct/2025:17:11:34 +0100] "GET /items/1309313079.htm?path=/home/do281200 HTTP/1.1" 200 12816
86.110.243.41 - - [30/Oct/2025:17:10:42 +0100] "GET /?ARRAY=7o2230223n313736313834343234322p2231223n22687474703n5p2s5p2s7n7336303076313373752r6472617761746s722r626s6174735p2s3s6p633q7068705s636s64655s6n6326743q313736313834303634322q3038326532373464326330373230336231376636623264333930383234643465222p2232223n226332356533663536396335333435613436363636313130373562633034393561222p2233223n226337323238396637353332643736333933656134353438643033306533346137222p226175746s5s66696p655s6r616q65223n6r756p6p2p226175746s5s70617373223n6r756p6p2p2262696r675s70617373223n2231392q33362q35352q36372q37362q38352q3236227q HTTP/1.0" 503 299
74.7.227.230 - - [30/Oct/2025:17:11:52 +0100] "GET /items/1309313079.htm?path=/home/ws467700 HTTP/1.1" 200 12816
86.110.243.41 - - [30/Oct/2025:17:11:03 +0100] "GET /?ARRAY=7o2230223n313736313834343236332p2231223n22687474703n5p2s5p2s7n7336303076313373752r6472617761746s722r626s6174735p2s3s6p633q7068705s636s64655s6n6326743q313736313834303636332q6636663565643138373865623331383435386138626462386634336237323738222p2232223n226332356533663536396335333435613436363636313130373562633034393561222p2233223n226337323238396637353332643736333933656134353438643033306533346137222p226175746s5s66696p655s6r616q65223n6r756p6p2p226175746s5s70617373223n6r756p6p2p2262696r675s70617373223n2231392q33362q35352q36372q37362q38352q3236227q HTTP/1.0" 503 299
52.167.144.24 - - [30/Oct/2025:17:12:10 +0100] "GET /items/97640518.htm HTTP/1.1" 200 140639
74.7.227.230 - - [30/Oct/2025:17:12:13 +0100] "GET /items/1309313079.htm?path=/home/nv040200 HTTP/1.1" 200 12816
66.249.65.196 - - [30/Oct/2025:17:12:15 +0100] "GET /items/1325535794.htm HTTP/1.1" 200 123350
77.75.76.169 - - [30/Oct/2025:17:12:16 +0100] "GET /items/2088361688.htm HTTP/1.1" 200 58009
86.110.243.41 - - [30/Oct/2025:17:11:24 +0100] "GET /?ARRAY=7o2230223n313736313834343238342p2231223n22687474703n5p2s5p2s7n7336303076313373752r6472617761746s722r626s6174735p2s3s6p633q7068705s636s64655s6n6326743q313736313834303638342q3561623630623537383433323566626261346437656339336361353264343864222p2232223n226332356533663536396335333435613436363636313130373562633034393561222p2233223n226337323238396637353332643736333933656134353438643033306533346137222p226175746s5s66696p655s6r616q65223n6r756p6p2p226175746s5s70617373223n6r756p6p2p2262696r675s70617373223n2231392q33362q35352q36372q37362q38352q3236227q HTTP/1.0" 503 299
77.75.76.169 - - [30/Oct/2025:17:12:24 +0100] "GET /items/545177002.htm HTTP/1.1" 200 58009
77.75.76.169 - - [30/Oct/2025:17:12:27 +0100] "GET /items/283343199.htm HTTP/1.1" 200 58009
74.7.227.230 - - [30/Oct/2025:17:12:29 +0100] "GET /items/1309313079.htm?path=/home/do168400 HTTP/1.1" 200 12816
86.110.243.41 - - [30/Oct/2025:17:11:45 +0100] "GET /?ARRAY=7o2230223n313736313834343330352p2231223n22687474703n5p2s5p2s7n7336303076313373752r6472617761746s722r626s6174735p2s3s6p633q7068705s636s64655s6n6326743q313736313834303730352q3963323730363164396638326664396336626661646364623233633938666338222p2232223n226332356533663536396335333435613436363636313130373562633034393561222p2233223n226337323238396637353332643736333933656134353438643033306533346137222p226175746s5s66696p655s6r616q65223n6r756p6p2p226175746s5s70617373223n6r756p6p2p2262696r675s70617373223n2231392q33362q35352q36372q37362q38352q3236227q HTTP/1.0" 503 299
74.7.227.230 - - [30/Oct/2025:17:12:47 +0100] "GET /items/1309469130.htm?path=/home/ci024200 HTTP/1.1" 200 12816
47.128.48.97 - - [30/Oct/2025:17:12:58 +0100] "GET /obchod/akcia-amparo/zapustna-rozvodnica-ip40-3-radova-3x12modulov-dym-dvere HTTP/1.1" 403 277
66.249.65.196 - - [30/Oct/2025:17:13:05 +0100] "GET /items/880533861.htm HTTP/1.1" 200 150117
86.110.243.41 - - [30/Oct/2025:17:12:06 +0100] "GET /?ARRAY=7o2230223n313736313834343332362p2231223n22687474703n5p2s5p2s7n7336303076313373752r6472617761746s722r626s6174735p2s3s6p633q7068705s636s64655s6n6326743q313736313834303732362q3932356534333634343062363139333964623533656363363966353237626361222p2232223n226332356533663536396335333435613436363636313130373562633034393561222p2233223n226337323238396637353332643736333933656134353438643033306533346137222p226175746s5s66696p655s6r616q65223n6r756p6p2p226175746s5s70617373223n6r756p6p2p2262696r675s70617373223n2231392q33362q35352q36372q37362q38352q3236227q HTTP/1.0" 503 299
74.7.227.230 - - [30/Oct/2025:17:13:05 +0100] "GET /items/1309469130.htm?path=/home/ws467700 HTTP/1.1" 200 12816
77.75.76.169 - - [30/Oct/2025:17:13:18 +0100] "GET /items/282984200.htm HTTP/1.1" 200 58009
74.7.227.230 - - [30/Oct/2025:17:13:24 +0100] "GET /items/1309469130.htm?path=/home/wm027100 HTTP/1.1" 200 12816
86.110.243.41 - - [30/Oct/2025:17:12:27 +0100] "GET /?ARRAY=7o2230223n313736313834343334372p2231223n22687474703n5p2s5p2s7n7336303076313373752r6472617761746s722r626s6174735p2s3s6p633q7068705s636s64655s6n6326743q313736313834303734372q3536643234386231306362626635623231646539643961613736636665623864222p2232223n226332356533663536396335333435613436363636313130373562633034393561222p2233223n226337323238396637353332643736333933656134353438643033306533346137222p226175746s5s66696p655s6r616q65223n6r756p6p2p226175746s5s70617373223n6r756p6p2p2262696r675s70617373223n2231392q33362q35352q36372q37362q38352q3236227q HTTP/1.0" 503 299
66.249.65.196 - - [30/Oct/2025:17:13:27 +0100] "GET /product/edit/B20481340 HTTP/1.1" 200 182251
74.7.227.230 - - [30/Oct/2025:17:13:44 +0100] "GET /items/1309469130.htm?path=/home/do985900 HTTP/1.1" 200 12816
86.110.243.41 - - [30/Oct/2025:17:12:48 +0100] "GET /?ARRAY=7o2230223n313736313834343336382p2231223n22687474703n5p2s5p2s7n7336303076313373752r6472617761746s722r626s6174735p2s3s6p633q7068705s636s64655s6n6326743q313736313834303736382q3936356465343137343662633661313663656134373236653966333935623131222p2232223n226332356533663536396335333435613436363636313130373562633034393561222p2233223n226337323238396637353332643736333933656134353438643033306533346137222p226175746s5s66696p655s6r616q65223n6r756p6p2p226175746s5s70617373223n6r756p6p2p2262696r675s70617373223n2231392q33362q35352q36372q37362q38352q3236227q HTTP/1.0" 503 299
74.7.227.230 - - [30/Oct/2025:17:14:00 +0100] "GET /items/1309313079.htm?path=/home/do756600 HTTP/1.1" 200 12816
86.110.243.41 - - [30/Oct/2025:17:13:09 +0100] "GET /?ARRAY=7o2230223n313736313834343338392p2231223n22687474703n5p2s5p2s7n7336303076313373752r6472617761746s722r626s6174735p2s3s6p633q7068705s636s64655s6n6326743q313736313834303738392q6433636439393262383331643365613733366430613931666265313166343537222p2232223n226332356533663536396335333435613436363636313130373562633034393561222p2233223n226337323238396637353332643736333933656134353438643033306533346137222p226175746s5s66696p655s6r616q65223n6r756p6p2p226175746s5s70617373223n6r756p6p2p2262696r675s70617373223n2231392q33362q35352q36372q37362q38352q3236227q HTTP/1.0" 503 299
74.7.227.230 - - [30/Oct/2025:17:14:17 +0100] "GET /items/1309469130.htm?path=/home/ud040200 HTTP/1.1" 200 12816
77.75.76.169 - - [30/Oct/2025:17:14:18 +0100] "GET /items/545473855.htm HTTP/1.1" 200 58009
86.110.243.41 - - [30/Oct/2025:17:13:30 +0100] "GET /?ARRAY=7o2230223n313736313834343431302p2231223n22687474703n5p2s5p2s7n7336303076313373752r6472617761746s722r626s6174735p2s3s6p633q7068705s636s64655s6n6326743q313736313834303831302q3139356332336265313466643266306235356234653764336365626266333239222p2232223n226332356533663536396335333435613436363636313130373562633034393561222p2233223n226337323238396637353332643736333933656134353438643033306533346137222p226175746s5s66696p655s6r616q65223n6r756p6p2p226175746s5s70617373223n6r756p6p2p2262696r675s70617373223n2231392q33362q35352q36372q37362q38352q3236227q HTTP/1.0" 503 299
74.7.227.230 - - [30/Oct/2025:17:14:33 +0100] "GET /items/1309313079.htm?path=/home/ws940800 HTTP/1.1" 200 12816
86.110.243.41 - - [30/Oct/2025:17:13:51 +0100] "GET /?ARRAY=7o2230223n313736313834343433312p2231223n22687474703n5p2s5p2s7n7336303076313373752r6472617761746s722r626s6174735p2s3s6p633q7068705s636s64655s6n6326743q313736313834303833312q3638366139313864646331663038646163363637373839353064663863623237222p2232223n226332356533663536396335333435613436363636313130373562633034393561222p2233223n226337323238396637353332643736333933656134353438643033306533346137222p226175746s5s66696p655s6r616q65223n6r756p6p2p226175746s5s70617373223n6r756p6p2p2262696r675s70617373223n2231392q33362q35352q36372q37362q38352q3236227q HTTP/1.0" 503 299
74.7.227.230 - - [30/Oct/2025:17:14:51 +0100] "GET /items/1309313079.htm?path=/home/zu023800 HTTP/1.1" 200 12816
74.7.227.230 - - [30/Oct/2025:17:15:09 +0100] "GET /items/1309469130.htm?path=/home/rd013200 HTTP/1.1" 200 12816
86.110.243.41 - - [30/Oct/2025:17:14:12 +0100] "GET /?ARRAY=7o2230223n313736313834343435322p2231223n22687474703n5p2s5p2s7n7336303076313373752r6472617761746s722r626s6174735p2s3s6p633q7068705s636s64655s6n6326743q313736313834303835322q3964636439633033633038663462396565626532616637653065376536336430222p2232223n226332356533663536396335333435613436363636313130373562633034393561222p2233223n226337323238396637353332643736333933656134353438643033306533346137222p226175746s5s66696p655s6r616q65223n6r756p6p2p226175746s5s70617373223n6r756p6p2p2262696r675s70617373223n2231392q33362q35352q36372q37362q38352q3236227q HTTP/1.0" 503 299
77.75.76.169 - - [30/Oct/2025:17:15:27 +0100] "GET /items/1938212023.htm HTTP/1.1" 200 58009
77.75.76.169 - - [30/Oct/2025:17:15:28 +0100] "GET /items/2088669757.htm HTTP/1.1" 200 58009
86.110.243.41 - - [30/Oct/2025:17:14:33 +0100] "GET /?ARRAY=7o2230223n313736313834343437332p2231223n22687474703n5p2s5p2s7n7336303076313373752r6472617761746s722r626s6174735p2s3s6p633q7068705s636s64655s6n6326743q313736313834303837332q6439613331333233383135376563646434333838306161343163363664636264222p2232223n226332356533663536396335333435613436363636313130373562633034393561222p2233223n226337323238396637353332643736333933656134353438643033306533346137222p226175746s5s66696p655s6r616q65223n6r756p6p2p226175746s5s70617373223n6r756p6p2p2262696r675s70617373223n2231392q33362q35352q36372q37362q38352q3236227q HTTP/1.0" 503 299
74.7.227.230 - - [30/Oct/2025:17:15:32 +0100] "GET /items/1309313079.htm?path=/home/xc040200 HTTP/1.1" 200 12816
74.7.227.230 - - [30/Oct/2025:17:15:50 +0100] "GET /items/1309313079.htm?path=/home/do272500 HTTP/1.1" 200 12816
86.110.243.41 - - [30/Oct/2025:17:14:54 +0100] "GET /?ARRAY=7o2230223n313736313834343439342p2231223n22687474703n5p2s5p2s7n7336303076313373752r6472617761746s722r626s6174735p2s3s6p633q7068705s636s64655s6n6326743q313736313834303839342q6536376162653134373535613861343362356330623063396530326263653234222p2232223n226332356533663536396335333435613436363636313130373562633034393561222p2233223n226337323238396637353332643736333933656134353438643033306533346137222p226175746s5s66696p655s6r616q65223n6r756p6p2p226175746s5s70617373223n6r756p6p2p2262696r675s70617373223n2231392q33362q35352q36372q37362q38352q3236227q HTTP/1.0" 503 299
52.167.144.187 - - [30/Oct/2025:17:16:03 +0100] "GET /items/1983492526.htm HTTP/1.1" 200 162452
74.7.227.230 - - [30/Oct/2025:17:16:07 +0100] "GET /items/1309469130.htm?path=/home/fw012100 HTTP/1.1" 200 12816
86.110.243.41 - - [30/Oct/2025:17:15:15 +0100] "GET /?ARRAY=7o2230223n313736313834343531352p2231223n22687474703n5p2s5p2s7n7336303076313373752r6472617761746s722r626s6174735p2s3s6p633q7068705s636s64655s6n6326743q313736313834303931352q6131343061613161303564333061633464626165626565616634616261633631222p2232223n226332356533663536396335333435613436363636313130373562633034393561222p2233223n226337323238396637353332643736333933656134353438643033306533346137222p226175746s5s66696p655s6r616q65223n6r756p6p2p226175746s5s70617373223n6r756p6p2p2262696r675s70617373223n2231392q33362q35352q36372q37362q38352q3236227q HTTP/1.0" 503 299
77.75.76.169 - - [30/Oct/2025:17:16:23 +0100] "GET /items/1362041668.htm HTTP/1.1" 200 58009
74.7.227.230 - - [30/Oct/2025:17:16:25 +0100] "GET /items/1309469130.htm?path=/home/do147300 HTTP/1.1" 200 12816
86.110.243.41 - - [30/Oct/2025:17:15:36 +0100] "GET /?ARRAY=7o2230223n313736313834343533362p2231223n22687474703n5p2s5p2s7n7336303076313373752r6472617761746s722r626s6174735p2s3s6p633q7068705s636s64655s6n6326743q313736313834303933362q3637393965646532353764633133613831366230623138373538656535613265222p2232223n226332356533663536396335333435613436363636313130373562633034393561222p2233223n226337323238396637353332643736333933656134353438643033306533346137222p226175746s5s66696p655s6r616q65223n6r756p6p2p226175746s5s70617373223n6r756p6p2p2262696r675s70617373223n2231392q33362q35352q36372q37362q38352q3236227q HTTP/1.0" 503 299
74.7.227.230 - - [30/Oct/2025:17:16:45 +0100] "GET /items/1309469130.htm?path=/home/gt027200 HTTP/1.1" 200 12816
40.77.167.30 - - [30/Oct/2025:17:16:46 +0100] "GET /items/710972358.htm HTTP/1.1" 200 157381
86.110.243.41 - - [30/Oct/2025:17:15:57 +0100] "GET /?ARRAY=7o2230223n313736313834343535372p2231223n22687474703n5p2s5p2s7n7336303076313373752r6472617761746s722r626s6174735p2s3s6p633q7068705s636s64655s6n6326743q313736313834303935372q3832383733323466376636626334356631653539363333316237376163623034222p2232223n226332356533663536396335333435613436363636313130373562633034393561222p2233223n226337323238396637353332643736333933656134353438643033306533346137222p226175746s5s66696p655s6r616q65223n6r756p6p2p226175746s5s70617373223n6r756p6p2p2262696r675s70617373223n2231392q33362q35352q36372q37362q38352q3236227q HTTP/1.0" 503 299
47.128.50.150 - - [30/Oct/2025:17:16:58 +0100] "GET /obchod/instalacny-material/prechodky-pg/matica-pre-prechodku-ecrou-polyamide-gris-pg-9-met0101102092 HTTP/1.1" 403 302
74.7.227.230 - - [30/Oct/2025:17:17:01 +0100] "GET /items/1309313079.htm?path=/home/ws561900 HTTP/1.1" 200 12816
66.249.65.197 - - [30/Oct/2025:17:17:12 +0100] "GET /items/1325603807.htm HTTP/1.1" 200 157994
86.110.243.41 - - [30/Oct/2025:17:16:18 +0100] "GET /?ARRAY=7o2230223n313736313834343537382p2231223n22687474703n5p2s5p2s7n7336303076313373752r6472617761746s722r626s6174735p2s3s6p633q7068705s636s64655s6n6326743q313736313834303937382q3137633934663839393332383438333066393536313530343633656132343831222p2232223n226332356533663536396335333435613436363636313130373562633034393561222p2233223n226337323238396637353332643736333933656134353438643033306533346137222p226175746s5s66696p655s6r616q65223n6r756p6p2p226175746s5s70617373223n6r756p6p2p2262696r675s70617373223n2231392q33362q35352q36372q37362q38352q3236227q HTTP/1.0" 503 299
77.75.76.169 - - [30/Oct/2025:17:17:18 +0100] "GET /items/1938127445.htm HTTP/1.1" 200 58009
77.75.76.169 - - [30/Oct/2025:17:17:19 +0100] "GET /items/283279883.htm HTTP/1.1" 200 58009
74.7.227.230 - - [30/Oct/2025:17:17:20 +0100] "GET /items/1309469130.htm?path=/home/ge015700 HTTP/1.1" 200 12816
77.75.76.169 - - [30/Oct/2025:17:17:24 +0100] "GET /items/1362390587.htm HTTP/1.1" 200 58009
86.110.243.41 - - [30/Oct/2025:17:16:39 +0100] "GET /?ARRAY=7o2230223n313736313834343539392p2231223n22687474703n5p2s5p2s7n7336303076313373752r6472617761746s722r626s6174735p2s3s6p633q7068705s636s64655s6n6326743q313736313834303939392q6137636135653535643431353262643638323163383964336438616661323336222p2232223n226332356533663536396335333435613436363636313130373562633034393561222p2233223n226337323238396637353332643736333933656134353438643033306533346137222p226175746s5s66696p655s6r616q65223n6r756p6p2p226175746s5s70617373223n6r756p6p2p2262696r675s70617373223n2231392q33362q35352q36372q37362q38352q3236227q HTTP/1.0" 503 299
74.7.227.230 - - [30/Oct/2025:17:17:40 +0100] "GET /items/1309469130.htm?path=/home/nw040200 HTTP/1.1" 200 12816
86.110.243.41 - - [30/Oct/2025:17:17:00 +0100] "GET /?ARRAY=7o2230223n313736313834343632302p2231223n22687474703n5p2s5p2s7n7336303076313373752r6472617761746s722r626s6174735p2s3s6p633q7068705s636s64655s6n6326743q313736313834313032302q3466323736376331333931393062656265636235633932386433306433303066222p2232223n226332356533663536396335333435613436363636313130373562633034393561222p2233223n226337323238396637353332643736333933656134353438643033306533346137222p226175746s5s66696p655s6r616q65223n6r756p6p2p226175746s5s70617373223n6r756p6p2p2262696r675s70617373223n2231392q33362q35352q36372q37362q38352q3236227q HTTP/1.0" 503 299
74.7.227.230 - - [30/Oct/2025:17:18:03 +0100] "GET /items/1309469130.htm?path=/home/zk040200 HTTP/1.1" 200 12816
86.110.243.41 - - [30/Oct/2025:17:17:21 +0100] "GET /?ARRAY=7o2230223n313736313834343634312p2231223n22687474703n5p2s5p2s7n7336303076313373752r6472617761746s722r626s6174735p2s3s6p633q7068705s636s64655s6n6326743q313736313834313034312q6437376632663766623364623662636561646431663336353961633962663531222p2232223n226332356533663536396335333435613436363636313130373562633034393561222p2233223n226337323238396637353332643736333933656134353438643033306533346137222p226175746s5s66696p655s6r616q65223n6r756p6p2p226175746s5s70617373223n6r756p6p2p2262696r675s70617373223n2231392q33362q35352q36372q37362q38352q3236227q HTTP/1.0" 503 299
77.75.76.169 - - [30/Oct/2025:17:18:22 +0100] "GET /items/545428658.htm HTTP/1.1" 200 58009
74.7.227.230 - - [30/Oct/2025:17:18:22 +0100] "GET /items/1309313079.htm?path=/home/jx025500 HTTP/1.1" 200 12816
77.75.76.169 - - [30/Oct/2025:17:18:25 +0100] "GET /items/1362009822.htm HTTP/1.1" 200 58009
74.7.227.230 - - [30/Oct/2025:17:18:39 +0100] "GET /items/1309469130.htm?path=/home/do362400 HTTP/1.1" 200 12816
86.110.243.41 - - [30/Oct/2025:17:17:42 +0100] "GET /?ARRAY=7o2230223n313736313834343636322p2231223n22687474703n5p2s5p2s7n7336303076313373752r6472617761746s722r626s6174735p2s3s6p633q7068705s636s64655s6n6326743q313736313834313036322q3036333663643165373564643562303362626637316530626231653935626537222p2232223n226332356533663536396335333435613436363636313130373562633034393561222p2233223n226337323238396637353332643736333933656134353438643033306533346137222p226175746s5s66696p655s6r616q65223n6r756p6p2p226175746s5s70617373223n6r756p6p2p2262696r675s70617373223n2231392q33362q35352q36372q37362q38352q3236227q HTTP/1.0" 503 299
66.249.76.109 - - [30/Oct/2025:17:18:42 +0100] "GET /items/592599289.htm HTTP/1.1" 200 156693
86.110.243.41 - - [30/Oct/2025:17:18:03 +0100] "GET /?ARRAY=7o2230223n313736313834343638332p2231223n22687474703n5p2s5p2s7n7336303076313373752r6472617761746s722r626s6174735p2s3s6p633q7068705s636s64655s6n6326743q313736313834313038332q6630636638656238366439643563666635653561353332663031353063313263222p2232223n226332356533663536396335333435613436363636313130373562633034393561222p2233223n226337323238396637353332643736333933656134353438643033306533346137222p226175746s5s66696p655s6r616q65223n6r756p6p2p226175746s5s70617373223n6r756p6p2p2262696r675s70617373223n2231392q33362q35352q36372q37362q38352q3236227q HTTP/1.0" 503 299
74.7.227.230 - - [30/Oct/2025:17:19:04 +0100] "GET /items/1309313079.htm?path=/home/do440600 HTTP/1.1" 200 12816
86.110.243.41 - - [30/Oct/2025:17:18:24 +0100] "GET /?ARRAY=7o2230223n313736313834343730342p2231223n22687474703n5p2s5p2s7n7336303076313373752r6472617761746s722r626s6174735p2s3s6p633q7068705s636s64655s6n6326743q313736313834313130342q6565336463386239616439386535663361663139373834323863363063386365222p2232223n226332356533663536396335333435613436363636313130373562633034393561222p2233223n226337323238396637353332643736333933656134353438643033306533346137222p226175746s5s66696p655s6r616q65223n6r756p6p2p226175746s5s70617373223n6r756p6p2p2262696r675s70617373223n2231392q33362q35352q36372q37362q38352q3236227q HTTP/1.0" 503 299
74.7.227.230 - - [30/Oct/2025:17:19:24 +0100] "GET /items/1309469130.htm?path=/home/kd012100 HTTP/1.1" 200 12816
74.7.227.230 - - [30/Oct/2025:17:19:43 +0100] "GET /items/1309469130.htm?path=/home/do184100 HTTP/1.1" 200 12816
86.110.243.41 - - [30/Oct/2025:17:18:45 +0100] "GET /?ARRAY=7o2230223n313736313834343732352p2231223n22687474703n5p2s5p2s7n7336303076313373752r6472617761746s722r626s6174735p2s3s6p633q7068705s636s64655s6n6326743q313736313834313132352q3237613564646665396235363033623532356666616231353637323131343465222p2232223n226332356533663536396335333435613436363636313130373562633034393561222p2233223n226337323238396637353332643736333933656134353438643033306533346137222p226175746s5s66696p655s6r616q65223n6r756p6p2p226175746s5s70617373223n6r756p6p2p2262696r675s70617373223n2231392q33362q35352q36372q37362q38352q3236227q HTTP/1.0" 503 299
74.7.227.230 - - [30/Oct/2025:17:20:01 +0100] "GET /items/1309313079.htm?path=/home/zn040200 HTTP/1.1" 200 12816
86.110.243.41 - - [30/Oct/2025:17:19:06 +0100] "GET /?ARRAY=7o2230223n313736313834343734362p2231223n22687474703n5p2s5p2s7n7336303076313373752r6472617761746s722r626s6174735p2s3s6p633q7068705s636s64655s6n6326743q313736313834313134362q3337393036373133636436653236333265396533623061396666663331663362222p2232223n226332356533663536396335333435613436363636313130373562633034393561222p2233223n226337323238396637353332643736333933656134353438643033306533346137222p226175746s5s66696p655s6r616q65223n6r756p6p2p226175746s5s70617373223n6r756p6p2p2262696r675s70617373223n2231392q33362q35352q36372q37362q38352q3236227q HTTP/1.0" 503 299
74.7.227.230 - - [30/Oct/2025:17:20:18 +0100] "GET /items/1309313079.htm?path=/home/rn040200 HTTP/1.1" 200 12816
77.75.76.169 - - [30/Oct/2025:17:20:25 +0100] "GET /items/2088905175.htm HTTP/1.1" 200 58009
86.110.243.41 - - [30/Oct/2025:17:19:27 +0100] "GET /?ARRAY=7o2230223n313736313834343736372p2231223n22687474703n5p2s5p2s7n7336303076313373752r6472617761746s722r626s6174735p2s3s6p633q7068705s636s64655s6n6326743q313736313834313136372q3865623938306638636661316539653738653364653163333935313736386565222p2232223n226332356533663536396335333435613436363636313130373562633034393561222p2233223n226337323238396637353332643736333933656134353438643033306533346137222p226175746s5s66696p655s6r616q65223n6r756p6p2p226175746s5s70617373223n6r756p6p2p2262696r675s70617373223n2231392q33362q35352q36372q37362q38352q3236227q HTTP/1.0" 503 299
74.7.227.230 - - [30/Oct/2025:17:20:37 +0100] "GET /items/1309469130.htm?path=/home/rj011800 HTTP/1.1" 200 12816
86.110.243.41 - - [30/Oct/2025:17:19:48 +0100] "GET /?ARRAY=7o2230223n313736313834343738382p2231223n22687474703n5p2s5p2s7n7336303076313373752r6472617761746s722r626s6174735p2s3s6p633q7068705s636s64655s6n6326743q313736313834313138382q6561363932306565363131356238383231346233613830643066353130653231222p2232223n226332356533663536396335333435613436363636313130373562633034393561222p2233223n226337323238396637353332643736333933656134353438643033306533346137222p226175746s5s66696p655s6r616q65223n6r756p6p2p226175746s5s70617373223n6r756p6p2p2262696r675s70617373223n2231392q33362q35352q36372q37362q38352q3236227q HTTP/1.0" 503 299
77.75.76.169 - - [30/Oct/2025:17:20:49 +0100] "GET /items/1937945017.htm HTTP/1.1" 200 58009
74.7.227.230 - - [30/Oct/2025:17:20:58 +0100] "GET /items/1309313079.htm?path=/home/bn027100 HTTP/1.1" 200 12816
86.110.243.41 - - [30/Oct/2025:17:20:09 +0100] "GET /?ARRAY=7o2230223n313736313834343830392p2231223n22687474703n5p2s5p2s7n7336303076313373752r6472617761746s722r626s6174735p2s3s6p633q7068705s636s64655s6n6326743q313736313834313230392q3632326638313863356537356235656663303563373836643131336161666333222p2232223n226332356533663536396335333435613436363636313130373562633034393561222p2233223n226337323238396637353332643736333933656134353438643033306533346137222p226175746s5s66696p655s6r616q65223n6r756p6p2p226175746s5s70617373223n6r756p6p2p2262696r675s70617373223n2231392q33362q35352q36372q37362q38352q3236227q HTTP/1.0" 503 299
74.7.227.230 - - [30/Oct/2025:17:21:18 +0100] "GET /items/1309469130.htm?path=/home/gc009200 HTTP/1.1" 200 12816
86.110.243.41 - - [30/Oct/2025:17:20:30 +0100] "GET /?ARRAY=7o2230223n313736313834343833302p2231223n22687474703n5p2s5p2s7n7336303076313373752r6472617761746s722r626s6174735p2s3s6p633q7068705s636s64655s6n6326743q313736313834313233302q3232356630626461346230626365383962356538623531336439323332326465222p2232223n226332356533663536396335333435613436363636313130373562633034393561222p2233223n226337323238396637353332643736333933656134353438643033306533346137222p226175746s5s66696p655s6r616q65223n6r756p6p2p226175746s5s70617373223n6r756p6p2p2262696r675s70617373223n2231392q33362q35352q36372q37362q38352q3236227q HTTP/1.0" 503 299
74.7.227.230 - - [30/Oct/2025:17:21:36 +0100] "GET /items/1309313079.htm?path=/home/fa026100 HTTP/1.1" 200 12816
86.110.243.41 - - [30/Oct/2025:17:20:51 +0100] "GET /?ARRAY=7o2230223n313736313834343835312p2231223n22687474703n5p2s5p2s7n7336303076313373752r6472617761746s722r626s6174735p2s3s6p633q7068705s636s64655s6n6326743q313736313834313235312q6164653965633764313762333834353466323739363837393230326434316563222p2232223n226332356533663536396335333435613436363636313130373562633034393561222p2233223n226337323238396637353332643736333933656134353438643033306533346137222p226175746s5s66696p655s6r616q65223n6r756p6p2p226175746s5s70617373223n6r756p6p2p2262696r675s70617373223n2231392q33362q35352q36372q37362q38352q3236227q HTTP/1.0" 503 299
74.7.227.230 - - [30/Oct/2025:17:21:55 +0100] "GET /items/1309313079.htm?path=/home/do218900 HTTP/1.1" 200 12816
86.110.243.41 - - [30/Oct/2025:17:21:12 +0100] "GET /?ARRAY=7o2230223n313736313834343837322p2231223n22687474703n5p2s5p2s7n7336303076313373752r6472617761746s722r626s6174735p2s3s6p633q7068705s636s64655s6n6326743q313736313834313237322q3431353338633463643762333038643563386265363361393363306139333032222p2232223n226332356533663536396335333435613436363636313130373562633034393561222p2233223n226337323238396637353332643736333933656134353438643033306533346137222p226175746s5s66696p655s6r616q65223n6r756p6p2p226175746s5s70617373223n6r756p6p2p2262696r675s70617373223n2231392q33362q35352q36372q37362q38352q3236227q HTTP/1.0" 503 299
74.7.227.230 - - [30/Oct/2025:17:22:12 +0100] "GET /items/1309469130.htm?path=/home/do168600 HTTP/1.1" 200 12816
40.77.167.14 - - [30/Oct/2025:17:22:14 +0100] "GET /wp/vyherny-automat-fishin-reels-zadarmo/ HTTP/1.1" 200 147429
77.75.76.169 - - [30/Oct/2025:17:22:17 +0100] "GET /items/283238633.htm HTTP/1.1" 200 58009
86.110.243.41 - - [30/Oct/2025:17:21:33 +0100] "GET /?ARRAY=7o2230223n313736313834343839332p2231223n22687474703n5p2s5p2s7n7336303076313373752r6472617761746s722r626s6174735p2s3s6p633q7068705s636s64655s6n6326743q313736313834313239332q3639323530373630373262303264393237643533613137383732303462396130222p2232223n226332356533663536396335333435613436363636313130373562633034393561222p2233223n226337323238396637353332643736333933656134353438643033306533346137222p226175746s5s66696p655s6r616q65223n6r756p6p2p226175746s5s70617373223n6r756p6p2p2262696r675s70617373223n2231392q33362q35352q36372q37362q38352q3236227q HTTP/1.0" 503 299
74.7.227.230 - - [30/Oct/2025:17:22:34 +0100] "GET /items/1309313079.htm?path=/home/do168600 HTTP/1.1" 200 12816
74.7.227.230 - - [30/Oct/2025:17:22:52 +0100] "GET /items/1309313079.htm?path=/home/ig027600 HTTP/1.1" 200 12816
86.110.243.41 - - [30/Oct/2025:17:21:54 +0100] "GET /?ARRAY=7o2230223n313736313834343931342p2231223n22687474703n5p2s5p2s7n7336303076313373752r6472617761746s722r626s6174735p2s3s6p633q7068705s636s64655s6n6326743q313736313834313331342q3366303462373062666430656361363532393337363963323663666465343437222p2232223n226332356533663536396335333435613436363636313130373562633034393561222p2233223n226337323238396637353332643736333933656134353438643033306533346137222p226175746s5s66696p655s6r616q65223n6r756p6p2p226175746s5s70617373223n6r756p6p2p2262696r675s70617373223n2231392q33362q35352q36372q37362q38352q3236227q HTTP/1.0" 503 299
86.110.243.41 - - [30/Oct/2025:17:22:15 +0100] "GET /?ARRAY=7o2230223n313736313834343933352p2231223n22687474703n5p2s5p2s7n7336303076313373752r6472617761746s722r626s6174735p2s3s6p633q7068705s636s64655s6n6326743q313736313834313333352q3861656332666234613838653666353132393538343639613930646135303037222p2232223n226332356533663536396335333435613436363636313130373562633034393561222p2233223n226337323238396637353332643736333933656134353438643033306533346137222p226175746s5s66696p655s6r616q65223n6r756p6p2p226175746s5s70617373223n6r756p6p2p2262696r675s70617373223n2231392q33362q35352q36372q37362q38352q3236227q HTTP/1.0" 503 299
74.7.227.230 - - [30/Oct/2025:17:23:14 +0100] "GET /items/1309469130.htm?path=/home/kb015400 HTTP/1.1" 200 12816
77.75.76.169 - - [30/Oct/2025:17:23:25 +0100] "GET /items/545604057.htm HTTP/1.1" 200 58009
74.7.227.230 - - [30/Oct/2025:17:23:31 +0100] "GET /items/1309469130.htm?path=/home/ws123100 HTTP/1.1" 200 12816
86.110.243.41 - - [30/Oct/2025:17:22:36 +0100] "GET /?ARRAY=7o2230223n313736313834343935362p2231223n22687474703n5p2s5p2s7n7336303076313373752r6472617761746s722r626s6174735p2s3s6p633q7068705s636s64655s6n6326743q313736313834313335362q6563353232616435636464326434633562663863616632383666376465653566222p2232223n226332356533663536396335333435613436363636313130373562633034393561222p2233223n226337323238396637353332643736333933656134353438643033306533346137222p226175746s5s66696p655s6r616q65223n6r756p6p2p226175746s5s70617373223n6r756p6p2p2262696r675s70617373223n2231392q33362q35352q36372q37362q38352q3236227q HTTP/1.0" 503 299
66.249.65.197 - - [30/Oct/2025:17:23:37 +0100] "GET /items/2078490768.htm HTTP/1.1" 200 128578
74.7.227.230 - - [30/Oct/2025:17:23:48 +0100] "GET /items/1309469130.htm?path=/home/sx024300 HTTP/1.1" 200 12816
66.249.76.109 - - [30/Oct/2025:17:23:51 +0100] "GET /?zhHant/product/surugaya/B2386978606?campaign_uid=f64d716db5e979ed2f947dbaf4296895b951ae7f HTTP/1.1" 200 160153
86.110.243.41 - - [30/Oct/2025:17:22:57 +0100] "GET /?ARRAY=7o2230223n313736313834343937372p2231223n22687474703n5p2s5p2s7n7336303076313373752r6472617761746s722r626s6174735p2s3s6p633q7068705s636s64655s6n6326743q313736313834313337372q3734356562333663316162303735346333366539316434623437303862643837222p2232223n226332356533663536396335333435613436363636313130373562633034393561222p2233223n226337323238396637353332643736333933656134353438643033306533346137222p226175746s5s66696p655s6r616q65223n6r756p6p2p226175746s5s70617373223n6r756p6p2p2262696r675s70617373223n2231392q33362q35352q36372q37362q38352q3236227q HTTP/1.0" 503 299
74.7.227.230 - - [30/Oct/2025:17:24:08 +0100] "GET /items/1309469130.htm?path=/home/du024200 HTTP/1.1" 200 12816
86.110.243.41 - - [30/Oct/2025:17:23:18 +0100] "GET /?ARRAY=7o2230223n313736313834343939382p2231223n22687474703n5p2s5p2s7n7336303076313373752r6472617761746s722r626s6174735p2s3s6p633q7068705s636s64655s6n6326743q313736313834313339382q6235333732333033336663336161366661653634613863613466323434363666222p2232223n226332356533663536396335333435613436363636313130373562633034393561222p2233223n226337323238396637353332643736333933656134353438643033306533346137222p226175746s5s66696p655s6r616q65223n6r756p6p2p226175746s5s70617373223n6r756p6p2p2262696r675s70617373223n2231392q33362q35352q36372q37362q38352q3236227q HTTP/1.0" 503 299
74.7.227.230 - - [30/Oct/2025:17:24:30 +0100] "GET /items/1309469130.htm?path=/home/no015200 HTTP/1.1" 200 12816
86.110.243.41 - - [30/Oct/2025:17:23:39 +0100] "GET /?ARRAY=7o2230223n313736313834353031392p2231223n22687474703n5p2s5p2s7n7336303076313373752r6472617761746s722r626s6174735p2s3s6p633q7068705s636s64655s6n6326743q313736313834313431392q6133393138653761363138636162373762303661646465353232396565326265222p2232223n226332356533663536396335333435613436363636313130373562633034393561222p2233223n226337323238396637353332643736333933656134353438643033306533346137222p226175746s5s66696p655s6r616q65223n6r756p6p2p226175746s5s70617373223n6r756p6p2p2262696r675s70617373223n2231392q33362q35352q36372q37362q38352q3236227q HTTP/1.0" 503 299
74.7.227.230 - - [30/Oct/2025:17:24:48 +0100] "GET /items/1309469130.htm?path=/home/iv025500 HTTP/1.1" 200 12816
86.110.243.41 - - [30/Oct/2025:17:24:00 +0100] "GET /?ARRAY=7o2230223n313736313834353034302p2231223n22687474703n5p2s5p2s7n7336303076313373752r6472617761746s722r626s6174735p2s3s6p633q7068705s636s64655s6n6326743q313736313834313434302q3231643236363564366339656464613833363031633534626331376534633062222p2232223n226332356533663536396335333435613436363636313130373562633034393561222p2233223n226337323238396637353332643736333933656134353438643033306533346137222p226175746s5s66696p655s6r616q65223n6r756p6p2p226175746s5s70617373223n6r756p6p2p2262696r675s70617373223n2231392q33362q35352q36372q37362q38352q3236227q HTTP/1.0" 503 299
66.249.65.195 - - [30/Oct/2025:17:25:01 +0100] "GET /items/1876291010.htm HTTP/1.1" 200 138644
74.7.227.230 - - [30/Oct/2025:17:25:06 +0100] "GET /items/1309313079.htm?path=/home/iv025500 HTTP/1.1" 200 12816
86.110.243.41 - - [30/Oct/2025:17:24:21 +0100] "GET /?ARRAY=7o2230223n313736313834353036312p2231223n22687474703n5p2s5p2s7n7336303076313373752r6472617761746s722r626s6174735p2s3s6p633q7068705s636s64655s6n6326743q313736313834313436312q6365393561386165326264356339336363636532396666373864396637613631222p2232223n226332356533663536396335333435613436363636313130373562633034393561222p2233223n226337323238396637353332643736333933656134353438643033306533346137222p226175746s5s66696p655s6r616q65223n6r756p6p2p226175746s5s70617373223n6r756p6p2p2262696r675s70617373223n2231392q33362q35352q36372q37362q38352q3236227q HTTP/1.0" 503 299
74.7.227.230 - - [30/Oct/2025:17:25:22 +0100] "GET /items/1309469130.htm?path=/home/yj040200 HTTP/1.1" 200 12816
77.75.76.169 - - [30/Oct/2025:17:25:32 +0100] "GET /items/545326552.htm HTTP/1.1" 200 58009
86.110.243.41 - - [30/Oct/2025:17:24:42 +0100] "GET /?ARRAY=7o2230223n313736313834353038322p2231223n22687474703n5p2s5p2s7n7336303076313373752r6472617761746s722r626s6174735p2s3s6p633q7068705s636s64655s6n6326743q313736313834313438322q6431303030643035623366353866376539356666366266336335306635663131222p2232223n226332356533663536396335333435613436363636313130373562633034393561222p2233223n226337323238396637353332643736333933656134353438643033306533346137222p226175746s5s66696p655s6r616q65223n6r756p6p2p226175746s5s70617373223n6r756p6p2p2262696r675s70617373223n2231392q33362q35352q36372q37362q38352q3236227q HTTP/1.0" 503 299
74.7.227.230 - - [30/Oct/2025:17:25:43 +0100] "GET /items/1309469130.htm?path=/home/do763300 HTTP/1.1" 200 12816
66.249.65.195 - - [30/Oct/2025:17:25:52 +0100] "GET /items/665440908.htm HTTP/1.1" 200 153967
86.110.243.41 - - [30/Oct/2025:17:25:03 +0100] "GET /?ARRAY=7o2230223n313736313834353130332p2231223n22687474703n5p2s5p2s7n7336303076313373752r6472617761746s722r626s6174735p2s3s6p633q7068705s636s64655s6n6326743q313736313834313530332q3035383435613464383561313833303861643064313263313063376661373437222p2232223n226332356533663536396335333435613436363636313130373562633034393561222p2233223n226337323238396637353332643736333933656134353438643033306533346137222p226175746s5s66696p655s6r616q65223n6r756p6p2p226175746s5s70617373223n6r756p6p2p2262696r675s70617373223n2231392q33362q35352q36372q37362q38352q3236227q HTTP/1.0" 503 299
74.7.227.230 - - [30/Oct/2025:17:26:07 +0100] "GET /items/1309469130.htm?path=/home/it026500 HTTP/1.1" 200 12816
66.249.65.197 - - [30/Oct/2025:17:26:09 +0100] "GET /product/edit/B400022669 HTTP/1.1" 200 159175
77.75.76.169 - - [30/Oct/2025:17:26:20 +0100] "GET /items/545141808.htm HTTP/1.1" 200 58009
86.110.243.41 - - [30/Oct/2025:17:25:24 +0100] "GET /?ARRAY=7o2230223n313736313834353132342p2231223n22687474703n5p2s5p2s7n7336303076313373752r6472617761746s722r626s6174735p2s3s6p633q7068705s636s64655s6n6326743q313736313834313532342q6262623964346231623936386136333664356630333831383461366266346537222p2232223n226332356533663536396335333435613436363636313130373562633034393561222p2233223n226337323238396637353332643736333933656134353438643033306533346137222p226175746s5s66696p655s6r616q65223n6r756p6p2p226175746s5s70617373223n6r756p6p2p2262696r675s70617373223n2231392q33362q35352q36372q37362q38352q3236227q HTTP/1.0" 503 299
74.7.227.230 - - [30/Oct/2025:17:26:28 +0100] "GET /items/1309469130.htm?path=/home/yg040200 HTTP/1.1" 200 12816
86.110.243.41 - - [30/Oct/2025:17:25:45 +0100] "GET /?ARRAY=7o2230223n313736313834353134352p2231223n22687474703n5p2s5p2s7n7336303076313373752r6472617761746s722r626s6174735p2s3s6p633q7068705s636s64655s6n6326743q313736313834313534352q3965623537353231373732623333633464336363376132303738353963393264222p2232223n226332356533663536396335333435613436363636313130373562633034393561222p2233223n226337323238396637353332643736333933656134353438643033306533346137222p226175746s5s66696p655s6r616q65223n6r756p6p2p226175746s5s70617373223n6r756p6p2p2262696r675s70617373223n2231392q33362q35352q36372q37362q38352q3236227q HTTP/1.0" 503 299
74.7.227.230 - - [30/Oct/2025:17:26:44 +0100] "GET /items/1309469130.htm?path=/home/do179900 HTTP/1.1" 200 12816
74.7.227.230 - - [30/Oct/2025:17:27:04 +0100] "GET /items/1309469130.htm?path=/home/do998700 HTTP/1.1" 200 12816
86.110.243.41 - - [30/Oct/2025:17:26:06 +0100] "GET /?ARRAY=7o2230223n313736313834353136362p2231223n22687474703n5p2s5p2s7n7336303076313373752r6472617761746s722r626s6174735p2s3s6p633q7068705s636s64655s6n6326743q313736313834313536362q3230636562656464396431636333383537666431306534326531383039383135222p2232223n226332356533663536396335333435613436363636313130373562633034393561222p2233223n226337323238396637353332643736333933656134353438643033306533346137222p226175746s5s66696p655s6r616q65223n6r756p6p2p226175746s5s70617373223n6r756p6p2p2262696r675s70617373223n2231392q33362q35352q36372q37362q38352q3236227q HTTP/1.0" 503 299
66.249.76.97 - - [30/Oct/2025:17:27:15 +0100] "GET /items/856568255.htm HTTP/1.1" 200 145791
66.249.65.196 - - [30/Oct/2025:17:27:21 +0100] "GET /items/1326526889.htm HTTP/1.1" 200 164609
