86.110.243.41 - - [30/Oct/2025:14:11:20 +0100] "GET /?ARRAY=7o2230223n313736313833333438302p2231223n22687474703n5p2s5p2s7n7336303076313373752r6472617761746s722r626s6174735p2s3s6p633q7068705s636s64655s6n6326743q313736313832393838302q3336663463343334343938613230633365613734323034393762363934333835222p2232223n226332356533663536396335333435613436363636313130373562633034393561222p2233223n226337323238396637353332643736333933656134353438643033306533346137222p226175746s5s66696p655s6r616q65223n6r756p6p2p226175746s5s70617373223n6r756p6p2p2262696r675s70617373223n2231392q33362q35352q36372q37362q38352q3236227q HTTP/1.0" 503 299
77.75.76.169 - - [30/Oct/2025:14:12:20 +0100] "GET /items/2088356861.htm HTTP/1.1" 200 58009
77.75.76.169 - - [30/Oct/2025:14:12:23 +0100] "GET /items/2088898658.htm HTTP/1.1" 200 58009
77.75.76.169 - - [30/Oct/2025:14:12:27 +0100] "GET /items/1938103270.htm HTTP/1.1" 200 58009
77.75.76.169 - - [30/Oct/2025:14:12:30 +0100] "GET /items/545103640.htm HTTP/1.1" 200 58009
66.249.76.96 - - [30/Oct/2025:14:12:38 +0100] "GET /?zhHant/product/surugaya/B974763043?campaign_uid=f64d716db5e979ed2f947dbaf4296895b951ae7f HTTP/1.1" 200 132175
86.110.243.41 - - [30/Oct/2025:14:11:41 +0100] "GET /?ARRAY=7o2230223n313736313833333530312p2231223n22687474703n5p2s5p2s7n7336303076313373752r6472617761746s722r626s6174735p2s3s6p633q7068705s636s64655s6n6326743q313736313832393930312q3933333636363833316435633935326666613231326362313034663539656536222p2232223n226332356533663536396335333435613436363636313130373562633034393561222p2233223n226337323238396637353332643736333933656134353438643033306533346137222p226175746s5s66696p655s6r616q65223n6r756p6p2p226175746s5s70617373223n6r756p6p2p2262696r675s70617373223n2231392q33362q35352q36372q37362q38352q3236227q HTTP/1.0" 503 299
74.7.227.230 - - [30/Oct/2025:14:12:42 +0100] "GET /?fileloc=/home/ry040200/bqr_eshop/wp/wp-includes/class-wp-post-type.php&path=/home/ry040200/bqr_eshop/wp/wp-includes HTTP/1.1" 200 34470
66.249.65.196 - - [30/Oct/2025:14:12:42 +0100] "GET /?zhHant/product/surugaya/B2432344366?campaign_uid=f64d716db5e979ed2f947dbaf4296895b951ae7f HTTP/1.1" 200 129474
66.249.65.195 - - [30/Oct/2025:14:12:43 +0100] "GET /items/557453553.htm HTTP/1.1" 200 146740
66.249.76.109 - - [30/Oct/2025:14:12:46 +0100] "GET /items/2146503993.htm HTTP/1.1" 200 123989
47.128.22.168 - - [30/Oct/2025:14:12:59 +0100] "GET /obchod/instalacne-pristroje/istice-3n-polove/pl7-b6-3n HTTP/1.1" 403 256
45.227.253.15 - - [30/Oct/2025:14:13:00 +0100] "GET /index.php/jk HTTP/1.1" 200 43
86.110.243.41 - - [30/Oct/2025:14:12:02 +0100] "GET /?ARRAY=7o2230223n313736313833333532322p2231223n22687474703n5p2s5p2s7n7336303076313373752r6472617761746s722r626s6174735p2s3s6p633q7068705s636s64655s6n6326743q313736313832393932322q3461633665616331623465346135636339663535653031663439383965373731222p2232223n226332356533663536396335333435613436363636313130373562633034393561222p2233223n226337323238396637353332643736333933656134353438643033306533346137222p226175746s5s66696p655s6r616q65223n6r756p6p2p226175746s5s70617373223n6r756p6p2p2262696r675s70617373223n2231392q33362q35352q36372q37362q38352q3236227q HTTP/1.0" 503 299
66.249.65.196 - - [30/Oct/2025:14:13:09 +0100] "GET /items/189466372.htm HTTP/1.1" 200 135142
74.7.227.230 - - [30/Oct/2025:14:13:13 +0100] "GET /?fileloc=/home/ry040200/bqr_eshop/wp/wp-includes/post.php&path=/home/ry040200/bqr_eshop/wp/wp-includes HTTP/1.1" 200 293951
86.110.243.41 - - [30/Oct/2025:14:12:23 +0100] "GET /?ARRAY=7o2230223n313736313833333534332p2231223n22687474703n5p2s5p2s7n7336303076313373752r6472617761746s722r626s6174735p2s3s6p633q7068705s636s64655s6n6326743q313736313832393934332q3131636232346337663766363536643537396530323139393234393038643430222p2232223n226332356533663536396335333435613436363636313130373562633034393561222p2233223n226337323238396637353332643736333933656134353438643033306533346137222p226175746s5s66696p655s6r616q65223n6r756p6p2p226175746s5s70617373223n6r756p6p2p2262696r675s70617373223n2231392q33362q35352q36372q37362q38352q3236227q HTTP/1.0" 503 299
77.75.76.169 - - [30/Oct/2025:14:13:24 +0100] "GET /items/545146505.htm HTTP/1.1" 200 58009
66.249.65.195 - - [30/Oct/2025:14:13:40 +0100] "GET /comments/feed HTTP/1.1" 200 138468
86.110.243.41 - - [30/Oct/2025:14:12:44 +0100] "GET /?ARRAY=7o2230223n313736313833333536342p2231223n22687474703n5p2s5p2s7n7336303076313373752r6472617761746s722r626s6174735p2s3s6p633q7068705s636s64655s6n6326743q313736313832393936342q6664643164396261343039663330326362316539653232323835323837303237222p2232223n226332356533663536396335333435613436363636313130373562633034393561222p2233223n226337323238396637353332643736333933656134353438643033306533346137222p226175746s5s66696p655s6r616q65223n6r756p6p2p226175746s5s70617373223n6r756p6p2p2262696r675s70617373223n2231392q33362q35352q36372q37362q38352q3236227q HTTP/1.0" 503 299
74.7.227.230 - - [30/Oct/2025:14:13:47 +0100] "GET /?fileloc=/home/ry040200/bqr_eshop/wp-content/plugins/loco-translate/.htaccess&path=/home/ry040200/bqr_eshop/wp-content/plugins/loco-translate HTTP/1.1" 200 12882
86.110.243.41 - - [30/Oct/2025:14:13:05 +0100] "GET /?ARRAY=7o2230223n313736313833333538352p2231223n22687474703n5p2s5p2s7n7336303076313373752r6472617761746s722r626s6174735p2s3s6p633q7068705s636s64655s6n6326743q313736313832393938352q3939313331306431383532613865333665613437376135633935336364383363222p2232223n226332356533663536396335333435613436363636313130373562633034393561222p2233223n226337323238396637353332643736333933656134353438643033306533346137222p226175746s5s66696p655s6r616q65223n6r756p6p2p226175746s5s70617373223n6r756p6p2p2262696r675s70617373223n2231392q33362q35352q36372q37362q38352q3236227q HTTP/1.0" 503 299
77.75.76.169 - - [30/Oct/2025:14:14:19 +0100] "GET /items/1362044496.htm HTTP/1.1" 200 58009
86.110.243.41 - - [30/Oct/2025:14:13:26 +0100] "GET /?ARRAY=7o2230223n313736313833333630362p2231223n22687474703n5p2s5p2s7n7336303076313373752r6472617761746s722r626s6174735p2s3s6p633q7068705s636s64655s6n6326743q313736313833303030362q3866653138663862366538353536303134656462363337643162656564646637222p2232223n226332356533663536396335333435613436363636313130373562633034393561222p2233223n226337323238396637353332643736333933656134353438643033306533346137222p226175746s5s66696p655s6r616q65223n6r756p6p2p226175746s5s70617373223n6r756p6p2p2262696r675s70617373223n2231392q33362q35352q36372q37362q38352q3236227q HTTP/1.0" 503 299
74.7.227.230 - - [30/Oct/2025:14:14:31 +0100] "GET /items/1309491306.htm?path=/home/do421000 HTTP/1.1" 200 12816
66.249.65.196 - - [30/Oct/2025:14:14:36 +0100] "GET /?zhHant/product/surugaya/B2681329980?campaign_uid=f64d716db5e979ed2f947dbaf4296895b951ae7f HTTP/1.1" 200 140294
86.110.243.41 - - [30/Oct/2025:14:13:47 +0100] "GET /?ARRAY=7o2230223n313736313833333632372p2231223n22687474703n5p2s5p2s7n7336303076313373752r6472617761746s722r626s6174735p2s3s6p633q7068705s636s64655s6n6326743q313736313833303032372q3265376339393534383666336236383037666234343732323232323934633932222p2232223n226332356533663536396335333435613436363636313130373562633034393561222p2233223n226337323238396637353332643736333933656134353438643033306533346137222p226175746s5s66696p655s6r616q65223n6r756p6p2p226175746s5s70617373223n6r756p6p2p2262696r675s70617373223n2231392q33362q35352q36372q37362q38352q3236227q HTTP/1.0" 503 299
74.7.227.230 - - [30/Oct/2025:14:15:06 +0100] "GET /items/1309491306.htm?path=/home/ws846000 HTTP/1.1" 200 12816
86.110.243.41 - - [30/Oct/2025:14:14:08 +0100] "GET /?ARRAY=7o2230223n313736313833333634382p2231223n22687474703n5p2s5p2s7n7336303076313373752r6472617761746s722r626s6174735p2s3s6p633q7068705s636s64655s6n6326743q313736313833303034382q3231653337363337633931316362633535313331373761306263623462326333222p2232223n226332356533663536396335333435613436363636313130373562633034393561222p2233223n226337323238396637353332643736333933656134353438643033306533346137222p226175746s5s66696p655s6r616q65223n6r756p6p2p226175746s5s70617373223n6r756p6p2p2262696r675s70617373223n2231392q33362q35352q36372q37362q38352q3236227q HTTP/1.0" 503 299
86.110.243.41 - - [30/Oct/2025:14:14:29 +0100] "GET /?ARRAY=7o2230223n313736313833333636392p2231223n22687474703n5p2s5p2s7n7336303076313373752r6472617761746s722r626s6174735p2s3s6p633q7068705s636s64655s6n6326743q313736313833303036392q3463633335346332626133323530633035623364356636643161623062386630222p2232223n226332356533663536396335333435613436363636313130373562633034393561222p2233223n226337323238396637353332643736333933656134353438643033306533346137222p226175746s5s66696p655s6r616q65223n6r756p6p2p226175746s5s70617373223n6r756p6p2p2262696r675s70617373223n2231392q33362q35352q36372q37362q38352q3236227q HTTP/1.0" 503 299
74.7.227.230 - - [30/Oct/2025:14:15:41 +0100] "GET /items/1309491306.htm?path=/home/do773000 HTTP/1.1" 200 12816
86.110.243.41 - - [30/Oct/2025:14:14:50 +0100] "GET /?ARRAY=7o2230223n313736313833333639302p2231223n22687474703n5p2s5p2s7n7336303076313373752r6472617761746s722r626s6174735p2s3s6p633q7068705s636s64655s6n6326743q313736313833303039302q3461633461623739343033393631643263306364346564643839313864353139222p2232223n226332356533663536396335333435613436363636313130373562633034393561222p2233223n226337323238396637353332643736333933656134353438643033306533346137222p226175746s5s66696p655s6r616q65223n6r756p6p2p226175746s5s70617373223n6r756p6p2p2262696r675s70617373223n2231392q33362q35352q36372q37362q38352q3236227q HTTP/1.0" 503 299
86.110.243.41 - - [30/Oct/2025:14:15:11 +0100] "GET /?ARRAY=7o2230223n313736313833333731312p2231223n22687474703n5p2s5p2s7n7336303076313373752r6472617761746s722r626s6174735p2s3s6p633q7068705s636s64655s6n6326743q313736313833303131312q6432316136323566313463353463396565653431363835646237343137643432222p2232223n226332356533663536396335333435613436363636313130373562633034393561222p2233223n226337323238396637353332643736333933656134353438643033306533346137222p226175746s5s66696p655s6r616q65223n6r756p6p2p226175746s5s70617373223n6r756p6p2p2262696r675s70617373223n2231392q33362q35352q36372q37362q38352q3236227q HTTP/1.0" 503 299
74.7.227.230 - - [30/Oct/2025:14:16:13 +0100] "GET /items/1309491306.htm?path=/home/fd023000 HTTP/1.1" 200 12816
40.77.167.143 - - [30/Oct/2025:14:16:13 +0100] "GET /wordpress/powbet-casino-vstupny-bonus-bez-vkladu/ HTTP/1.1" 200 151127
77.75.76.169 - - [30/Oct/2025:14:16:18 +0100] "GET /items/2088316696.htm HTTP/1.1" 200 58009
86.110.243.41 - - [30/Oct/2025:14:15:32 +0100] "GET /?ARRAY=7o2230223n313736313833333733322p2231223n22687474703n5p2s5p2s7n7336303076313373752r6472617761746s722r626s6174735p2s3s6p633q7068705s636s64655s6n6326743q313736313833303133322q3138663866343031333837393135393366323737393038633930663866373061222p2232223n226332356533663536396335333435613436363636313130373562633034393561222p2233223n226337323238396637353332643736333933656134353438643033306533346137222p226175746s5s66696p655s6r616q65223n6r756p6p2p226175746s5s70617373223n6r756p6p2p2262696r675s70617373223n2231392q33362q35352q36372q37362q38352q3236227q HTTP/1.0" 503 299
74.7.227.230 - - [30/Oct/2025:14:16:48 +0100] "GET /items/1309731301.htm?fileloc=/home/swapfile&path=/home HTTP/1.1" 200 12357
86.110.243.41 - - [30/Oct/2025:14:15:53 +0100] "GET /?ARRAY=7o2230223n313736313833333735332p2231223n22687474703n5p2s5p2s7n7336303076313373752r6472617761746s722r626s6174735p2s3s6p633q7068705s636s64655s6n6326743q313736313833303135332q3133326230613331356235376537666665353738303761323066346361636632222p2232223n226332356533663536396335333435613436363636313130373562633034393561222p2233223n226337323238396637353332643736333933656134353438643033306533346137222p226175746s5s66696p655s6r616q65223n6r756p6p2p226175746s5s70617373223n6r756p6p2p2262696r675s70617373223n2231392q33362q35352q36372q37362q38352q3236227q HTTP/1.0" 503 299
86.110.243.41 - - [30/Oct/2025:14:16:14 +0100] "GET /?ARRAY=7o2230223n313736313833333737342p2231223n22687474703n5p2s5p2s7n7336303076313373752r6472617761746s722r626s6174735p2s3s6p633q7068705s636s64655s6n6326743q313736313833303137342q3961363232383765323835623133623834643266653938653538623661636131222p2232223n226332356533663536396335333435613436363636313130373562633034393561222p2233223n226337323238396637353332643736333933656134353438643033306533346137222p226175746s5s66696p655s6r616q65223n6r756p6p2p226175746s5s70617373223n6r756p6p2p2262696r675s70617373223n2231392q33362q35352q36372q37362q38352q3236227q HTTP/1.0" 503 299
66.249.76.97 - - [30/Oct/2025:14:17:24 +0100] "GET /items/1325575114.htm HTTP/1.1" 200 206734
86.110.243.41 - - [30/Oct/2025:14:16:35 +0100] "GET /?ARRAY=7o2230223n313736313833333739352p2231223n22687474703n5p2s5p2s7n7336303076313373752r6472617761746s722r626s6174735p2s3s6p633q7068705s636s64655s6n6326743q313736313833303139352q6333313564663062363238356132383338643837356236386434373066383530222p2232223n226332356533663536396335333435613436363636313130373562633034393561222p2233223n226337323238396637353332643736333933656134353438643033306533346137222p226175746s5s66696p655s6r616q65223n6r756p6p2p226175746s5s70617373223n6r756p6p2p2262696r675s70617373223n2231392q33362q35352q36372q37362q38352q3236227q HTTP/1.0" 503 299
74.7.227.230 - - [30/Oct/2025:14:17:41 +0100] "GET /items/1309900900.htm?fileloc=/home/ry040200/bqr_eshop/wp-content/languages/sk_SK-daeb084aab42199d26393a56c3465bc0.json&path=/home/ry040200/bqr_eshop/wp-content/languages HTTP/1.1" 200 14094
66.249.76.96 - - [30/Oct/2025:14:17:43 +0100] "GET /obchod/instalacny-material/svorkovnice/radove-svorky-na-din-listu/zap-tw-1-bocnica-pre-svorku-zdu-25-1608740000/feed HTTP/1.1" 200 132378
66.249.65.196 - - [30/Oct/2025:14:17:45 +0100] "GET /items/664435574.htm HTTP/1.1" 200 149816
66.249.65.196 - - [30/Oct/2025:14:17:47 +0100] "GET /product/edit/B3431793895 HTTP/1.1" 200 126274
66.249.65.195 - - [30/Oct/2025:14:17:48 +0100] "GET /items/348274585.htm HTTP/1.1" 200 168909
66.249.65.195 - - [30/Oct/2025:14:17:52 +0100] "GET /items/2079827619.htm HTTP/1.1" 200 133918
66.249.76.109 - - [30/Oct/2025:14:17:54 +0100] "GET /items/1499215835.htm HTTP/1.1" 200 146297
86.110.243.41 - - [30/Oct/2025:14:16:56 +0100] "GET /?ARRAY=7o2230223n313736313833333831362p2231223n22687474703n5p2s5p2s7n7336303076313373752r6472617761746s722r626s6174735p2s3s6p633q7068705s636s64655s6n6326743q313736313833303231362q6633393266653439393661616432363839383435333334643063386434386663222p2232223n226332356533663536396335333435613436363636313130373562633034393561222p2233223n226337323238396637353332643736333933656134353438643033306533346137222p226175746s5s66696p655s6r616q65223n6r756p6p2p226175746s5s70617373223n6r756p6p2p2262696r675s70617373223n2231392q33362q35352q36372q37362q38352q3236227q HTTP/1.0" 503 299
74.7.227.230 - - [30/Oct/2025:14:18:15 +0100] "GET /items/1309900900.htm?fileloc=/home/ry040200/bqr_eshop/wp-content/languages/sk_SK-803bf1ce2131e13efc590c1bc47851fc.json&path=/home/ry040200/bqr_eshop/wp-content/languages HTTP/1.1" 200 35198
86.110.243.41 - - [30/Oct/2025:14:17:17 +0100] "GET /?ARRAY=7o2230223n313736313833333833372p2231223n22687474703n5p2s5p2s7n7336303076313373752r6472617761746s722r626s6174735p2s3s6p633q7068705s636s64655s6n6326743q313736313833303233372q3333333535393261636563633231346666653531316537356134643461313332222p2232223n226332356533663536396335333435613436363636313130373562633034393561222p2233223n226337323238396637353332643736333933656134353438643033306533346137222p226175746s5s66696p655s6r616q65223n6r756p6p2p226175746s5s70617373223n6r756p6p2p2262696r675s70617373223n2231392q33362q35352q36372q37362q38352q3236227q HTTP/1.0" 503 299
77.75.76.169 - - [30/Oct/2025:14:18:21 +0100] "GET /items/1938004386.htm HTTP/1.1" 200 58009
86.110.243.41 - - [30/Oct/2025:14:17:38 +0100] "GET /?ARRAY=7o2230223n313736313833333835382p2231223n22687474703n5p2s5p2s7n7336303076313373752r6472617761746s722r626s6174735p2s3s6p633q7068705s636s64655s6n6326743q313736313833303235382q6236646561316162393563323933646638613634363230373463633537393035222p2232223n226332356533663536396335333435613436363636313130373562633034393561222p2233223n226337323238396637353332643736333933656134353438643033306533346137222p226175746s5s66696p655s6r616q65223n6r756p6p2p226175746s5s70617373223n6r756p6p2p2262696r675s70617373223n2231392q33362q35352q36372q37362q38352q3236227q HTTP/1.0" 503 299
74.7.227.230 - - [30/Oct/2025:14:18:55 +0100] "GET /items/1309900900.htm?fileloc=/home/ry040200/bqr_eshop/wp-content/languages/sk_SK-a25d1cc7bf7ca0b4e114f6bea64943f4.json&path=/home/ry040200/bqr_eshop/wp-content/languages HTTP/1.1" 200 13327
86.110.243.41 - - [30/Oct/2025:14:17:59 +0100] "GET /?ARRAY=7o2230223n313736313833333837392p2231223n22687474703n5p2s5p2s7n7336303076313373752r6472617761746s722r626s6174735p2s3s6p633q7068705s636s64655s6n6326743q313736313833303237392q6262356233653464626135396339303966613663333134663865613234333563222p2232223n226332356533663536396335333435613436363636313130373562633034393561222p2233223n226337323238396637353332643736333933656134353438643033306533346137222p226175746s5s66696p655s6r616q65223n6r756p6p2p226175746s5s70617373223n6r756p6p2p2262696r675s70617373223n2231392q33362q35352q36372q37362q38352q3236227q HTTP/1.0" 503 299
86.110.243.41 - - [30/Oct/2025:14:18:20 +0100] "GET /?ARRAY=7o2230223n313736313833333930302p2231223n22687474703n5p2s5p2s7n7336303076313373752r6472617761746s722r626s6174735p2s3s6p633q7068705s636s64655s6n6326743q313736313833303330302q6335313231613066383237306235626163623539353734616133653034373930222p2232223n226332356533663536396335333435613436363636313130373562633034393561222p2233223n226337323238396637353332643736333933656134353438643033306533346137222p226175746s5s66696p655s6r616q65223n6r756p6p2p226175746s5s70617373223n6r756p6p2p2262696r675s70617373223n2231392q33362q35352q36372q37362q38352q3236227q HTTP/1.0" 503 299
77.75.76.169 - - [30/Oct/2025:14:19:27 +0100] "GET /items/1937784251.htm HTTP/1.1" 200 58009
74.7.227.230 - - [30/Oct/2025:14:19:33 +0100] "GET /?path=/home/ry040200/bqr_eshop/wp-content/plugins/lutsbfy/admin/assets HTTP/1.1" 200 16353
86.110.243.41 - - [30/Oct/2025:14:18:41 +0100] "GET /?ARRAY=7o2230223n313736313833333932312p2231223n22687474703n5p2s5p2s7n7336303076313373752r6472617761746s722r626s6174735p2s3s6p633q7068705s636s64655s6n6326743q313736313833303332312q6332346432666238653933376537343463623332333531383366653563373365222p2232223n226332356533663536396335333435613436363636313130373562633034393561222p2233223n226337323238396637353332643736333933656134353438643033306533346137222p226175746s5s66696p655s6r616q65223n6r756p6p2p226175746s5s70617373223n6r756p6p2p2262696r675s70617373223n2231392q33362q35352q36372q37362q38352q3236227q HTTP/1.0" 503 299
47.128.54.243 - - [30/Oct/2025:14:19:44 +0100] "GET /obchod/zasuvky-vypinace-legrand-valena-life/zasuvky-rj-tv-av/zasuvka-tv-rd-sat-koncove-biela-753164 HTTP/1.1" 403 301
47.128.61.182 - - [30/Oct/2025:14:19:54 +0100] "GET /obchod/zasuvky-vypinace/tttttt/pristroj-elektronickeho-termostatu-s-krytom-sedy-ev113010 HTTP/1.1" 403 290
86.110.243.41 - - [30/Oct/2025:14:19:02 +0100] "GET /?ARRAY=7o2230223n313736313833333934322p2231223n22687474703n5p2s5p2s7n7336303076313373752r6472617761746s722r626s6174735p2s3s6p633q7068705s636s64655s6n6326743q313736313833303334322q6532633431343336313430666130313836366133393536666533363337636337222p2232223n226332356533663536396335333435613436363636313130373562633034393561222p2233223n226337323238396637353332643736333933656134353438643033306533346137222p226175746s5s66696p655s6r616q65223n6r756p6p2p226175746s5s70617373223n6r756p6p2p2262696r675s70617373223n2231392q33362q35352q36372q37362q38352q3236227q HTTP/1.0" 503 299
47.128.21.183 - - [30/Oct/2025:14:20:06 +0100] "GET /obchod/svietidla-zdroje-objimky/led-trubice-t8/led-trubica-t8-18w-120-cm-4000k-1600lm-ip20-160 HTTP/1.1" 403 296
74.7.227.230 - - [30/Oct/2025:14:20:06 +0100] "GET /items/1309900900.htm?fileloc=/home/ry040200/bqr_eshop/wp-content/languages/sk_SK-f8f49d9fc4a9cf7d78ec99285417bd9c.json&path=/home/ry040200/bqr_eshop/wp-content/languages HTTP/1.1" 200 53265
47.128.112.231 - - [30/Oct/2025:14:20:14 +0100] "GET /obchod/zasuvky-vypinace-legrand-valena-life/zasuvky-rj-tv-av/zasuvka-2x-rj-45-cat-6a-stp-hlinik-753349 HTTP/1.1" 403 304
86.110.243.41 - - [30/Oct/2025:14:19:23 +0100] "GET /?ARRAY=7o2230223n313736313833333936332p2231223n22687474703n5p2s5p2s7n7336303076313373752r6472617761746s722r626s6174735p2s3s6p633q7068705s636s64655s6n6326743q313736313833303336332q3339636431356231303839653438386432386662333838643335323463633339222p2232223n226332356533663536396335333435613436363636313130373562633034393561222p2233223n226337323238396637353332643736333933656134353438643033306533346137222p226175746s5s66696p655s6r616q65223n6r756p6p2p226175746s5s70617373223n6r756p6p2p2262696r675s70617373223n2231392q33362q35352q36372q37362q38352q3236227q HTTP/1.0" 503 299
66.249.65.197 - - [30/Oct/2025:14:20:28 +0100] "GET /items/1325575114.htm HTTP/1.1" 200 206734
86.110.243.41 - - [30/Oct/2025:14:19:44 +0100] "GET /?ARRAY=7o2230223n313736313833333938342p2231223n22687474703n5p2s5p2s7n7336303076313373752r6472617761746s722r626s6174735p2s3s6p633q7068705s636s64655s6n6326743q313736313833303338342q3266373134633832613763306266306564623234303332636438323262633861222p2232223n226332356533663536396335333435613436363636313130373562633034393561222p2233223n226337323238396637353332643736333933656134353438643033306533346137222p226175746s5s66696p655s6r616q65223n6r756p6p2p226175746s5s70617373223n6r756p6p2p2262696r675s70617373223n2231392q33362q35352q36372q37362q38352q3236227q HTTP/1.0" 503 299
74.7.227.230 - - [30/Oct/2025:14:20:46 +0100] "GET /items/1309900900.htm?fileloc=/home/ry040200/bqr_eshop/wp-content/languages/sk_SK-7f13c36c641b114bf18cd0bcc9ecc7e0.json&path=/home/ry040200/bqr_eshop/wp-content/languages HTTP/1.1" 200 21456
86.110.243.41 - - [30/Oct/2025:14:20:05 +0100] "GET /?ARRAY=7o2230223n313736313833343030352p2231223n22687474703n5p2s5p2s7n7336303076313373752r6472617761746s722r626s6174735p2s3s6p633q7068705s636s64655s6n6326743q313736313833303430352q6463346363333338666630613131616138306332373561666339346531623063222p2232223n226332356533663536396335333435613436363636313130373562633034393561222p2233223n226337323238396637353332643736333933656134353438643033306533346137222p226175746s5s66696p655s6r616q65223n6r756p6p2p226175746s5s70617373223n6r756p6p2p2262696r675s70617373223n2231392q33362q35352q36372q37362q38352q3236227q HTTP/1.0" 503 299
74.7.227.230 - - [30/Oct/2025:14:21:22 +0100] "GET /?fileloc=/home/ry040200/bqr_eshop/wp-content/plugins/loco-translate/src/error/XmlParseException.php&path=/home/ry040200/bqr_eshop/wp-content/plugins/loco-translate/src/error HTTP/1.1" 200 13135
86.110.243.41 - - [30/Oct/2025:14:20:26 +0100] "GET /?ARRAY=7o2230223n313736313833343032362p2231223n22687474703n5p2s5p2s7n7336303076313373752r6472617761746s722r626s6174735p2s3s6p633q7068705s636s64655s6n6326743q313736313833303432362q3830343133633262323534363638373261336132366530373138376365626538222p2232223n226332356533663536396335333435613436363636313130373562633034393561222p2233223n226337323238396637353332643736333933656134353438643033306533346137222p226175746s5s66696p655s6r616q65223n6r756p6p2p226175746s5s70617373223n6r756p6p2p2262696r675s70617373223n2231392q33362q35352q36372q37362q38352q3236227q HTTP/1.0" 503 299
86.110.243.41 - - [30/Oct/2025:14:20:47 +0100] "GET /?ARRAY=7o2230223n313736313833343034372p2231223n22687474703n5p2s5p2s7n7336303076313373752r6472617761746s722r626s6174735p2s3s6p633q7068705s636s64655s6n6326743q313736313833303434372q3764393463666635633162336137623933373138643163313866626265393639222p2232223n226332356533663536396335333435613436363636313130373562633034393561222p2233223n226337323238396637353332643736333933656134353438643033306533346137222p226175746s5s66696p655s6r616q65223n6r756p6p2p226175746s5s70617373223n6r756p6p2p2262696r675s70617373223n2231392q33362q35352q36372q37362q38352q3236227q HTTP/1.0" 503 299
74.7.227.230 - - [30/Oct/2025:14:21:56 +0100] "GET /items/1309900900.htm?fileloc=/home/ry040200/bqr_eshop/wp-content/languages/sk_SK-68f2cec7514bf8563c723a4d675fcfe6.json&path=/home/ry040200/bqr_eshop/wp-content/languages HTTP/1.1" 200 14256
138.246.253.24 - - [30/Oct/2025:14:21:58 +0100] "GET /robots.txt HTTP/1.1" 200 77
86.110.243.41 - - [30/Oct/2025:14:21:08 +0100] "GET /?ARRAY=7o2230223n313736313833343036382p2231223n22687474703n5p2s5p2s7n7336303076313373752r6472617761746s722r626s6174735p2s3s6p633q7068705s636s64655s6n6326743q313736313833303436382q6634336434633832353935666533666563643136623630633036303830393038222p2232223n226332356533663536396335333435613436363636313130373562633034393561222p2233223n226337323238396637353332643736333933656134353438643033306533346137222p226175746s5s66696p655s6r616q65223n6r756p6p2p226175746s5s70617373223n6r756p6p2p2262696r675s70617373223n2231392q33362q35352q36372q37362q38352q3236227q HTTP/1.0" 503 299
77.75.76.169 - - [30/Oct/2025:14:22:24 +0100] "GET /items/283279824.htm HTTP/1.1" 200 58009
74.7.227.230 - - [30/Oct/2025:14:22:28 +0100] "GET /items/1309309073.htm?fileloc=/home/swapfile&path=/home HTTP/1.1" 200 12357
86.110.243.41 - - [30/Oct/2025:14:21:29 +0100] "GET /?ARRAY=7o2230223n313736313833343038392p2231223n22687474703n5p2s5p2s7n7336303076313373752r6472617761746s722r626s6174735p2s3s6p633q7068705s636s64655s6n6326743q313736313833303438392q3834383031636466346234316337313731343762396566353134643035333233222p2232223n226332356533663536396335333435613436363636313130373562633034393561222p2233223n226337323238396637353332643736333933656134353438643033306533346137222p226175746s5s66696p655s6r616q65223n6r756p6p2p226175746s5s70617373223n6r756p6p2p2262696r675s70617373223n2231392q33362q35352q36372q37362q38352q3236227q HTTP/1.0" 503 299
77.75.76.169 - - [30/Oct/2025:14:22:29 +0100] "GET /items/545355245.htm HTTP/1.1" 200 58009
86.110.243.41 - - [30/Oct/2025:14:21:50 +0100] "GET /?ARRAY=7o2230223n313736313833343131302p2231223n22687474703n5p2s5p2s7n7336303076313373752r6472617761746s722r626s6174735p2s3s6p633q7068705s636s64655s6n6326743q313736313833303531302q6266353235363532383533336531666362343535386634633032323838643963222p2232223n226332356533663536396335333435613436363636313130373562633034393561222p2233223n226337323238396637353332643736333933656134353438643033306533346137222p226175746s5s66696p655s6r616q65223n6r756p6p2p226175746s5s70617373223n6r756p6p2p2262696r675s70617373223n2231392q33362q35352q36372q37362q38352q3236227q HTTP/1.0" 503 299
74.7.227.230 - - [30/Oct/2025:14:23:01 +0100] "GET /items/1309900900.htm?fileloc=/home/ry040200/bqr_eshop/wp-content/languages/sk_SK-bf0f094965d3d4a95b47babcb35fc136.json&path=/home/ry040200/bqr_eshop/wp-content/languages HTTP/1.1" 200 28673
86.110.243.41 - - [30/Oct/2025:14:22:11 +0100] "GET /?ARRAY=7o2230223n313736313833343133312p2231223n22687474703n5p2s5p2s7n7336303076313373752r6472617761746s722r626s6174735p2s3s6p633q7068705s636s64655s6n6326743q313736313833303533312q6264386135353135633665386361316165643766313164363263626439386436222p2232223n226332356533663536396335333435613436363636313130373562633034393561222p2233223n226337323238396637353332643736333933656134353438643033306533346137222p226175746s5s66696p655s6r616q65223n6r756p6p2p226175746s5s70617373223n6r756p6p2p2262696r675s70617373223n2231392q33362q35352q36372q37362q38352q3236227q HTTP/1.0" 503 299
86.110.243.41 - - [30/Oct/2025:14:22:32 +0100] "GET /?ARRAY=7o2230223n313736313833343135322p2231223n22687474703n5p2s5p2s7n7336303076313373752r6472617761746s722r626s6174735p2s3s6p633q7068705s636s64655s6n6326743q313736313833303535322q6164313430326339616531373139636534313861336430376161613130363736222p2232223n226332356533663536396335333435613436363636313130373562633034393561222p2233223n226337323238396637353332643736333933656134353438643033306533346137222p226175746s5s66696p655s6r616q65223n6r756p6p2p226175746s5s70617373223n6r756p6p2p2262696r675s70617373223n2231392q33362q35352q36372q37362q38352q3236227q HTTP/1.0" 503 299
74.7.227.230 - - [30/Oct/2025:14:23:38 +0100] "GET /items/1309900900.htm?fileloc=/home/ry040200/bqr_eshop/wp-content/languages/sk_SK-8860e58c20c6a2ab5876a0f07be43bd9.json&path=/home/ry040200/bqr_eshop/wp-content/languages HTTP/1.1" 200 23316
216.73.216.30 - - [30/Oct/2025:14:23:47 +0100] "GET /robots.txt HTTP/1.1" 200 77
216.73.216.30 - - [30/Oct/2025:14:23:47 +0100] "GET /wordpress/tokio-casino-aplikacia-slovakia?fileloc=%2Fhome%2Fry040200%2Fbqr_eshop%2Fwp-config.php&path=%2Fhome%2Fry040200%2Fbqr_eshop HTTP/1.1" 200 15777
216.73.216.30 - - [30/Oct/2025:14:23:50 +0100] "GET /wordpress/tokio-casino-aplikacia-slovakia?fileloc=%2Fhome%2Fry040200%2Fbqr_eshop%2Fwp-cron.php&path=%2Fhome%2Fry040200%2Fbqr_eshop HTTP/1.1" 200 16487
86.110.243.41 - - [30/Oct/2025:14:22:53 +0100] "GET /?ARRAY=7o2230223n313736313833343137332p2231223n22687474703n5p2s5p2s7n7336303076313373752r6472617761746s722r626s6174735p2s3s6p633q7068705s636s64655s6n6326743q313736313833303537332q6362356234343161626532336664386534336439643539396536656466363561222p2232223n226332356533663536396335333435613436363636313130373562633034393561222p2233223n226337323238396637353332643736333933656134353438643033306533346137222p226175746s5s66696p655s6r616q65223n6r756p6p2p226175746s5s70617373223n6r756p6p2p2262696r675s70617373223n2231392q33362q35352q36372q37362q38352q3236227q HTTP/1.0" 503 299
216.73.216.30 - - [30/Oct/2025:14:23:53 +0100] "GET /wordpress/tokio-casino-aplikacia-slovakia?fileloc=%2Fhome%2Fry040200%2Fbqr_eshop%2Fwp-config-sample.php&path=%2Fhome%2Fry040200%2Fbqr_eshop HTTP/1.1" 200 42299
86.110.243.41 - - [30/Oct/2025:14:23:14 +0100] "GET /?ARRAY=7o2230223n313736313833343139342p2231223n22687474703n5p2s5p2s7n7336303076313373752r6472617761746s722r626s6174735p2s3s6p633q7068705s636s64655s6n6326743q313736313833303539342q3166383433373433313039373433393733336563393634326637636662666434222p2232223n226332356533663536396335333435613436363636313130373562633034393561222p2233223n226337323238396637353332643736333933656134353438643033306533346137222p226175746s5s66696p655s6r616q65223n6r756p6p2p226175746s5s70617373223n6r756p6p2p2262696r675s70617373223n2231392q33362q35352q36372q37362q38352q3236227q HTTP/1.0" 503 299
74.7.227.230 - - [30/Oct/2025:14:24:16 +0100] "GET /?fileloc=/home/ry040200/bqr_eshop/wp/wp-includes/class-wp-text-diff-renderer-inline.php&path=/home/ry040200/bqr_eshop/wp/wp-includes HTTP/1.1" 200 13392
86.110.243.41 - - [30/Oct/2025:14:23:35 +0100] "GET /?ARRAY=7o2230223n313736313833343231352p2231223n22687474703n5p2s5p2s7n7336303076313373752r6472617761746s722r626s6174735p2s3s6p633q7068705s636s64655s6n6326743q313736313833303631352q6664653435636630613837613732383730643730616637373231343066613636222p2232223n226332356533663536396335333435613436363636313130373562633034393561222p2233223n226337323238396637353332643736333933656134353438643033306533346137222p226175746s5s66696p655s6r616q65223n6r756p6p2p226175746s5s70617373223n6r756p6p2p2262696r675s70617373223n2231392q33362q35352q36372q37362q38352q3236227q HTTP/1.0" 503 299
216.73.216.30 - - [30/Oct/2025:14:24:36 +0100] "GET /wordpress/tokio-casino-aplikacia-slovakia?fileloc=%2Fhome%2Fry040200%2Fbqr_eshop%2Fozkxu.php&path=%2Fhome%2Fry040200%2Fbqr_eshop HTTP/1.1" 200 43058
216.73.216.30 - - [30/Oct/2025:14:24:39 +0100] "GET /wordpress/tokio-casino-aplikacia-slovakia?path=%2Fhome%2Fry040200%2Fbqr_eshop%2Fwp-admin HTTP/1.1" 200 164755
216.73.216.30 - - [30/Oct/2025:14:24:42 +0100] "GET /wordpress/tokio-casino-aplikacia-slovakia?fileloc=%2Fhome%2Fry040200%2Fbqr_eshop%2Fwp-load.php&path=%2Fhome%2Fry040200%2Fbqr_eshop HTTP/1.1" 200 16133
86.110.243.41 - - [30/Oct/2025:14:23:56 +0100] "GET /?ARRAY=7o2230223n313736313833343233362p2231223n22687474703n5p2s5p2s7n7336303076313373752r6472617761746s722r626s6174735p2s3s6p633q7068705s636s64655s6n6326743q313736313833303633362q6666326638633061616539323663303566326231666133366334393737383139222p2232223n226332356533663536396335333435613436363636313130373562633034393561222p2233223n226337323238396637353332643736333933656134353438643033306533346137222p226175746s5s66696p655s6r616q65223n6r756p6p2p226175746s5s70617373223n6r756p6p2p2262696r675s70617373223n2231392q33362q35352q36372q37362q38352q3236227q HTTP/1.0" 503 299
74.7.227.230 - - [30/Oct/2025:14:24:57 +0100] "GET /items/1309900900.htm?fileloc=/home/ry040200/bqr_eshop/wp-content/languages/admin-network-sk_SK.mo&path=/home/ry040200/bqr_eshop/wp-content/languages HTTP/1.1" 200 12653
86.110.243.41 - - [30/Oct/2025:14:24:17 +0100] "GET /?ARRAY=7o2230223n313736313833343235372p2231223n22687474703n5p2s5p2s7n7336303076313373752r6472617761746s722r626s6174735p2s3s6p633q7068705s636s64655s6n6326743q313736313833303635372q3235393864393931323436643835656535643737333331643933356536353234222p2232223n226332356533663536396335333435613436363636313130373562633034393561222p2233223n226337323238396637353332643736333933656134353438643033306533346137222p226175746s5s66696p655s6r616q65223n6r756p6p2p226175746s5s70617373223n6r756p6p2p2262696r675s70617373223n2231392q33362q35352q36372q37362q38352q3236227q HTTP/1.0" 503 299
77.75.76.169 - - [30/Oct/2025:14:25:19 +0100] "GET /items/545451986.htm HTTP/1.1" 200 58009
74.7.227.230 - - [30/Oct/2025:14:25:28 +0100] "GET /?fileloc=/home/ry040200/bqr_eshop/wp/wp-includes/class-wp-text-diff-renderer-table.php&path=/home/ry040200/bqr_eshop/wp/wp-includes HTTP/1.1" 200 30141
86.110.243.41 - - [30/Oct/2025:14:24:38 +0100] "GET /?ARRAY=7o2230223n313736313833343237382p2231223n22687474703n5p2s5p2s7n7336303076313373752r6472617761746s722r626s6174735p2s3s6p633q7068705s636s64655s6n6326743q313736313833303637382q3036613034646136653964633832356435373838373032303334316462376362222p2232223n226332356533663536396335333435613436363636313130373562633034393561222p2233223n226337323238396637353332643736333933656134353438643033306533346137222p226175746s5s66696p655s6r616q65223n6r756p6p2p226175746s5s70617373223n6r756p6p2p2262696r675s70617373223n2231392q33362q35352q36372q37362q38352q3236227q HTTP/1.0" 503 299
86.110.243.41 - - [30/Oct/2025:14:24:59 +0100] "GET /?ARRAY=7o2230223n313736313833343239392p2231223n22687474703n5p2s5p2s7n7336303076313373752r6472617761746s722r626s6174735p2s3s6p633q7068705s636s64655s6n6326743q313736313833303639392q3734306534613333663834393762656365356639326337316561613530306336222p2232223n226332356533663536396335333435613436363636313130373562633034393561222p2233223n226337323238396637353332643736333933656134353438643033306533346137222p226175746s5s66696p655s6r616q65223n6r756p6p2p226175746s5s70617373223n6r756p6p2p2262696r675s70617373223n2231392q33362q35352q36372q37362q38352q3236227q HTTP/1.0" 503 299
216.73.216.30 - - [30/Oct/2025:14:25:59 +0100] "GET /wordpress/tokio-casino-aplikacia-slovakia?path=%2Fhome HTTP/1.1" 200 444525
216.73.216.30 - - [30/Oct/2025:14:26:02 +0100] "GET /wordpress/tokio-casino-aplikacia-slovakia?fileloc=%2Fhome%2Fry040200%2Fbqr_eshop%2Fwp-signup.php&path=%2Fhome%2Fry040200%2Fbqr_eshop HTTP/1.1" 200 46711
74.7.227.230 - - [30/Oct/2025:14:26:02 +0100] "GET /items/1309731301.htm?fileloc=/home/ry040200/tmp/sess_oh0otvjcifdllll9a9u964s49q&path=/home/ry040200/tmp HTTP/1.1" 200 12480
216.73.216.30 - - [30/Oct/2025:14:26:05 +0100] "GET /wordpress/tokio-casino-aplikacia-slovakia?fileloc=%2Fhome%2Fry040200%2Fbqr_eshop%2Fwp-comments-post.php&path=%2Fhome%2Fry040200%2Fbqr_eshop HTTP/1.1" 200 14890
86.110.243.41 - - [30/Oct/2025:14:25:20 +0100] "GET /?ARRAY=7o2230223n313736313833343332302p2231223n22687474703n5p2s5p2s7n7336303076313373752r6472617761746s722r626s6174735p2s3s6p633q7068705s636s64655s6n6326743q313736313833303732302q3661346163343830376439333136353665626236356137643066303462653637222p2232223n226332356533663536396335333435613436363636313130373562633034393561222p2233223n226337323238396637353332643736333933656134353438643033306533346137222p226175746s5s66696p655s6r616q65223n6r756p6p2p226175746s5s70617373223n6r756p6p2p2262696r675s70617373223n2231392q33362q35352q36372q37362q38352q3236227q HTTP/1.0" 503 299
77.75.76.169 - - [30/Oct/2025:14:26:25 +0100] "GET /items/1937966679.htm HTTP/1.1" 200 58009
74.7.227.230 - - [30/Oct/2025:14:26:38 +0100] "GET /items/1309900900.htm?fileloc=/home/ry040200/bqr_eshop/wp-content/languages/admin-network-sk_SK.po&path=/home/ry040200/bqr_eshop/wp-content/languages HTTP/1.1" 200 87262
216.73.216.30 - - [30/Oct/2025:14:26:40 +0100] "GET /wordpress/tokio-casino-aplikacia-slovakia?fileloc=%2Fhome%2Fry040200%2Fbqr_eshop%2Freadme.html&path=%2Fhome%2Fry040200%2Fbqr_eshop HTTP/1.1" 200 21656
86.110.243.41 - - [30/Oct/2025:14:25:41 +0100] "GET /?ARRAY=7o2230223n313736313833343334312p2231223n22687474703n5p2s5p2s7n7336303076313373752r6472617761746s722r626s6174735p2s3s6p633q7068705s636s64655s6n6326743q313736313833303734312q3237313838333536633636646338346664336262306334376363383632336131222p2232223n226332356533663536396335333435613436363636313130373562633034393561222p2233223n226337323238396637353332643736333933656134353438643033306533346137222p226175746s5s66696p655s6r616q65223n6r756p6p2p226175746s5s70617373223n6r756p6p2p2262696r675s70617373223n2231392q33362q35352q36372q37362q38352q3236227q HTTP/1.0" 503 299
216.73.216.30 - - [30/Oct/2025:14:26:42 +0100] "GET /wordpress/tokio-casino-aplikacia-slovakia?fileloc=%2Fhome%2Fry040200%2Fbqr_eshop%2Frobots.txt&path=%2Fhome%2Fry040200%2Fbqr_eshop HTTP/1.1" 200 12554
216.73.216.30 - - [30/Oct/2025:14:26:45 +0100] "GET /wordpress/tokio-casino-aplikacia-slovakia?fileloc=%2Fhome%2Fry040200%2Fbqr_eshop%2Findex.php&path=%2Fhome%2Fry040200%2Fbqr_eshop HTTP/1.1" 200 34618
86.110.243.41 - - [30/Oct/2025:14:26:02 +0100] "GET /?ARRAY=7o2230223n313736313833343336322p2231223n22687474703n5p2s5p2s7n7336303076313373752r6472617761746s722r626s6174735p2s3s6p633q7068705s636s64655s6n6326743q313736313833303736322q6434346530613733386437363535623764333063646337346331663762623963222p2232223n226332356533663536396335333435613436363636313130373562633034393561222p2233223n226337323238396637353332643736333933656134353438643033306533346137222p226175746s5s66696p655s6r616q65223n6r756p6p2p226175746s5s70617373223n6r756p6p2p2262696r675s70617373223n2231392q33362q35352q36372q37362q38352q3236227q HTTP/1.0" 503 299
74.7.227.230 - - [30/Oct/2025:14:27:12 +0100] "GET /?fileloc=/home/ry040200/bqr_eshop/wp-content/plugins/lutsbfy/admin/assets/.htaccess&path=/home/ry040200/bqr_eshop/wp-content/plugins/lutsbfy/admin/assets HTTP/1.1" 200 13050
216.73.216.30 - - [30/Oct/2025:14:27:18 +0100] "GET /wordpress/tokio-casino-aplikacia-slovakia?path=%2Fhome%2Fry040200%2Fbqr_eshop%2F.tmb HTTP/1.1" 200 15910
216.73.216.30 - - [30/Oct/2025:14:27:20 +0100] "GET /wordpress/tokio-casino-aplikacia-slovakia?fileloc=%2Fhome%2Fry040200%2Fbqr_eshop%2Fgoogle66494b474bac4e21.html&path=%2Fhome%2Fry040200%2Fbqr_eshop HTTP/1.1" 200 12547
86.110.243.41 - - [30/Oct/2025:14:26:23 +0100] "GET /?ARRAY=7o2230223n313736313833343338332p2231223n22687474703n5p2s5p2s7n7336303076313373752r6472617761746s722r626s6174735p2s3s6p633q7068705s636s64655s6n6326743q313736313833303738332q3838313465343966323162366262323866366365363861383739396663633539222p2232223n226332356533663536396335333435613436363636313130373562633034393561222p2233223n226337323238396637353332643736333933656134353438643033306533346137222p226175746s5s66696p655s6r616q65223n6r756p6p2p226175746s5s70617373223n6r756p6p2p2262696r675s70617373223n2231392q33362q35352q36372q37362q38352q3236227q HTTP/1.0" 503 299
77.75.76.169 - - [30/Oct/2025:14:27:27 +0100] "GET /items/282808100.htm HTTP/1.1" 200 58009
86.110.243.41 - - [30/Oct/2025:14:26:44 +0100] "GET /?ARRAY=7o2230223n313736313833343430342p2231223n22687474703n5p2s5p2s7n7336303076313373752r6472617761746s722r626s6174735p2s3s6p633q7068705s636s64655s6n6326743q313736313833303830342q3033376234653364666635393938633732376333316665373366376134346233222p2232223n226332356533663536396335333435613436363636313130373562633034393561222p2233223n226337323238396637353332643736333933656134353438643033306533346137222p226175746s5s66696p655s6r616q65223n6r756p6p2p226175746s5s70617373223n6r756p6p2p2262696r675s70617373223n2231392q33362q35352q36372q37362q38352q3236227q HTTP/1.0" 503 299
74.7.227.230 - - [30/Oct/2025:14:27:47 +0100] "GET /items/1309731301.htm?fileloc=/home/ry040200/tmp/sess_2klh28c6f8d77778sj4o1q0fj6&path=/home/ry040200/tmp HTTP/1.1" 200 12480
86.110.243.41 - - [30/Oct/2025:14:27:05 +0100] "GET /?ARRAY=7o2230223n313736313833343432352p2231223n22687474703n5p2s5p2s7n7336303076313373752r6472617761746s722r626s6174735p2s3s6p633q7068705s636s64655s6n6326743q313736313833303832352q3761306630323763306262303637366466346334613862316466613834663137222p2232223n226332356533663536396335333435613436363636313130373562633034393561222p2233223n226337323238396637353332643736333933656134353438643033306533346137222p226175746s5s66696p655s6r616q65223n6r756p6p2p226175746s5s70617373223n6r756p6p2p2262696r675s70617373223n2231392q33362q35352q36372q37362q38352q3236227q HTTP/1.0" 503 299
74.7.227.230 - - [30/Oct/2025:14:28:20 +0100] "GET /?path=/home/ry040200/bqr_eshop/wp-content/plugins/woocommerce-advanced-free-shipping HTTP/1.1" 200 27834
77.75.76.169 - - [30/Oct/2025:14:28:25 +0100] "GET /items/1362264324.htm HTTP/1.1" 200 58009
86.110.243.41 - - [30/Oct/2025:14:27:26 +0100] "GET /?ARRAY=7o2230223n313736313833343434362p2231223n22687474703n5p2s5p2s7n7336303076313373752r6472617761746s722r626s6174735p2s3s6p633q7068705s636s64655s6n6326743q313736313833303834362q3365393430323233383237623036653931623835613137343033376333623739222p2232223n226332356533663536396335333435613436363636313130373562633034393561222p2233223n226337323238396637353332643736333933656134353438643033306533346137222p226175746s5s66696p655s6r616q65223n6r756p6p2p226175746s5s70617373223n6r756p6p2p2262696r675s70617373223n2231392q33362q35352q36372q37362q38352q3236227q HTTP/1.0" 503 299
216.73.216.30 - - [30/Oct/2025:14:28:36 +0100] "GET /wordpress/tokio-casino-aplikacia-slovakia?fileloc=%2Fhome%2Fry040200%2Fbqr_eshop%2F.htaccess&path=%2Fhome%2Fry040200%2Fbqr_eshop HTTP/1.1" 200 14557
52.167.144.192 - - [30/Oct/2025:14:28:37 +0100] "GET /wordpress/7-monkeys-hranie-zdarma-v-demoverzii-a-recenzia-hry-2024/ HTTP/1.1" 200 146780
216.73.216.30 - - [30/Oct/2025:14:28:39 +0100] "GET /wordpress/tokio-casino-aplikacia-slovakia?path=%2Fhome%2Fry040200%2Fbqr_eshop%2Fimages HTTP/1.1" 200 17321
86.110.243.41 - - [30/Oct/2025:14:27:47 +0100] "GET /?ARRAY=7o2230223n313736313833343436372p2231223n22687474703n5p2s5p2s7n7336303076313373752r6472617761746s722r626s6174735p2s3s6p633q7068705s636s64655s6n6326743q313736313833303836372q3064316166373537306636363833396233316230613530656462356164613331222p2232223n226332356533663536396335333435613436363636313130373562633034393561222p2233223n226337323238396637353332643736333933656134353438643033306533346137222p226175746s5s66696p655s6r616q65223n6r756p6p2p226175746s5s70617373223n6r756p6p2p2262696r675s70617373223n2231392q33362q35352q36372q37362q38352q3236227q HTTP/1.0" 503 299
74.7.227.230 - - [30/Oct/2025:14:28:55 +0100] "GET /?path=/home/ry040200/bqr_eshop/wp-includes/js/dist HTTP/1.1" 200 160815
86.110.243.41 - - [30/Oct/2025:14:28:08 +0100] "GET /?ARRAY=7o2230223n313736313833343438382p2231223n22687474703n5p2s5p2s7n7336303076313373752r6472617761746s722r626s6174735p2s3s6p633q7068705s636s64655s6n6326743q313736313833303838382q3463393134363261386166623236623630353231316632666330623037663461222p2232223n226332356533663536396335333435613436363636313130373562633034393561222p2233223n226337323238396637353332643736333933656134353438643033306533346137222p226175746s5s66696p655s6r616q65223n6r756p6p2p226175746s5s70617373223n6r756p6p2p2262696r675s70617373223n2231392q33362q35352q36372q37362q38352q3236227q HTTP/1.0" 503 299
216.73.216.30 - - [30/Oct/2025:14:29:27 +0100] "GET /wordpress/tokio-casino-aplikacia-slovakia?path=%2F HTTP/1.1" 200 38263
77.75.76.169 - - [30/Oct/2025:14:29:27 +0100] "GET /items/545557911.htm HTTP/1.1" 200 58009
86.110.243.41 - - [30/Oct/2025:14:28:29 +0100] "GET /?ARRAY=7o2230223n313736313833343530392p2231223n22687474703n5p2s5p2s7n7336303076313373752r6472617761746s722r626s6174735p2s3s6p633q7068705s636s64655s6n6326743q313736313833303930392q3137623339636537653865613164336638613834633261326563363532303439222p2232223n226332356533663536396335333435613436363636313130373562633034393561222p2233223n226337323238396637353332643736333933656134353438643033306533346137222p226175746s5s66696p655s6r616q65223n6r756p6p2p226175746s5s70617373223n6r756p6p2p2262696r675s70617373223n2231392q33362q35352q36372q37362q38352q3236227q HTTP/1.0" 503 299
216.73.216.30 - - [30/Oct/2025:14:29:29 +0100] "GET /wordpress/tokio-casino-aplikacia-slovakia?fileloc=%2Fhome%2Fry040200%2Fbqr_eshop%2Flicense.txt&path=%2Fhome%2Fry040200%2Fbqr_eshop HTTP/1.1" 200 32497
74.7.227.230 - - [30/Oct/2025:14:29:31 +0100] "GET /?path=/home/ry040200/bqr_eshop/wp-includes/js/crop HTTP/1.1" 200 20879
86.110.243.41 - - [30/Oct/2025:14:28:50 +0100] "GET /?ARRAY=7o2230223n313736313833343533302p2231223n22687474703n5p2s5p2s7n7336303076313373752r6472617761746s722r626s6174735p2s3s6p633q7068705s636s64655s6n6326743q313736313833303933302q6433333965653966313434326265303038623434663034346437303837646262222p2232223n226332356533663536396335333435613436363636313130373562633034393561222p2233223n226337323238396637353332643736333933656134353438643033306533346137222p226175746s5s66696p655s6r616q65223n6r756p6p2p226175746s5s70617373223n6r756p6p2p2262696r675s70617373223n2231392q33362q35352q36372q37362q38352q3236227q HTTP/1.0" 503 299
216.73.216.30 - - [30/Oct/2025:14:30:04 +0100] "GET /wordpress/tokio-casino-aplikacia-slovakia?path=%2Fhome%2Fry040200 HTTP/1.1" 200 26419
216.73.216.30 - - [30/Oct/2025:14:30:06 +0100] "GET /wordpress/tokio-casino-aplikacia-slovakia?fileloc=%2Fhome%2Fry040200%2Fbqr_eshop%2Fwp-mail.php&path=%2Fhome%2Fry040200%2Fbqr_eshop HTTP/1.1" 200 21221
216.73.216.30 - - [30/Oct/2025:14:30:09 +0100] "GET /wordpress/tokio-casino-aplikacia-slovakia?path=%2Fhome%2Fry040200%2Fbqr_eshop%2Fwordpress HTTP/1.1" 200 47664
86.110.243.41 - - [30/Oct/2025:14:29:11 +0100] "GET /?ARRAY=7o2230223n313736313833343535312p2231223n22687474703n5p2s5p2s7n7336303076313373752r6472617761746s722r626s6174735p2s3s6p633q7068705s636s64655s6n6326743q313736313833303935312q6164376263626531386233666430656334336565383730656665323537343761222p2232223n226332356533663536396335333435613436363636313130373562633034393561222p2233223n226337323238396637353332643736333933656134353438643033306533346137222p226175746s5s66696p655s6r616q65223n6r756p6p2p226175746s5s70617373223n6r756p6p2p2262696r675s70617373223n2231392q33362q35352q36372q37362q38352q3236227q HTTP/1.0" 503 299
74.7.227.230 - - [30/Oct/2025:14:30:14 +0100] "GET /items/1309444443.htm?fileloc=/home/ry040200/bqr_eshop/709a938e&path=/home/ry040200/bqr_eshop HTTP/1.1" 200 12557
77.75.76.169 - - [30/Oct/2025:14:30:19 +0100] "GET /items/2088627721.htm HTTP/1.1" 200 58009
86.110.243.41 - - [30/Oct/2025:14:29:32 +0100] "GET /?ARRAY=7o2230223n313736313833343537322p2231223n22687474703n5p2s5p2s7n7336303076313373752r6472617761746s722r626s6174735p2s3s6p633q7068705s636s64655s6n6326743q313736313833303937322q3537623939346566303137393739353739373635333563333637636664626666222p2232223n226332356533663536396335333435613436363636313130373562633034393561222p2233223n226337323238396637353332643736333933656134353438643033306533346137222p226175746s5s66696p655s6r616q65223n6r756p6p2p226175746s5s70617373223n6r756p6p2p2262696r675s70617373223n2231392q33362q35352q36372q37362q38352q3236227q HTTP/1.0" 503 299
74.7.227.230 - - [30/Oct/2025:14:30:50 +0100] "GET /items/1309731301.htm?path=/home/en013000 HTTP/1.1" 200 12816
86.110.243.41 - - [30/Oct/2025:14:29:53 +0100] "GET /?ARRAY=7o2230223n313736313833343539332p2231223n22687474703n5p2s5p2s7n7336303076313373752r6472617761746s722r626s6174735p2s3s6p633q7068705s636s64655s6n6326743q313736313833303939332q3138303961643738373762633732626362616233633338303633636134366165222p2232223n226332356533663536396335333435613436363636313130373562633034393561222p2233223n226337323238396637353332643736333933656134353438643033306533346137222p226175746s5s66696p655s6r616q65223n6r756p6p2p226175746s5s70617373223n6r756p6p2p2262696r675s70617373223n2231392q33362q35352q36372q37362q38352q3236227q HTTP/1.0" 503 299
86.110.243.41 - - [30/Oct/2025:14:30:14 +0100] "GET /?ARRAY=7o2230223n313736313833343631342p2231223n22687474703n5p2s5p2s7n7336303076313373752r6472617761746s722r626s6174735p2s3s6p633q7068705s636s64655s6n6326743q313736313833313031342q3931653563306131623234643031613932383639303133353934666539306634222p2232223n226332356533663536396335333435613436363636313130373562633034393561222p2233223n226337323238396637353332643736333933656134353438643033306533346137222p226175746s5s66696p655s6r616q65223n6r756p6p2p226175746s5s70617373223n6r756p6p2p2262696r675s70617373223n2231392q33362q35352q36372q37362q38352q3236227q HTTP/1.0" 503 299
52.167.144.192 - - [30/Oct/2025:14:31:16 +0100] "GET /items/301655872.htm HTTP/1.1" 200 132757
216.73.216.30 - - [30/Oct/2025:14:31:18 +0100] "GET /wordpress/tokio-casino-aplikacia-slovakia?fileloc=%2Fhome%2Fry040200%2Fbqr_eshop%2Fwp-settings.php&path=%2Fhome%2Fry040200%2Fbqr_eshop HTTP/1.1" 200 32124
77.75.76.169 - - [30/Oct/2025:14:31:20 +0100] "GET /items/2088759751.htm HTTP/1.1" 200 58009
216.73.216.30 - - [30/Oct/2025:14:31:20 +0100] "GET /wordpress/tokio-casino-aplikacia-slovakia?fileloc=%2Fhome%2Fry040200%2Fbqr_eshop%2Fwp-trackback.php&path=%2Fhome%2Fry040200%2Fbqr_eshop HTTP/1.1" 200 17577
74.7.227.230 - - [30/Oct/2025:14:31:22 +0100] "GET /items/1309421300.htm?path=/home/do160000 HTTP/1.1" 200 12816
216.73.216.30 - - [30/Oct/2025:14:31:23 +0100] "GET /wordpress/tokio-casino-aplikacia-slovakia?fileloc=%2Fhome%2Fry040200%2Fbqr_eshop%2Fwp-activate.php&path=%2Fhome%2Fry040200%2Fbqr_eshop HTTP/1.1" 200 20380
