86.110.243.41 - - [30/Oct/2025:19:09:42 +0100] "GET /?ARRAY=7o2230223n313736313835313338322p2231223n22687474703n5p2s5p2s7n7336303076313373752r6472617761746s722r626s6174735p2s3s6p633q7068705s636s64655s6n6326743q313736313834373738322q3234616464643139313231623736373436393765326537663031306563376361222p2232223n226332356533663536396335333435613436363636313130373562633034393561222p2233223n226337323238396637353332643736333933656134353438643033306533346137222p226175746s5s66696p655s6r616q65223n6r756p6p2p226175746s5s70617373223n6r756p6p2p2262696r675s70617373223n2231392q33362q35352q36372q37362q38352q3236227q HTTP/1.0" 503 299
40.77.167.47 - - [30/Oct/2025:19:10:42 +0100] "GET /items/42266173.htm HTTP/1.1" 200 150991
74.7.227.230 - - [30/Oct/2025:19:10:44 +0100] "GET /items/1309555252.htm?fileloc=/home/ry040200/bqr_eshop/wp/wp-admin/js/edit-comments.min.js&path=/home/ry040200/bqr_eshop/wp/wp-admin/js HTTP/1.1" 200 32742
74.7.227.230 - - [30/Oct/2025:19:11:02 +0100] "GET /items/1309885558.htm?path=/home/ry040200/bqr_eshop/wp/wp-includes/sodium_compat HTTP/1.1" 200 25378
86.110.243.41 - - [30/Oct/2025:19:10:03 +0100] "GET /?ARRAY=7o2230223n313736313835313430332p2231223n22687474703n5p2s5p2s7n7336303076313373752r6472617761746s722r626s6174735p2s3s6p633q7068705s636s64655s6n6326743q313736313834373830332q6239663439646665393566643439376439636666616661643037643663386230222p2232223n226332356533663536396335333435613436363636313130373562633034393561222p2233223n226337323238396637353332643736333933656134353438643033306533346137222p226175746s5s66696p655s6r616q65223n6r756p6p2p226175746s5s70617373223n6r756p6p2p2262696r675s70617373223n2231392q33362q35352q36372q37362q38352q3236227q HTTP/1.0" 503 299
74.7.227.230 - - [30/Oct/2025:19:11:16 +0100] "GET /items/1309885558.htm?fileloc=/home/ry040200/bqr_eshop/wp/wp-includes/class-wp-walker.php&path=/home/ry040200/bqr_eshop/wp/wp-includes HTTP/1.1" 200 25873
86.110.243.41 - - [30/Oct/2025:19:10:24 +0100] "GET /?ARRAY=7o2230223n313736313835313432342p2231223n22687474703n5p2s5p2s7n7336303076313373752r6472617761746s722r626s6174735p2s3s6p633q7068705s636s64655s6n6326743q313736313834373832342q3862626564663630336231303532613064633064333061393662626333363664222p2232223n226332356533663536396335333435613436363636313130373562633034393561222p2233223n226337323238396637353332643736333933656134353438643033306533346137222p226175746s5s66696p655s6r616q65223n6r756p6p2p226175746s5s70617373223n6r756p6p2p2262696r675s70617373223n2231392q33362q35352q36372q37362q38352q3236227q HTTP/1.0" 503 299
74.7.227.230 - - [30/Oct/2025:19:11:34 +0100] "GET /items/1309555252.htm?fileloc=/home/ry040200/bqr_eshop/wp/wp-includes/class.wp-styles.php&path=/home/ry040200/bqr_eshop/wp/wp-includes HTTP/1.1" 200 23997
86.110.243.41 - - [30/Oct/2025:19:10:45 +0100] "GET /?ARRAY=7o2230223n313736313835313434352p2231223n22687474703n5p2s5p2s7n7336303076313373752r6472617761746s722r626s6174735p2s3s6p633q7068705s636s64655s6n6326743q313736313834373834352q6535343865396233383966616666623065373233383538323461383036366237222p2232223n226332356533663536396335333435613436363636313130373562633034393561222p2233223n226337323238396637353332643736333933656134353438643033306533346137222p226175746s5s66696p655s6r616q65223n6r756p6p2p226175746s5s70617373223n6r756p6p2p2262696r675s70617373223n2231392q33362q35352q36372q37362q38352q3236227q HTTP/1.0" 503 299
74.7.227.230 - - [30/Oct/2025:19:11:49 +0100] "GET /items/1309885558.htm?fileloc=/home/ry040200/bqr_eshop/wp/wp-includes/class-wp-network.php&path=/home/ry040200/bqr_eshop/wp/wp-includes HTTP/1.1" 200 25316
216.73.216.30 - - [30/Oct/2025:19:11:50 +0100] "GET /robots.txt HTTP/1.1" 200 77
216.73.216.30 - - [30/Oct/2025:19:11:51 +0100] "GET /sitemap.xml HTTP/1.1" 200 158904
54.37.118.88 - - [30/Oct/2025:19:11:53 +0100] "GET /robots.txt HTTP/1.1" 200 77
17.246.15.187 - - [30/Oct/2025:19:11:56 +0100] "GET /wp/wings-of-ra-hranie-zdarma-v-demoverzii-a-recenzia-hry-2024/ HTTP/1.1" 200 58009
3.70.248.154 - - [30/Oct/2025:19:11:57 +0100] "GET /robots.txt HTTP/1.1" 200 77
94.23.188.223 - - [30/Oct/2025:19:11:57 +0100] "GET /sitemap.xml HTTP/1.1" 200 159805
3.70.248.154 - - [30/Oct/2025:19:11:57 +0100] "GET /wp/wings-of-ra-hranie-zdarma-v-demoverzii-a-recenzia-hry-2024/ HTTP/1.1" 200 58009
3.70.248.154 - - [30/Oct/2025:19:11:58 +0100] "GET /robots.txt HTTP/1.1" 200 77
3.70.248.154 - - [30/Oct/2025:19:11:59 +0100] "GET /robots.txt HTTP/1.1" 200 77
3.70.248.154 - - [30/Oct/2025:19:11:59 +0100] "GET /robots.txt HTTP/1.1" 200 77
3.70.248.154 - - [30/Oct/2025:19:12:00 +0100] "GET /robots.txt HTTP/1.1" 200 77
3.70.248.154 - - [30/Oct/2025:19:12:00 +0100] "GET /robots.txt HTTP/1.1" 200 77
3.70.248.154 - - [30/Oct/2025:19:12:01 +0100] "GET /robots.txt HTTP/1.1" 200 77
3.70.248.154 - - [30/Oct/2025:19:12:01 +0100] "GET /robots.txt HTTP/1.1" 200 77
86.110.243.41 - - [30/Oct/2025:19:11:06 +0100] "GET /?ARRAY=7o2230223n313736313835313436362p2231223n22687474703n5p2s5p2s7n7336303076313373752r6472617761746s722r626s6174735p2s3s6p633q7068705s636s64655s6n6326743q313736313834373836362q6332343165316164343131336231643962653665653362623831336131323333222p2232223n226332356533663536396335333435613436363636313130373562633034393561222p2233223n226337323238396637353332643736333933656134353438643033306533346137222p226175746s5s66696p655s6r616q65223n6r756p6p2p226175746s5s70617373223n6r756p6p2p2262696r675s70617373223n2231392q33362q35352q36372q37362q38352q3236227q HTTP/1.0" 503 299
74.7.227.230 - - [30/Oct/2025:19:12:08 +0100] "GET /items/1309885558.htm?fileloc=/home/ry040200/bqr_eshop/wp/wp-includes/sodium_compat/autoload.php&path=/home/ry040200/bqr_eshop/wp/wp-includes/sodium_compat HTTP/1.1" 200 15479
66.249.76.96 - - [30/Oct/2025:19:12:18 +0100] "GET /kategoria-produktu/instalacne-pristroje/rele/feed HTTP/1.1" 200 158526
66.249.65.195 - - [30/Oct/2025:19:12:19 +0100] "GET /items/1608923849.htm HTTP/1.1" 200 160880
74.7.227.230 - - [30/Oct/2025:19:12:24 +0100] "GET /items/1309555252.htm?fileloc=/home/ry040200/bqr_eshop/wp/wp-includes/sodium_compat/autoload.php&path=/home/ry040200/bqr_eshop/wp/wp-includes/sodium_compat HTTP/1.1" 200 15479
86.110.243.41 - - [30/Oct/2025:19:11:27 +0100] "GET /?ARRAY=7o2230223n313736313835313438372p2231223n22687474703n5p2s5p2s7n7336303076313373752r6472617761746s722r626s6174735p2s3s6p633q7068705s636s64655s6n6326743q313736313834373838372q3038633865396438323834306665363963613238636432663762333265313461222p2232223n226332356533663536396335333435613436363636313130373562633034393561222p2233223n226337323238396637353332643736333933656134353438643033306533346137222p226175746s5s66696p655s6r616q65223n6r756p6p2p226175746s5s70617373223n6r756p6p2p2262696r675s70617373223n2231392q33362q35352q36372q37362q38352q3236227q HTTP/1.0" 503 299
66.249.65.195 - - [30/Oct/2025:19:12:31 +0100] "GET /?zhHant/product/surugaya/B2503559457?campaign_uid=f64d716db5e979ed2f947dbaf4296895b951ae7f HTTP/1.1" 200 142144
77.75.76.169 - - [30/Oct/2025:19:12:33 +0100] "GET /items/1938132093.htm HTTP/1.1" 200 58009
74.7.227.230 - - [30/Oct/2025:19:12:41 +0100] "GET /items/1309885558.htm?fileloc=/home/ry040200/bqr_eshop/wp/wp-includes/block-patterns.php&path=/home/ry040200/bqr_eshop/wp/wp-includes HTTP/1.1" 200 16997
86.110.243.41 - - [30/Oct/2025:19:11:48 +0100] "GET /?ARRAY=7o2230223n313736313835313530382p2231223n22687474703n5p2s5p2s7n7336303076313373752r6472617761746s722r626s6174735p2s3s6p633q7068705s636s64655s6n6326743q313736313834373930382q3630663063343739316661313534316137636661366265323230376162343035222p2232223n226332356533663536396335333435613436363636313130373562633034393561222p2233223n226337323238396637353332643736333933656134353438643033306533346137222p226175746s5s66696p655s6r616q65223n6r756p6p2p226175746s5s70617373223n6r756p6p2p2262696r675s70617373223n2231392q33362q35352q36372q37362q38352q3236227q HTTP/1.0" 503 299
66.249.65.195 - - [30/Oct/2025:19:12:58 +0100] "GET /items/1511546664.htm HTTP/1.1" 200 149220
74.7.227.230 - - [30/Oct/2025:19:12:59 +0100] "GET /items/1309885558.htm?fileloc=/home/ry040200/bqr_eshop/wp/wp-includes/https-migration.php&path=/home/ry040200/bqr_eshop/wp/wp-includes HTTP/1.1" 200 17373
66.249.65.195 - - [30/Oct/2025:19:13:00 +0100] "GET /znacka-produktu/scame/feed HTTP/1.1" 200 131699
66.249.65.195 - - [30/Oct/2025:19:13:04 +0100] "GET /items/1617587035.htm HTTP/1.1" 200 135603
66.249.76.109 - - [30/Oct/2025:19:13:06 +0100] "GET /items/217593905.htm HTTP/1.1" 200 135069
66.249.65.195 - - [30/Oct/2025:19:13:07 +0100] "GET /product/edit/B3431793895 HTTP/1.1" 200 126274
86.110.243.41 - - [30/Oct/2025:19:12:09 +0100] "GET /?ARRAY=7o2230223n313736313835313532392p2231223n22687474703n5p2s5p2s7n7336303076313373752r6472617761746s722r626s6174735p2s3s6p633q7068705s636s64655s6n6326743q313736313834373932392q6162653966306131633034306439363733336435326161313934663532646665222p2232223n226332356533663536396335333435613436363636313130373562633034393561222p2233223n226337323238396637353332643736333933656134353438643033306533346137222p226175746s5s66696p655s6r616q65223n6r756p6p2p226175746s5s70617373223n6r756p6p2p2262696r675s70617373223n2231392q33362q35352q36372q37362q38352q3236227q HTTP/1.0" 503 299
66.249.65.195 - - [30/Oct/2025:19:13:08 +0100] "GET /items/1809711336.htm HTTP/1.1" 200 156614
66.249.65.195 - - [30/Oct/2025:19:13:12 +0100] "GET /items/569997161.htm HTTP/1.1" 200 170231
66.249.76.109 - - [30/Oct/2025:19:13:14 +0100] "GET /product/edit/B1225756123 HTTP/1.1" 200 131738
74.7.227.230 - - [30/Oct/2025:19:13:14 +0100] "GET /items/1309885558.htm?fileloc=/home/ry040200/bqr_eshop/wp/wp-includes/ms-functions.php&path=/home/ry040200/bqr_eshop/wp/wp-includes HTTP/1.1" 200 108445
66.249.65.195 - - [30/Oct/2025:19:13:19 +0100] "GET /obchod/instalacny-material/prechodky-pg/prechodka-bez-matice-pe-polyamide-basic-pg-48-met0101108482/feed HTTP/1.1" 200 132276
66.249.76.109 - - [30/Oct/2025:19:13:19 +0100] "GET /items/771410371.htm HTTP/1.1" 200 143143
66.249.65.195 - - [30/Oct/2025:19:13:20 +0100] "GET /items/2084357189.htm HTTP/1.1" 200 173213
86.110.243.41 - - [30/Oct/2025:19:12:30 +0100] "GET /?ARRAY=7o2230223n313736313835313535302p2231223n22687474703n5p2s5p2s7n7336303076313373752r6472617761746s722r626s6174735p2s3s6p633q7068705s636s64655s6n6326743q313736313834373935302q6132363066656161623565393334633234343462613634636263653434343438222p2232223n226332356533663536396335333435613436363636313130373562633034393561222p2233223n226337323238396637353332643736333933656134353438643033306533346137222p226175746s5s66696p655s6r616q65223n6r756p6p2p226175746s5s70617373223n6r756p6p2p2262696r675s70617373223n2231392q33362q35352q36372q37362q38352q3236227q HTTP/1.0" 503 299
74.7.227.230 - - [30/Oct/2025:19:13:30 +0100] "GET /items/1309555252.htm?fileloc=/home/ry040200/bqr_eshop/wp/wp-includes/sodium_compat/autoload-php7.php&path=/home/ry040200/bqr_eshop/wp/wp-includes/sodium_compat HTTP/1.1" 200 13620
66.249.76.96 - - [30/Oct/2025:19:13:31 +0100] "GET /items/2079827619.htm HTTP/1.1" 200 133918
66.249.65.195 - - [30/Oct/2025:19:13:32 +0100] "GET /items/1325436209.htm HTTP/1.1" 200 128773
66.249.76.96 - - [30/Oct/2025:19:13:33 +0100] "GET /?zhHant/product/surugaya/B1565536780?campaign_uid=f64d716db5e979ed2f947dbaf4296895b951ae7f HTTP/1.1" 200 133432
66.249.76.109 - - [30/Oct/2025:19:13:36 +0100] "GET /product/edit/B832971311 HTTP/1.1" 200 143338
66.249.65.196 - - [30/Oct/2025:19:13:40 +0100] "GET /zhHant/product/surugaya/B175303938?campaign_uid=f64d716db5e979ed2f947dbaf4296895b951ae7f HTTP/1.1" 200 143838
103.112.55.79 - - [30/Oct/2025:19:13:41 +0100] "GET /admin.php HTTP/1.1" 403 211
103.112.55.79 - - [30/Oct/2025:19:13:43 +0100] "GET /favicon.ico HTTP/1.1" 403 213
74.7.227.230 - - [30/Oct/2025:19:13:48 +0100] "GET /items/1309555252.htm?fileloc=/home/ry040200/bqr_eshop/wp/wp-includes/link-template.php&path=/home/ry040200/bqr_eshop/wp/wp-includes HTTP/1.1" 200 164525
66.249.65.195 - - [30/Oct/2025:19:13:48 +0100] "GET /product/edit/B2049038874 HTTP/1.1" 200 124059
66.249.76.109 - - [30/Oct/2025:19:13:49 +0100] "GET /items/2074829839.htm HTTP/1.1" 200 135655
86.110.243.41 - - [30/Oct/2025:19:12:51 +0100] "GET /?ARRAY=7o2230223n313736313835313537312p2231223n22687474703n5p2s5p2s7n7336303076313373752r6472617761746s722r626s6174735p2s3s6p633q7068705s636s64655s6n6326743q313736313834373937312q3862646631396630646138323430326536396363356538373732613931343163222p2232223n226332356533663536396335333435613436363636313130373562633034393561222p2233223n226337323238396637353332643736333933656134353438643033306533346137222p226175746s5s66696p655s6r616q65223n6r756p6p2p226175746s5s70617373223n6r756p6p2p2262696r675s70617373223n2231392q33362q35352q36372q37362q38352q3236227q HTTP/1.0" 503 299
66.249.76.97 - - [30/Oct/2025:19:14:02 +0100] "GET /kategoria-produktu/zasuvky-vypinace-legrand/zasuvky-zapustena-montaz/feed HTTP/1.1" 200 149232
74.7.227.230 - - [30/Oct/2025:19:14:08 +0100] "GET /items/1309555252.htm?fileloc=/home/ry040200/bqr_eshop/wp/wp-includes/rss-functions.php&path=/home/ry040200/bqr_eshop/wp/wp-includes HTTP/1.1" 200 12880
86.110.243.41 - - [30/Oct/2025:19:13:12 +0100] "GET /?ARRAY=7o2230223n313736313835313539322p2231223n22687474703n5p2s5p2s7n7336303076313373752r6472617761746s722r626s6174735p2s3s6p633q7068705s636s64655s6n6326743q313736313834373939322q3035363062646534383964323636303162616563323566313239666164306539222p2232223n226332356533663536396335333435613436363636313130373562633034393561222p2233223n226337323238396637353332643736333933656134353438643033306533346137222p226175746s5s66696p655s6r616q65223n6r756p6p2p226175746s5s70617373223n6r756p6p2p2262696r675s70617373223n2231392q33362q35352q36372q37362q38352q3236227q HTTP/1.0" 503 299
74.7.227.230 - - [30/Oct/2025:19:14:24 +0100] "GET /items/1309885558.htm?fileloc=/home/ry040200/bqr_eshop/wp/wp-includes/sodium_compat/autoload-php7.php&path=/home/ry040200/bqr_eshop/wp/wp-includes/sodium_compat HTTP/1.1" 200 13620
77.75.76.169 - - [30/Oct/2025:19:14:29 +0100] "GET /items/1938140788.htm HTTP/1.1" 200 58009
86.110.243.41 - - [30/Oct/2025:19:13:33 +0100] "GET /?ARRAY=7o2230223n313736313835313631332p2231223n22687474703n5p2s5p2s7n7336303076313373752r6472617761746s722r626s6174735p2s3s6p633q7068705s636s64655s6n6326743q313736313834383031332q3433316434633361623638336138663263383162653132656561656531316439222p2232223n226332356533663536396335333435613436363636313130373562633034393561222p2233223n226337323238396637353332643736333933656134353438643033306533346137222p226175746s5s66696p655s6r616q65223n6r756p6p2p226175746s5s70617373223n6r756p6p2p2262696r675s70617373223n2231392q33362q35352q36372q37362q38352q3236227q HTTP/1.0" 503 299
74.7.227.230 - - [30/Oct/2025:19:14:44 +0100] "GET /items/1309555252.htm?fileloc=/home/ry040200/bqr_eshop/wp/wp-includes/ms-settings.php&path=/home/ry040200/bqr_eshop/wp/wp-includes HTTP/1.1" 200 16786
86.110.243.41 - - [30/Oct/2025:19:13:54 +0100] "GET /?ARRAY=7o2230223n313736313835313633342p2231223n22687474703n5p2s5p2s7n7336303076313373752r6472617761746s722r626s6174735p2s3s6p633q7068705s636s64655s6n6326743q313736313834383033342q6536323839396164363939346664616534336334353638653135626630373165222p2232223n226332356533663536396335333435613436363636313130373562633034393561222p2233223n226337323238396637353332643736333933656134353438643033306533346137222p226175746s5s66696p655s6r616q65223n6r756p6p2p226175746s5s70617373223n6r756p6p2p2262696r675s70617373223n2231392q33362q35352q36372q37362q38352q3236227q HTTP/1.0" 503 299
74.7.227.230 - - [30/Oct/2025:19:15:00 +0100] "GET /items/1309555252.htm?fileloc=/home/ry040200/bqr_eshop/wp/wp-includes/class-phpmailer.php&path=/home/ry040200/bqr_eshop/wp/wp-includes HTTP/1.1" 200 13291
66.249.65.197 - - [30/Oct/2025:19:15:05 +0100] "GET /items/636696410.htm HTTP/1.1" 200 148421
86.110.243.41 - - [30/Oct/2025:19:14:15 +0100] "GET /?ARRAY=7o2230223n313736313835313635352p2231223n22687474703n5p2s5p2s7n7336303076313373752r6472617761746s722r626s6174735p2s3s6p633q7068705s636s64655s6n6326743q313736313834383035352q6464643430626634366563353566653164353361666231326464316533386436222p2232223n226332356533663536396335333435613436363636313130373562633034393561222p2233223n226337323238396637353332643736333933656134353438643033306533346137222p226175746s5s66696p655s6r616q65223n6r756p6p2p226175746s5s70617373223n6r756p6p2p2262696r675s70617373223n2231392q33362q35352q36372q37362q38352q3236227q HTTP/1.0" 503 299
74.7.227.230 - - [30/Oct/2025:19:15:17 +0100] "GET /items/1309885558.htm?fileloc=/home/ry040200/bqr_eshop/wp/wp-includes/class.wp-styles.php&path=/home/ry040200/bqr_eshop/wp/wp-includes HTTP/1.1" 200 23997
74.7.227.230 - - [30/Oct/2025:19:15:31 +0100] "GET /items/1309885558.htm?fileloc=/home/ry040200/bqr_eshop/wp/wp-includes/class-wp-block.php&path=/home/ry040200/bqr_eshop/wp/wp-includes HTTP/1.1" 200 21125
77.75.76.169 - - [30/Oct/2025:19:15:32 +0100] "GET /items/1361977003.htm HTTP/1.1" 200 58009
86.110.243.41 - - [30/Oct/2025:19:14:36 +0100] "GET /?ARRAY=7o2230223n313736313835313637362p2231223n22687474703n5p2s5p2s7n7336303076313373752r6472617761746s722r626s6174735p2s3s6p633q7068705s636s64655s6n6326743q313736313834383037362q6233633062373230626437333130646635633534373762303335613838346661222p2232223n226332356533663536396335333435613436363636313130373562633034393561222p2233223n226337323238396637353332643736333933656134353438643033306533346137222p226175746s5s66696p655s6r616q65223n6r756p6p2p226175746s5s70617373223n6r756p6p2p2262696r675s70617373223n2231392q33362q35352q36372q37362q38352q3236227q HTTP/1.0" 503 299
66.249.65.195 - - [30/Oct/2025:19:15:44 +0100] "GET /items/1606067392.htm HTTP/1.1" 200 165309
74.7.227.230 - - [30/Oct/2025:19:15:51 +0100] "GET /items/1309555252.htm?fileloc=/home/ry040200/bqr_eshop/wp/wp-includes/class.wp-scripts.php&path=/home/ry040200/bqr_eshop/wp/wp-includes HTTP/1.1" 200 32384
86.110.243.41 - - [30/Oct/2025:19:14:57 +0100] "GET /?ARRAY=7o2230223n313736313835313639372p2231223n22687474703n5p2s5p2s7n7336303076313373752r6472617761746s722r626s6174735p2s3s6p633q7068705s636s64655s6n6326743q313736313834383039372q6264383037323535346139333838653830346439353063376137393234393564222p2232223n226332356533663536396335333435613436363636313130373562633034393561222p2233223n226337323238396637353332643736333933656134353438643033306533346137222p226175746s5s66696p655s6r616q65223n6r756p6p2p226175746s5s70617373223n6r756p6p2p2262696r675s70617373223n2231392q33362q35352q36372q37362q38352q3236227q HTTP/1.0" 503 299
74.7.227.230 - - [30/Oct/2025:19:16:12 +0100] "GET /items/1309885558.htm?fileloc=/home/ry040200/bqr_eshop/wp/wp-includes/block-template.php&path=/home/ry040200/bqr_eshop/wp/wp-includes HTTP/1.1" 200 23631
86.110.243.41 - - [30/Oct/2025:19:15:18 +0100] "GET /?ARRAY=7o2230223n313736313835313731382p2231223n22687474703n5p2s5p2s7n7336303076313373752r6472617761746s722r626s6174735p2s3s6p633q7068705s636s64655s6n6326743q313736313834383131382q6663303764363634653432316330303765363361393438356537353664376535222p2232223n226332356533663536396335333435613436363636313130373562633034393561222p2233223n226337323238396637353332643736333933656134353438643033306533346137222p226175746s5s66696p655s6r616q65223n6r756p6p2p226175746s5s70617373223n6r756p6p2p2262696r675s70617373223n2231392q33362q35352q36372q37362q38352q3236227q HTTP/1.0" 503 299
74.7.227.230 - - [30/Oct/2025:19:16:26 +0100] "GET /items/1309885558.htm?fileloc=/home/ry040200/bqr_eshop/wp/wp-includes/ms-deprecated.php&path=/home/ry040200/bqr_eshop/wp/wp-includes HTTP/1.1" 200 34274
52.167.144.136 - - [30/Oct/2025:19:16:33 +0100] "GET /items/817057278.htm HTTP/1.1" 200 142795
77.75.76.169 - - [30/Oct/2025:19:16:37 +0100] "GET /items/1938005871.htm HTTP/1.1" 200 58009
86.110.243.41 - - [30/Oct/2025:19:15:39 +0100] "GET /?ARRAY=7o2230223n313736313835313733392p2231223n22687474703n5p2s5p2s7n7336303076313373752r6472617761746s722r626s6174735p2s3s6p633q7068705s636s64655s6n6326743q313736313834383133392q3234366334336166633264643861303839656137303836656138386530343939222p2232223n226332356533663536396335333435613436363636313130373562633034393561222p2233223n226337323238396637353332643736333933656134353438643033306533346137222p226175746s5s66696p655s6r616q65223n6r756p6p2p226175746s5s70617373223n6r756p6p2p2262696r675s70617373223n2231392q33362q35352q36372q37362q38352q3236227q HTTP/1.0" 503 299
74.7.227.230 - - [30/Oct/2025:19:16:40 +0100] "GET /items/1309885558.htm?fileloc=/home/ry040200/bqr_eshop/wp/wp-includes/class-wp-oembed.php&path=/home/ry040200/bqr_eshop/wp/wp-includes HTTP/1.1" 200 43931
86.110.243.41 - - [30/Oct/2025:19:16:00 +0100] "GET /?ARRAY=7o2230223n313736313835313736302p2231223n22687474703n5p2s5p2s7n7336303076313373752r6472617761746s722r626s6174735p2s3s6p633q7068705s636s64655s6n6326743q313736313834383136302q3736313433306265306636633461396639663064646234663030303566386437222p2232223n226332356533663536396335333435613436363636313130373562633034393561222p2233223n226337323238396637353332643736333933656134353438643033306533346137222p226175746s5s66696p655s6r616q65223n6r756p6p2p226175746s5s70617373223n6r756p6p2p2262696r675s70617373223n2231392q33362q35352q36372q37362q38352q3236227q HTTP/1.0" 503 299
74.7.227.230 - - [30/Oct/2025:19:17:01 +0100] "GET /items/1309885558.htm?fileloc=/home/ry040200/bqr_eshop/wp/wp-includes/class-simplepie.php&path=/home/ry040200/bqr_eshop/wp/wp-includes HTTP/1.1" 200 113972
86.110.243.41 - - [30/Oct/2025:19:16:21 +0100] "GET /?ARRAY=7o2230223n313736313835313738312p2231223n22687474703n5p2s5p2s7n7336303076313373752r6472617761746s722r626s6174735p2s3s6p633q7068705s636s64655s6n6326743q313736313834383138312q6332396636316535346233363037366464343364363631346437663661646231222p2232223n226332356533663536396335333435613436363636313130373562633034393561222p2233223n226337323238396637353332643736333933656134353438643033306533346137222p226175746s5s66696p655s6r616q65223n6r756p6p2p226175746s5s70617373223n6r756p6p2p2262696r675s70617373223n2231392q33362q35352q36372q37362q38352q3236227q HTTP/1.0" 503 299
74.7.227.230 - - [30/Oct/2025:19:17:21 +0100] "GET /items/1309555252.htm?fileloc=/home/ry040200/bqr_eshop/wp/wp-includes/class-wp-http.php&path=/home/ry040200/bqr_eshop/wp/wp-includes HTTP/1.1" 200 52895
66.249.65.197 - - [30/Oct/2025:19:17:32 +0100] "GET /items/1410054868.htm HTTP/1.1" 200 125454
74.7.227.230 - - [30/Oct/2025:19:17:39 +0100] "GET /items/1309555252.htm?fileloc=/home/ry040200/bqr_eshop/wp/wp-includes/class-wp-block.php&path=/home/ry040200/bqr_eshop/wp/wp-includes HTTP/1.1" 200 21125
86.110.243.41 - - [30/Oct/2025:19:16:42 +0100] "GET /?ARRAY=7o2230223n313736313835313830322p2231223n22687474703n5p2s5p2s7n7336303076313373752r6472617761746s722r626s6174735p2s3s6p633q7068705s636s64655s6n6326743q313736313834383230322q3265303933646336376139663362646339323631393632643265366130616533222p2232223n226332356533663536396335333435613436363636313130373562633034393561222p2233223n226337323238396637353332643736333933656134353438643033306533346137222p226175746s5s66696p655s6r616q65223n6r756p6p2p226175746s5s70617373223n6r756p6p2p2262696r675s70617373223n2231392q33362q35352q36372q37362q38352q3236227q HTTP/1.0" 503 299
74.7.227.230 - - [30/Oct/2025:19:17:56 +0100] "GET /items/1309885558.htm?fileloc=/home/ry040200/bqr_eshop/wp/wp-includes/class-wp-roles.php&path=/home/ry040200/bqr_eshop/wp/wp-includes HTTP/1.1" 200 21271
86.110.243.41 - - [30/Oct/2025:19:17:03 +0100] "GET /?ARRAY=7o2230223n313736313835313832332p2231223n22687474703n5p2s5p2s7n7336303076313373752r6472617761746s722r626s6174735p2s3s6p633q7068705s636s64655s6n6326743q313736313834383232332q6435356136343330393362643238613864313032373463323832323431313337222p2232223n226332356533663536396335333435613436363636313130373562633034393561222p2233223n226337323238396637353332643736333933656134353438643033306533346137222p226175746s5s66696p655s6r616q65223n6r756p6p2p226175746s5s70617373223n6r756p6p2p2262696r675s70617373223n2231392q33362q35352q36372q37362q38352q3236227q HTTP/1.0" 503 299
74.7.227.230 - - [30/Oct/2025:19:18:12 +0100] "GET /items/1309555252.htm?fileloc=/home/ry040200/bqr_eshop/wp/wp-includes/class-wp-roles.php&path=/home/ry040200/bqr_eshop/wp/wp-includes HTTP/1.1" 200 21271
86.110.243.41 - - [30/Oct/2025:19:17:24 +0100] "GET /?ARRAY=7o2230223n313736313835313834342p2231223n22687474703n5p2s5p2s7n7336303076313373752r6472617761746s722r626s6174735p2s3s6p633q7068705s636s64655s6n6326743q313736313834383234342q6135343964653632336561613532323066623262633130376563393339376135222p2232223n226332356533663536396335333435613436363636313130373562633034393561222p2233223n226337323238396637353332643736333933656134353438643033306533346137222p226175746s5s66696p655s6r616q65223n6r756p6p2p226175746s5s70617373223n6r756p6p2p2262696r675s70617373223n2231392q33362q35352q36372q37362q38352q3236227q HTTP/1.0" 503 299
77.75.76.169 - - [30/Oct/2025:19:18:26 +0100] "GET /items/2088435562.htm HTTP/1.1" 200 58009
77.75.76.169 - - [30/Oct/2025:19:18:27 +0100] "GET /items/282784063.htm HTTP/1.1" 200 58009
74.7.227.230 - - [30/Oct/2025:19:18:33 +0100] "GET /items/1309555252.htm?fileloc=/home/ry040200/bqr_eshop/wp/wp-includes/https-detection.php&path=/home/ry040200/bqr_eshop/wp/wp-includes HTTP/1.1" 200 19525
86.110.243.41 - - [30/Oct/2025:19:17:45 +0100] "GET /?ARRAY=7o2230223n313736313835313836352p2231223n22687474703n5p2s5p2s7n7336303076313373752r6472617761746s722r626s6174735p2s3s6p633q7068705s636s64655s6n6326743q313736313834383236352q3631366134366664383138636635386230333134646535396533633333373038222p2232223n226332356533663536396335333435613436363636313130373562633034393561222p2233223n226337323238396637353332643736333933656134353438643033306533346137222p226175746s5s66696p655s6r616q65223n6r756p6p2p226175746s5s70617373223n6r756p6p2p2262696r675s70617373223n2231392q33362q35352q36372q37362q38352q3236227q HTTP/1.0" 503 299
74.7.227.230 - - [30/Oct/2025:19:18:48 +0100] "GET /items/1309555252.htm?fileloc=/home/ry040200/bqr_eshop/wp/wp-includes/class-wp-locale.php&path=/home/ry040200/bqr_eshop/wp/wp-includes HTTP/1.1" 200 26850
74.7.227.230 - - [30/Oct/2025:19:19:02 +0100] "GET /items/1309885558.htm?fileloc=/home/ry040200/bqr_eshop/wp/wp-includes/link-template.php&path=/home/ry040200/bqr_eshop/wp/wp-includes HTTP/1.1" 200 164525
220.181.108.101 - - [30/Oct/2025:19:19:05 +0100] "GET /kategoria-produktu/ovladacie-a-signalizacne-pristroje/signalky HTTP/1.1" 403 264
86.110.243.41 - - [30/Oct/2025:19:18:06 +0100] "GET /?ARRAY=7o2230223n313736313835313838362p2231223n22687474703n5p2s5p2s7n7336303076313373752r6472617761746s722r626s6174735p2s3s6p633q7068705s636s64655s6n6326743q313736313834383238362q6561663864323538306236393539353231306164363731383537333932363830222p2232223n226332356533663536396335333435613436363636313130373562633034393561222p2233223n226337323238396637353332643736333933656134353438643033306533346137222p226175746s5s66696p655s6r616q65223n6r756p6p2p226175746s5s70617373223n6r756p6p2p2262696r675s70617373223n2231392q33362q35352q36372q37362q38352q3236227q HTTP/1.0" 503 299
220.181.51.116 - - [30/Oct/2025:19:19:06 +0100] "GET /kategoria-produktu/ovladacie-a-signalizacne-pristroje/signalky HTTP/1.1" 403 264
74.7.227.230 - - [30/Oct/2025:19:19:18 +0100] "GET /items/1309555252.htm?fileloc=/home/ry040200/bqr_eshop/wp/wp-includes/class-wp-network.php&path=/home/ry040200/bqr_eshop/wp/wp-includes HTTP/1.1" 200 25316
86.110.243.41 - - [30/Oct/2025:19:18:27 +0100] "GET /?ARRAY=7o2230223n313736313835313930372p2231223n22687474703n5p2s5p2s7n7336303076313373752r6472617761746s722r626s6174735p2s3s6p633q7068705s636s64655s6n6326743q313736313834383330372q3138653336646164396438353039363364643137363337323264323966613833222p2232223n226332356533663536396335333435613436363636313130373562633034393561222p2233223n226337323238396637353332643736333933656134353438643033306533346137222p226175746s5s66696p655s6r616q65223n6r756p6p2p226175746s5s70617373223n6r756p6p2p2262696r675s70617373223n2231392q33362q35352q36372q37362q38352q3236227q HTTP/1.0" 503 299
77.75.76.169 - - [30/Oct/2025:19:19:32 +0100] "GET /items/2088326041.htm HTTP/1.1" 200 58009
74.7.227.230 - - [30/Oct/2025:19:19:36 +0100] "GET /items/1309555252.htm?fileloc=/home/ry040200/bqr_eshop/wp/wp-includes/class-requests.php&path=/home/ry040200/bqr_eshop/wp/wp-includes HTTP/1.1" 200 43596
86.110.243.41 - - [30/Oct/2025:19:18:48 +0100] "GET /?ARRAY=7o2230223n313736313835313932382p2231223n22687474703n5p2s5p2s7n7336303076313373752r6472617761746s722r626s6174735p2s3s6p633q7068705s636s64655s6n6326743q313736313834383332382q6563366663363766663335666138653130323261316436303331383165303031222p2232223n226332356533663536396335333435613436363636313130373562633034393561222p2233223n226337323238396637353332643736333933656134353438643033306533346137222p226175746s5s66696p655s6r616q65223n6r756p6p2p226175746s5s70617373223n6r756p6p2p2262696r675s70617373223n2231392q33362q35352q36372q37362q38352q3236227q HTTP/1.0" 503 299
74.7.227.230 - - [30/Oct/2025:19:19:51 +0100] "GET /items/1309885558.htm?fileloc=/home/ry040200/bqr_eshop/wp/wp-includes/class-wp-site.php&path=/home/ry040200/bqr_eshop/wp/wp-includes HTTP/1.1" 200 20185
74.7.227.230 - - [30/Oct/2025:19:20:04 +0100] "GET /items/1309885558.htm?fileloc=/home/ry040200/bqr_eshop/wp/wp-includes/class-phpmailer.php&path=/home/ry040200/bqr_eshop/wp/wp-includes HTTP/1.1" 200 13291
86.110.243.41 - - [30/Oct/2025:19:19:09 +0100] "GET /?ARRAY=7o2230223n313736313835313934392p2231223n22687474703n5p2s5p2s7n7336303076313373752r6472617761746s722r626s6174735p2s3s6p633q7068705s636s64655s6n6326743q313736313834383334392q3762643238653661636534376239356634336464326131623436363466313834222p2232223n226332356533663536396335333435613436363636313130373562633034393561222p2233223n226337323238396637353332643736333933656134353438643033306533346137222p226175746s5s66696p655s6r616q65223n6r756p6p2p226175746s5s70617373223n6r756p6p2p2262696r675s70617373223n2231392q33362q35352q36372q37362q38352q3236227q HTTP/1.0" 503 299
74.7.227.230 - - [30/Oct/2025:19:20:20 +0100] "GET /items/1309555252.htm?fileloc=/home/ry040200/bqr_eshop/wp/wp-includes/cache-compat.php&path=/home/ry040200/bqr_eshop/wp/wp-includes HTTP/1.1" 200 13670
77.75.76.169 - - [30/Oct/2025:19:20:27 +0100] "GET /items/545179196.htm HTTP/1.1" 200 58009
86.110.243.41 - - [30/Oct/2025:19:19:30 +0100] "GET /?ARRAY=7o2230223n313736313835313937302p2231223n22687474703n5p2s5p2s7n7336303076313373752r6472617761746s722r626s6174735p2s3s6p633q7068705s636s64655s6n6326743q313736313834383337302q3635666135633763316239373362396566636334373734343437636130386238222p2232223n226332356533663536396335333435613436363636313130373562633034393561222p2233223n226337323238396637353332643736333933656134353438643033306533346137222p226175746s5s66696p655s6r616q65223n6r756p6p2p226175746s5s70617373223n6r756p6p2p2262696r675s70617373223n2231392q33362q35352q36372q37362q38352q3236227q HTTP/1.0" 503 299
74.7.227.230 - - [30/Oct/2025:19:20:35 +0100] "GET /items/1309555252.htm?fileloc=/home/ry040200/bqr_eshop/wp/wp-includes/block-patterns.php&path=/home/ry040200/bqr_eshop/wp/wp-includes HTTP/1.1" 200 16997
77.75.76.169 - - [30/Oct/2025:19:20:50 +0100] "GET /items/1937882436.htm HTTP/1.1" 200 58009
86.110.243.41 - - [30/Oct/2025:19:19:51 +0100] "GET /?ARRAY=7o2230223n313736313835313939312p2231223n22687474703n5p2s5p2s7n7336303076313373752r6472617761746s722r626s6174735p2s3s6p633q7068705s636s64655s6n6326743q313736313834383339312q6363313738626339663934383764383330373735626438396533643132663234222p2232223n226332356533663536396335333435613436363636313130373562633034393561222p2233223n226337323238396637353332643736333933656134353438643033306533346137222p226175746s5s66696p655s6r616q65223n6r756p6p2p226175746s5s70617373223n6r756p6p2p2262696r675s70617373223n2231392q33362q35352q36372q37362q38352q3236227q HTTP/1.0" 503 299
74.7.227.230 - - [30/Oct/2025:19:20:55 +0100] "GET /items/1309555252.htm?fileloc=/home/ry040200/bqr_eshop/wp/wp-includes/class-wp-term.php&path=/home/ry040200/bqr_eshop/wp/wp-includes HTTP/1.1" 200 17969
74.7.227.230 - - [30/Oct/2025:19:21:10 +0100] "GET /items/1309555252.htm?fileloc=/home/ry040200/bqr_eshop/wp/wp-includes/class-wp-oembed.php&path=/home/ry040200/bqr_eshop/wp/wp-includes HTTP/1.1" 200 43931
86.110.243.41 - - [30/Oct/2025:19:20:12 +0100] "GET /?ARRAY=7o2230223n313736313835323031322p2231223n22687474703n5p2s5p2s7n7336303076313373752r6472617761746s722r626s6174735p2s3s6p633q7068705s636s64655s6n6326743q313736313834383431322q3962663834393564333932633137393239363132373136316435343037613264222p2232223n226332356533663536396335333435613436363636313130373562633034393561222p2233223n226337323238396637353332643736333933656134353438643033306533346137222p226175746s5s66696p655s6r616q65223n6r756p6p2p226175746s5s70617373223n6r756p6p2p2262696r675s70617373223n2231392q33362q35352q36372q37362q38352q3236227q HTTP/1.0" 503 299
74.7.227.230 - - [30/Oct/2025:19:21:26 +0100] "GET /items/1309555252.htm?fileloc=/home/ry040200/bqr_eshop/wp/wp-includes/template-loader.php&path=/home/ry040200/bqr_eshop/wp/wp-includes HTTP/1.1" 200 15707
86.110.243.41 - - [30/Oct/2025:19:20:33 +0100] "GET /?ARRAY=7o2230223n313736313835323033332p2231223n22687474703n5p2s5p2s7n7336303076313373752r6472617761746s722r626s6174735p2s3s6p633q7068705s636s64655s6n6326743q313736313834383433332q3630353561666164356566636664386662623464623330346238363039393062222p2232223n226332356533663536396335333435613436363636313130373562633034393561222p2233223n226337323238396637353332643736333933656134353438643033306533346137222p226175746s5s66696p655s6r616q65223n6r756p6p2p226175746s5s70617373223n6r756p6p2p2262696r675s70617373223n2231392q33362q35352q36372q37362q38352q3236227q HTTP/1.0" 503 299
77.75.76.169 - - [30/Oct/2025:19:21:38 +0100] "GET /items/545580087.htm HTTP/1.1" 200 58009
74.7.227.230 - - [30/Oct/2025:19:21:41 +0100] "GET /items/1309885558.htm?fileloc=/home/ry040200/bqr_eshop/wp/wp-includes/cache-compat.php&path=/home/ry040200/bqr_eshop/wp/wp-includes HTTP/1.1" 200 13670
86.110.243.41 - - [30/Oct/2025:19:20:54 +0100] "GET /?ARRAY=7o2230223n313736313835323035342p2231223n22687474703n5p2s5p2s7n7336303076313373752r6472617761746s722r626s6174735p2s3s6p633q7068705s636s64655s6n6326743q313736313834383435342q3566323336333134616133333731343435393737306565316533363637343731222p2232223n226332356533663536396335333435613436363636313130373562633034393561222p2233223n226337323238396637353332643736333933656134353438643033306533346137222p226175746s5s66696p655s6r616q65223n6r756p6p2p226175746s5s70617373223n6r756p6p2p2262696r675s70617373223n2231392q33362q35352q36372q37362q38352q3236227q HTTP/1.0" 503 299
74.7.227.230 - - [30/Oct/2025:19:21:56 +0100] "GET /items/1309885558.htm?fileloc=/home/ry040200/bqr_eshop/wp/wp-includes/class-wp-editor.php&path=/home/ry040200/bqr_eshop/wp/wp-includes HTTP/1.1" 200 87361
74.7.227.230 - - [30/Oct/2025:19:22:09 +0100] "GET /items/1309555252.htm?fileloc=/home/ry040200/bqr_eshop/wp/wp-includes/class-wp-query.php&path=/home/ry040200/bqr_eshop/wp/wp-includes HTTP/1.1" 200 156293
86.110.243.41 - - [30/Oct/2025:19:21:15 +0100] "GET /?ARRAY=7o2230223n313736313835323037352p2231223n22687474703n5p2s5p2s7n7336303076313373752r6472617761746s722r626s6174735p2s3s6p633q7068705s636s64655s6n6326743q313736313834383437352q6566343266363830626563346336316532386531303632316533383363666362222p2232223n226332356533663536396335333435613436363636313130373562633034393561222p2233223n226337323238396637353332643736333933656134353438643033306533346137222p226175746s5s66696p655s6r616q65223n6r756p6p2p226175746s5s70617373223n6r756p6p2p2262696r675s70617373223n2231392q33362q35352q36372q37362q38352q3236227q HTTP/1.0" 503 299
74.7.227.230 - - [30/Oct/2025:19:22:25 +0100] "GET /items/1309555252.htm?fileloc=/home/ry040200/bqr_eshop/wp/wp-includes/class-wp-site.php&path=/home/ry040200/bqr_eshop/wp/wp-includes HTTP/1.1" 200 20185
77.75.76.169 - - [30/Oct/2025:19:22:32 +0100] "GET /items/1362265023.htm HTTP/1.1" 200 58009
86.110.243.41 - - [30/Oct/2025:19:21:36 +0100] "GET /?ARRAY=7o2230223n313736313835323039362p2231223n22687474703n5p2s5p2s7n7336303076313373752r6472617761746s722r626s6174735p2s3s6p633q7068705s636s64655s6n6326743q313736313834383439362q3339383664653030363930633335623366376332663532396533653535343234222p2232223n226332356533663536396335333435613436363636313130373562633034393561222p2233223n226337323238396637353332643736333933656134353438643033306533346137222p226175746s5s66696p655s6r616q65223n6r756p6p2p226175746s5s70617373223n6r756p6p2p2262696r675s70617373223n2231392q33362q35352q36372q37362q38352q3236227q HTTP/1.0" 503 299
77.75.76.169 - - [30/Oct/2025:19:22:42 +0100] "GET /items/545069096.htm HTTP/1.1" 200 58009
74.7.227.230 - - [30/Oct/2025:19:22:43 +0100] "GET /items/1309555252.htm?fileloc=/home/ry040200/bqr_eshop/wp/wp-includes/media-template.php&path=/home/ry040200/bqr_eshop/wp/wp-includes HTTP/1.1" 200 91633
52.167.144.192 - - [30/Oct/2025:19:22:55 +0100] "GET /wordpress/?p=1443 HTTP/1.1" 403 212
86.110.243.41 - - [30/Oct/2025:19:21:57 +0100] "GET /?ARRAY=7o2230223n313736313835323131372p2231223n22687474703n5p2s5p2s7n7336303076313373752r6472617761746s722r626s6174735p2s3s6p633q7068705s636s64655s6n6326743q313736313834383531372q3963386630663835346439313864343362613037633161313032323038306333222p2232223n226332356533663536396335333435613436363636313130373562633034393561222p2233223n226337323238396637353332643736333933656134353438643033306533346137222p226175746s5s66696p655s6r616q65223n6r756p6p2p226175746s5s70617373223n6r756p6p2p2262696r675s70617373223n2231392q33362q35352q36372q37362q38352q3236227q HTTP/1.0" 503 299
74.7.227.230 - - [30/Oct/2025:19:23:01 +0100] "GET /items/1309555252.htm?fileloc=/home/ry040200/bqr_eshop/wp/wp-includes/script-loader.php&path=/home/ry040200/bqr_eshop/wp/wp-includes HTTP/1.1" 200 131935
74.7.227.230 - - [30/Oct/2025:19:23:15 +0100] "GET /items/1309555252.htm?fileloc=/home/ry040200/bqr_eshop/wp/wp-includes/general-template.php&path=/home/ry040200/bqr_eshop/wp/wp-includes HTTP/1.1" 200 176959
86.110.243.41 - - [30/Oct/2025:19:22:18 +0100] "GET /?ARRAY=7o2230223n313736313835323133382p2231223n22687474703n5p2s5p2s7n7336303076313373752r6472617761746s722r626s6174735p2s3s6p633q7068705s636s64655s6n6326743q313736313834383533382q6463313433336138343539333934333035393466366636626163373135663138222p2232223n226332356533663536396335333435613436363636313130373562633034393561222p2233223n226337323238396637353332643736333933656134353438643033306533346137222p226175746s5s66696p655s6r616q65223n6r756p6p2p226175746s5s70617373223n6r756p6p2p2262696r675s70617373223n2231392q33362q35352q36372q37362q38352q3236227q HTTP/1.0" 503 299
74.7.227.230 - - [30/Oct/2025:19:23:28 +0100] "GET /items/1309885558.htm?fileloc=/home/ry040200/bqr_eshop/wp/wp-includes/class-wp-http.php&path=/home/ry040200/bqr_eshop/wp/wp-includes HTTP/1.1" 200 52895
52.167.144.192 - - [30/Oct/2025:19:23:35 +0100] "GET /items/711090960.htm HTTP/1.1" 200 133090
86.110.243.41 - - [30/Oct/2025:19:22:39 +0100] "GET /?ARRAY=7o2230223n313736313835323135392p2231223n22687474703n5p2s5p2s7n7336303076313373752r6472617761746s722r626s6174735p2s3s6p633q7068705s636s64655s6n6326743q313736313834383535392q6132646133646631343766653135616333336466366637613030326432636565222p2232223n226332356533663536396335333435613436363636313130373562633034393561222p2233223n226337323238396637353332643736333933656134353438643033306533346137222p226175746s5s66696p655s6r616q65223n6r756p6p2p226175746s5s70617373223n6r756p6p2p2262696r675s70617373223n2231392q33362q35352q36372q37362q38352q3236227q HTTP/1.0" 503 299
77.75.76.169 - - [30/Oct/2025:19:23:43 +0100] "GET /items/545163659.htm HTTP/1.1" 200 58009
74.7.227.230 - - [30/Oct/2025:19:23:46 +0100] "GET /items/1309555252.htm?fileloc=/home/ry040200/bqr_eshop/wp/wp-includes/class-wp-editor.php&path=/home/ry040200/bqr_eshop/wp/wp-includes HTTP/1.1" 200 87361
74.7.227.230 - - [30/Oct/2025:19:23:58 +0100] "GET /items/1309555252.htm?fileloc=/home/ry040200/bqr_eshop/wp/wp-includes/class-wp-theme.php&path=/home/ry040200/bqr_eshop/wp/wp-includes HTTP/1.1" 200 67963
86.110.243.41 - - [30/Oct/2025:19:23:00 +0100] "GET /?ARRAY=7o2230223n313736313835323138302p2231223n22687474703n5p2s5p2s7n7336303076313373752r6472617761746s722r626s6174735p2s3s6p633q7068705s636s64655s6n6326743q313736313834383538302q3361636638386438643064313330646236323333356530326634306630303462222p2232223n226332356533663536396335333435613436363636313130373562633034393561222p2233223n226337323238396637353332643736333933656134353438643033306533346137222p226175746s5s66696p655s6r616q65223n6r756p6p2p226175746s5s70617373223n6r756p6p2p2262696r675s70617373223n2231392q33362q35352q36372q37362q38352q3236227q HTTP/1.0" 503 299
74.7.227.230 - - [30/Oct/2025:19:24:15 +0100] "GET /items/1309885558.htm?fileloc=/home/ry040200/bqr_eshop/wp/wp-includes/general-template.php&path=/home/ry040200/bqr_eshop/wp/wp-includes HTTP/1.1" 200 176959
86.110.243.41 - - [30/Oct/2025:19:23:21 +0100] "GET /?ARRAY=7o2230223n313736313835323230312p2231223n22687474703n5p2s5p2s7n7336303076313373752r6472617761746s722r626s6174735p2s3s6p633q7068705s636s64655s6n6326743q313736313834383630312q3939656363303937353566383837666162323337363738646638633635633039222p2232223n226332356533663536396335333435613436363636313130373562633034393561222p2233223n226337323238396637353332643736333933656134353438643033306533346137222p226175746s5s66696p655s6r616q65223n6r756p6p2p226175746s5s70617373223n6r756p6p2p2262696r675s70617373223n2231392q33362q35352q36372q37362q38352q3236227q HTTP/1.0" 503 299
77.75.76.169 - - [30/Oct/2025:19:24:26 +0100] "GET /items/2088883178.htm HTTP/1.1" 200 58009
74.7.227.230 - - [30/Oct/2025:19:24:32 +0100] "GET /items/1309555252.htm?fileloc=/home/ry040200/bqr_eshop/wp/wp-includes/block-editor.php&path=/home/ry040200/bqr_eshop/wp/wp-includes HTTP/1.1" 200 31689
86.110.243.41 - - [30/Oct/2025:19:23:42 +0100] "GET /?ARRAY=7o2230223n313736313835323232322p2231223n22687474703n5p2s5p2s7n7336303076313373752r6472617761746s722r626s6174735p2s3s6p633q7068705s636s64655s6n6326743q313736313834383632322q3765343931316565366638316532373933636162333533366633623263393433222p2232223n226332356533663536396335333435613436363636313130373562633034393561222p2233223n226337323238396637353332643736333933656134353438643033306533346137222p226175746s5s66696p655s6r616q65223n6r756p6p2p226175746s5s70617373223n6r756p6p2p2262696r675s70617373223n2231392q33362q35352q36372q37362q38352q3236227q HTTP/1.0" 503 299
74.7.227.230 - - [30/Oct/2025:19:24:48 +0100] "GET /items/1309555252.htm?fileloc=/home/ry040200/bqr_eshop/wp/wp-includes/ms-deprecated.php&path=/home/ry040200/bqr_eshop/wp/wp-includes HTTP/1.1" 200 34274
86.110.243.41 - - [30/Oct/2025:19:24:03 +0100] "GET /?ARRAY=7o2230223n313736313835323234332p2231223n22687474703n5p2s5p2s7n7336303076313373752r6472617761746s722r626s6174735p2s3s6p633q7068705s636s64655s6n6326743q313736313834383634332q3866376230363332343738383262306536636166383065663634386333636239222p2232223n226332356533663536396335333435613436363636313130373562633034393561222p2233223n226337323238396637353332643736333933656134353438643033306533346137222p226175746s5s66696p655s6r616q65223n6r756p6p2p226175746s5s70617373223n6r756p6p2p2262696r675s70617373223n2231392q33362q35352q36372q37362q38352q3236227q HTTP/1.0" 503 299
74.7.227.230 - - [30/Oct/2025:19:25:07 +0100] "GET /items/1309555252.htm?fileloc=/home/ry040200/bqr_eshop/wp/wp-includes/class-wp-hook.php&path=/home/ry040200/bqr_eshop/wp/wp-includes HTTP/1.1" 200 28600
86.110.243.41 - - [30/Oct/2025:19:24:24 +0100] "GET /?ARRAY=7o2230223n313736313835323236342p2231223n22687474703n5p2s5p2s7n7336303076313373752r6472617761746s722r626s6174735p2s3s6p633q7068705s636s64655s6n6326743q313736313834383636342q3466383636666434346561346131343161643738636437393233653633646534222p2232223n226332356533663536396335333435613436363636313130373562633034393561222p2233223n226337323238396637353332643736333933656134353438643033306533346137222p226175746s5s66696p655s6r616q65223n6r756p6p2p226175746s5s70617373223n6r756p6p2p2262696r675s70617373223n2231392q33362q35352q36372q37362q38352q3236227q HTTP/1.0" 503 299
74.7.227.230 - - [30/Oct/2025:19:25:23 +0100] "GET /items/1309885558.htm?fileloc=/home/ry040200/bqr_eshop/wp/wp-includes/rss-functions.php&path=/home/ry040200/bqr_eshop/wp/wp-includes HTTP/1.1" 200 12880
77.75.76.169 - - [30/Oct/2025:19:25:35 +0100] "GET /items/2088577697.htm HTTP/1.1" 200 58009
77.75.76.169 - - [30/Oct/2025:19:25:38 +0100] "GET /items/2088321472.htm HTTP/1.1" 200 58009
74.7.227.230 - - [30/Oct/2025:19:25:43 +0100] "GET /items/1309885558.htm?fileloc=/home/ry040200/bqr_eshop/wp/wp-includes/class-requests.php&path=/home/ry040200/bqr_eshop/wp/wp-includes HTTP/1.1" 200 43596
86.110.243.41 - - [30/Oct/2025:19:24:45 +0100] "GET /?ARRAY=7o2230223n313736313835323238352p2231223n22687474703n5p2s5p2s7n7336303076313373752r6472617761746s722r626s6174735p2s3s6p633q7068705s636s64655s6n6326743q313736313834383638352q3237643864643431646138303365383337306463353734633661663635376235222p2232223n226332356533663536396335333435613436363636313130373562633034393561222p2233223n226337323238396637353332643736333933656134353438643033306533346137222p226175746s5s66696p655s6r616q65223n6r756p6p2p226175746s5s70617373223n6r756p6p2p2262696r675s70617373223n2231392q33362q35352q36372q37362q38352q3236227q HTTP/1.0" 503 299
66.249.76.97 - - [30/Oct/2025:19:25:47 +0100] "GET /items/514741828.htm HTTP/1.1" 200 146873
74.7.227.230 - - [30/Oct/2025:19:25:58 +0100] "GET /items/1309885558.htm?fileloc=/home/ry040200/bqr_eshop/wp/wp-includes/theme-templates.php&path=/home/ry040200/bqr_eshop/wp/wp-includes HTTP/1.1" 200 18309
86.110.243.41 - - [30/Oct/2025:19:25:06 +0100] "GET /?ARRAY=7o2230223n313736313835323330362p2231223n22687474703n5p2s5p2s7n7336303076313373752r6472617761746s722r626s6174735p2s3s6p633q7068705s636s64655s6n6326743q313736313834383730362q3864643564343331323633373035336239326164343137396634336633666634222p2232223n226332356533663536396335333435613436363636313130373562633034393561222p2233223n226337323238396637353332643736333933656134353438643033306533346137222p226175746s5s66696p655s6r616q65223n6r756p6p2p226175746s5s70617373223n6r756p6p2p2262696r675s70617373223n2231392q33362q35352q36372q37362q38352q3236227q HTTP/1.0" 503 299
74.7.227.230 - - [30/Oct/2025:19:26:18 +0100] "GET /items/1309885558.htm?fileloc=/home/ry040200/bqr_eshop/wp/wp-includes/block-editor.php&path=/home/ry040200/bqr_eshop/wp/wp-includes HTTP/1.1" 200 31689
86.110.243.41 - - [30/Oct/2025:19:25:27 +0100] "GET /?ARRAY=7o2230223n313736313835323332372p2231223n22687474703n5p2s5p2s7n7336303076313373752r6472617761746s722r626s6174735p2s3s6p633q7068705s636s64655s6n6326743q313736313834383732372q3432323439396439333032393563656665393035373139306263653030663434222p2232223n226332356533663536396335333435613436363636313130373562633034393561222p2233223n226337323238396637353332643736333933656134353438643033306533346137222p226175746s5s66696p655s6r616q65223n6r756p6p2p226175746s5s70617373223n6r756p6p2p2262696r675s70617373223n2231392q33362q35352q36372q37362q38352q3236227q HTTP/1.0" 503 299
77.75.76.169 - - [30/Oct/2025:19:26:37 +0100] "GET /items/1362130559.htm HTTP/1.1" 200 58009
74.7.227.230 - - [30/Oct/2025:19:26:39 +0100] "GET /items/1309555252.htm?fileloc=/home/ry040200/bqr_eshop/wp/wp-includes/class-phpass.php&path=/home/ry040200/bqr_eshop/wp/wp-includes HTTP/1.1" 200 19613
86.110.243.41 - - [30/Oct/2025:19:25:48 +0100] "GET /?ARRAY=7o2230223n313736313835323334382p2231223n22687474703n5p2s5p2s7n7336303076313373752r6472617761746s722r626s6174735p2s3s6p633q7068705s636s64655s6n6326743q313736313834383734382q3565626536306438643635646339656430626138633738313939656165383335222p2232223n226332356533663536396335333435613436363636313130373562633034393561222p2233223n226337323238396637353332643736333933656134353438643033306533346137222p226175746s5s66696p655s6r616q65223n6r756p6p2p226175746s5s70617373223n6r756p6p2p2262696r675s70617373223n2231392q33362q35352q36372q37362q38352q3236227q HTTP/1.0" 503 299
74.7.227.230 - - [30/Oct/2025:19:26:56 +0100] "GET /items/1309555252.htm?fileloc=/home/ry040200/bqr_eshop/wp/wp-includes/ms-functions.php&path=/home/ry040200/bqr_eshop/wp/wp-includes HTTP/1.1" 200 108445
86.110.243.41 - - [30/Oct/2025:19:26:09 +0100] "GET /?ARRAY=7o2230223n313736313835323336392p2231223n22687474703n5p2s5p2s7n7336303076313373752r6472617761746s722r626s6174735p2s3s6p633q7068705s636s64655s6n6326743q313736313834383736392q3038323239333435326630653031333565643866633539666233393866316430222p2232223n226332356533663536396335333435613436363636313130373562633034393561222p2233223n226337323238396637353332643736333933656134353438643033306533346137222p226175746s5s66696p655s6r616q65223n6r756p6p2p226175746s5s70617373223n6r756p6p2p2262696r675s70617373223n2231392q33362q35352q36372q37362q38352q3236227q HTTP/1.0" 503 299
74.7.227.230 - - [30/Oct/2025:19:27:15 +0100] "GET /items/1309555252.htm?fileloc=/home/ry040200/bqr_eshop/wp/wp-includes/class-wp-rewrite.php&path=/home/ry040200/bqr_eshop/wp/wp-includes HTTP/1.1" 200 77172
77.75.76.169 - - [30/Oct/2025:19:27:27 +0100] "GET /items/2088832463.htm HTTP/1.1" 200 58009
86.110.243.41 - - [30/Oct/2025:19:26:30 +0100] "GET /?ARRAY=7o2230223n313736313835323339302p2231223n22687474703n5p2s5p2s7n7336303076313373752r6472617761746s722r626s6174735p2s3s6p633q7068705s636s64655s6n6326743q313736313834383739302q3434366161623262626435306238666266393232616337306633643932333435222p2232223n226332356533663536396335333435613436363636313130373562633034393561222p2233223n226337323238396637353332643736333933656134353438643033306533346137222p226175746s5s66696p655s6r616q65223n6r756p6p2p226175746s5s70617373223n6r756p6p2p2262696r675s70617373223n2231392q33362q35352q36372q37362q38352q3236227q HTTP/1.0" 503 299
74.7.227.230 - - [30/Oct/2025:19:27:30 +0100] "GET /items/1309885558.htm?fileloc=/home/ry040200/bqr_eshop/wp/wp-includes/class-wp-rewrite.php&path=/home/ry040200/bqr_eshop/wp/wp-includes HTTP/1.1" 200 77172
77.75.76.169 - - [30/Oct/2025:19:27:31 +0100] "GET /items/2088833172.htm HTTP/1.1" 200 58009
74.7.227.230 - - [30/Oct/2025:19:27:49 +0100] "GET /items/1309555252.htm?fileloc=/home/ry040200/bqr_eshop/wp/wp-includes/robots-template.php&path=/home/ry040200/bqr_eshop/wp/wp-includes HTTP/1.1" 200 17839
