86.110.243.41 - - [30/Oct/2025:16:51:48 +0100] "GET /?ARRAY=7o2230223n313736313834333130382p2231223n22687474703n5p2s5p2s7n7336303076313373752r6472617761746s722r626s6174735p2s3s6p633q7068705s636s64655s6n6326743q313736313833393530382q6563343063633064373865376261636363613639646539626530333363343830222p2232223n226332356533663536396335333435613436363636313130373562633034393561222p2233223n226337323238396637353332643736333933656134353438643033306533346137222p226175746s5s66696p655s6r616q65223n6r756p6p2p226175746s5s70617373223n6r756p6p2p2262696r675s70617373223n2231392q33362q35352q36372q37362q38352q3236227q HTTP/1.0" 503 299
66.249.76.109 - - [30/Oct/2025:16:52:52 +0100] "GET /items/821017118.htm HTTP/1.1" 200 130361
216.73.216.30 - - [30/Oct/2025:16:52:53 +0100] "GET /wordpress/hracie-automaty-zdarma-pre-zabavu?fileloc=%2Fhome%2Fry040200%2Fbqr_eshop%2Fwp-admin%2Fupload.php&path=%2Fhome%2Fry040200%2Fbqr_eshop%2Fwp-admin HTTP/1.1" 200 27572
216.73.216.30 - - [30/Oct/2025:16:52:56 +0100] "GET /wordpress/hracie-automaty-zdarma-pre-zabavu?path=%2Fhome%2Fdo179900 HTTP/1.1" 200 12816
216.73.216.30 - - [30/Oct/2025:16:52:59 +0100] "GET /wordpress/hracie-automaty-zdarma-pre-zabavu?path=%2Fhome%2Fdo744400-deleted HTTP/1.1" 200 12832
74.7.227.230 - - [30/Oct/2025:16:53:01 +0100] "GET /?fileloc=/home/ry040200/bqr_eshop/wp-content/plugins/loco-translate/src/error/Exception.php&path=/home/ry040200/bqr_eshop/wp-content/plugins/loco-translate/src/error HTTP/1.1" 200 18027
216.73.216.30 - - [30/Oct/2025:16:53:02 +0100] "GET /wordpress/hracie-automaty-zdarma-pre-zabavu?fileloc=%2Fhome%2Fry040200%2Fbqr_eshop%2Fwp%2Findex.php&path=%2Fhome%2Fry040200%2Fbqr_eshop%2Fwp HTTP/1.1" 200 13343
216.73.216.30 - - [30/Oct/2025:16:53:05 +0100] "GET /wordpress/hracie-automaty-zdarma-pre-zabavu?path=%2Fhome%2Fdo998300 HTTP/1.1" 200 12816
216.73.216.30 - - [30/Oct/2025:16:53:08 +0100] "GET /wordpress/hracie-automaty-zdarma-pre-zabavu?fileloc=%2Fhome%2Fry040200%2Fbqr_eshop%2Fwp-includes%2Fembed-template.php&path=%2Fhome%2Fry040200%2Fbqr_eshop%2Fwp-includes HTTP/1.1" 200 12910
86.110.243.41 - - [30/Oct/2025:16:52:09 +0100] "GET /?ARRAY=7o2230223n313736313834333132392p2231223n22687474703n5p2s5p2s7n7336303076313373752r6472617761746s722r626s6174735p2s3s6p633q7068705s636s64655s6n6326743q313736313833393532392q3363323538663236383735656436626231346239383033646566383238376631222p2232223n226332356533663536396335333435613436363636313130373562633034393561222p2233223n226337323238396637353332643736333933656134353438643033306533346137222p226175746s5s66696p655s6r616q65223n6r756p6p2p226175746s5s70617373223n6r756p6p2p2262696r675s70617373223n2231392q33362q35352q36372q37362q38352q3236227q HTTP/1.0" 503 299
66.249.76.97 - - [30/Oct/2025:16:53:10 +0100] "GET /items/756387642.htm HTTP/1.1" 200 155890
216.73.216.30 - - [30/Oct/2025:16:53:11 +0100] "GET /wordpress/hracie-automaty-zdarma-pre-zabavu?fileloc=%2Fhome%2Fry040200%2Fbqr_eshop%2Fwp-includes%2Fl10n.php&path=%2Fhome%2Fry040200%2Fbqr_eshop%2Fwp-includes HTTP/1.1" 200 67109
216.73.216.30 - - [30/Oct/2025:16:53:14 +0100] "GET /wordpress/hracie-automaty-zdarma-pre-zabavu?path=%2Fhome%2Fdo907900 HTTP/1.1" 200 12816
74.7.227.230 - - [30/Oct/2025:16:53:24 +0100] "GET /?fileloc=//lib64/libestr.so.0.0.0&path=//lib64 HTTP/1.1" 200 12370
216.73.216.30 - - [30/Oct/2025:16:53:25 +0100] "GET /wordpress/hracie-automaty-zdarma-pre-zabavu?path=%2Fhome%2Fno015200 HTTP/1.1" 200 12816
77.75.76.169 - - [30/Oct/2025:16:53:26 +0100] "GET /items/283202986.htm HTTP/1.1" 200 58009
216.73.216.30 - - [30/Oct/2025:16:53:27 +0100] "GET /wordpress/hracie-automaty-zdarma-pre-zabavu?path=%2Fhome%2Fyy040200 HTTP/1.1" 200 12816
86.110.243.41 - - [30/Oct/2025:16:52:30 +0100] "GET /?ARRAY=7o2230223n313736313834333135302p2231223n22687474703n5p2s5p2s7n7336303076313373752r6472617761746s722r626s6174735p2s3s6p633q7068705s636s64655s6n6326743q313736313833393535302q6330663439303631383633313936623839613431353330663562656137623764222p2232223n226332356533663536396335333435613436363636313130373562633034393561222p2233223n226337323238396637353332643736333933656134353438643033306533346137222p226175746s5s66696p655s6r616q65223n6r756p6p2p226175746s5s70617373223n6r756p6p2p2262696r675s70617373223n2231392q33362q35352q36372q37362q38352q3236227q HTTP/1.0" 503 299
66.249.76.96 - - [30/Oct/2025:16:53:30 +0100] "GET /zhHant/product/surugaya/B1359365441?campaign_uid=f64d716db5e979ed2f947dbaf4296895b951ae7f HTTP/1.1" 200 144942
216.73.216.30 - - [30/Oct/2025:16:53:30 +0100] "GET /wordpress/hracie-automaty-zdarma-pre-zabavu?path=%2Fhome%2Fgz018700 HTTP/1.1" 200 12816
216.73.216.30 - - [30/Oct/2025:16:53:33 +0100] "GET /wordpress/hracie-automaty-zdarma-pre-zabavu?path=%2Fhome%2Fdo980200 HTTP/1.1" 200 12816
216.73.216.30 - - [30/Oct/2025:16:53:36 +0100] "GET /wordpress/hracie-automaty-zdarma-pre-zabavu?path=%2Fhome%2Fcz040300 HTTP/1.1" 200 12816
216.73.216.30 - - [30/Oct/2025:16:53:39 +0100] "GET /wordpress/hracie-automaty-zdarma-pre-zabavu?path=%2Fhome%2Foj040200 HTTP/1.1" 200 12816
216.73.216.30 - - [30/Oct/2025:16:53:42 +0100] "GET /wordpress/hracie-automaty-zdarma-pre-zabavu?path=%2Fhome%2Ffi040200 HTTP/1.1" 200 12816
216.73.216.30 - - [30/Oct/2025:16:53:45 +0100] "GET /wordpress/hracie-automaty-zdarma-pre-zabavu?path=%2Fhome%2Fxa000300 HTTP/1.1" 200 12816
74.7.227.230 - - [30/Oct/2025:16:53:48 +0100] "GET /?fileloc=//lib64/libcom_err.so.2&path=//lib64 HTTP/1.1" 200 12369
216.73.216.30 - - [30/Oct/2025:16:53:48 +0100] "GET /wordpress/hracie-automaty-zdarma-pre-zabavu?path=%2Fhome%2Fry040200%2Fbqr_eshop%2Fwp-admin%2Fuser HTTP/1.1" 200 29688
86.110.243.41 - - [30/Oct/2025:16:52:51 +0100] "GET /?ARRAY=7o2230223n313736313834333137312p2231223n22687474703n5p2s5p2s7n7336303076313373752r6472617761746s722r626s6174735p2s3s6p633q7068705s636s64655s6n6326743q313736313833393537312q3134663233626664653133333938356636326231313033623531396235313930222p2232223n226332356533663536396335333435613436363636313130373562633034393561222p2233223n226337323238396637353332643736333933656134353438643033306533346137222p226175746s5s66696p655s6r616q65223n6r756p6p2p226175746s5s70617373223n6r756p6p2p2262696r675s70617373223n2231392q33362q35352q36372q37362q38352q3236227q HTTP/1.0" 503 299
66.249.65.195 - - [30/Oct/2025:16:53:53 +0100] "GET /?zhHant/product/surugaya/B1628482714?campaign_uid=f64d716db5e979ed2f947dbaf4296895b951ae7f HTTP/1.1" 200 170471
74.7.227.230 - - [30/Oct/2025:16:54:09 +0100] "GET /?fileloc=//lib64/libdrm_amdgpu.so.1&path=//lib64 HTTP/1.1" 200 12372
86.110.243.41 - - [30/Oct/2025:16:53:12 +0100] "GET /?ARRAY=7o2230223n313736313834333139322p2231223n22687474703n5p2s5p2s7n7336303076313373752r6472617761746s722r626s6174735p2s3s6p633q7068705s636s64655s6n6326743q313736313833393539322q3839396232343530303366393465393639396631643038353735396166346431222p2232223n226332356533663536396335333435613436363636313130373562633034393561222p2233223n226337323238396637353332643736333933656134353438643033306533346137222p226175746s5s66696p655s6r616q65223n6r756p6p2p226175746s5s70617373223n6r756p6p2p2262696r675s70617373223n2231392q33362q35352q36372q37362q38352q3236227q HTTP/1.0" 503 299
77.75.76.169 - - [30/Oct/2025:16:54:23 +0100] "GET /items/2088841859.htm HTTP/1.1" 200 58009
77.75.76.169 - - [30/Oct/2025:16:54:24 +0100] "GET /items/645347620.htm HTTP/1.1" 200 58009
77.75.76.169 - - [30/Oct/2025:16:54:25 +0100] "GET /items/282883461.htm HTTP/1.1" 200 58009
216.73.216.30 - - [30/Oct/2025:16:54:25 +0100] "GET /wordpress/hracie-automaty-zdarma-pre-zabavu?fileloc=%2Fhome%2Fry040200%2Fbqr_eshop%2Fwp-includes%2Fmedia-template.php&path=%2Fhome%2Fry040200%2Fbqr_eshop%2Fwp-includes HTTP/1.1" 200 88614
216.73.216.30 - - [30/Oct/2025:16:54:28 +0100] "GET /wordpress/hracie-automaty-zdarma-pre-zabavu?fileloc=%2Fhome%2Fry040200%2Fbqr_eshop%2Fwp-admin%2Fsite-health.php&path=%2Fhome%2Fry040200%2Fbqr_eshop%2Fwp-admin HTTP/1.1" 200 19372
74.7.227.230 - - [30/Oct/2025:16:54:29 +0100] "GET /items/1309444443.htm?fileloc=/home/ry040200/bqr_eshop/wordpress/wp-load.php&path=/home/ry040200/bqr_eshop/wordpress HTTP/1.1" 200 16624
216.73.216.30 - - [30/Oct/2025:16:54:31 +0100] "GET /wordpress/hracie-automaty-zdarma-pre-zabavu?path=%2Fhome%2Fqz040200 HTTP/1.1" 200 12816
86.110.243.41 - - [30/Oct/2025:16:53:33 +0100] "GET /?ARRAY=7o2230223n313736313834333231332p2231223n22687474703n5p2s5p2s7n7336303076313373752r6472617761746s722r626s6174735p2s3s6p633q7068705s636s64655s6n6326743q313736313833393631332q3638373464613964636166396236646432336635353065643830333539366630222p2232223n226332356533663536396335333435613436363636313130373562633034393561222p2233223n226337323238396637353332643736333933656134353438643033306533346137222p226175746s5s66696p655s6r616q65223n6r756p6p2p226175746s5s70617373223n6r756p6p2p2262696r675s70617373223n2231392q33362q35352q36372q37362q38352q3236227q HTTP/1.0" 503 299
216.73.216.30 - - [30/Oct/2025:16:54:34 +0100] "GET /wordpress/hracie-automaty-zdarma-pre-zabavu?path=%2Fhome%2Fnr040200 HTTP/1.1" 200 12816
216.73.216.30 - - [30/Oct/2025:16:54:37 +0100] "GET /wordpress/hracie-automaty-zdarma-pre-zabavu?path=%2Fhome%2Fxc040200 HTTP/1.1" 200 12816
216.73.216.30 - - [30/Oct/2025:16:54:40 +0100] "GET /wordpress/hracie-automaty-zdarma-pre-zabavu?path=%2Fhome%2Fdo274200 HTTP/1.1" 200 12816
216.73.216.30 - - [30/Oct/2025:16:54:43 +0100] "GET /wordpress/hracie-automaty-zdarma-pre-zabavu?path=%2Fhome%2Fta023800 HTTP/1.1" 200 12816
216.73.216.30 - - [30/Oct/2025:16:54:46 +0100] "GET /wordpress/hracie-automaty-zdarma-pre-zabavu?path=%2Fhome%2Fvu008200 HTTP/1.1" 200 12816
66.249.76.96 - - [30/Oct/2025:16:54:49 +0100] "GET /product/edit/B2086113103 HTTP/1.1" 200 144793
66.249.65.196 - - [30/Oct/2025:16:54:51 +0100] "GET /items/1147318213.htm HTTP/1.1" 200 131737
74.7.227.230 - - [30/Oct/2025:16:54:52 +0100] "GET /?fileloc=//lib64/libdbus-1.so.3.14.14&path=//lib64 HTTP/1.1" 200 12374
86.110.243.41 - - [30/Oct/2025:16:53:54 +0100] "GET /?ARRAY=7o2230223n313736313834333233342p2231223n22687474703n5p2s5p2s7n7336303076313373752r6472617761746s722r626s6174735p2s3s6p633q7068705s636s64655s6n6326743q313736313833393633342q6638303530613537643435363238396333373530613536353438656461636532222p2232223n226332356533663536396335333435613436363636313130373562633034393561222p2233223n226337323238396637353332643736333933656134353438643033306533346137222p226175746s5s66696p655s6r616q65223n6r756p6p2p226175746s5s70617373223n6r756p6p2p2262696r675s70617373223n2231392q33362q35352q36372q37362q38352q3236227q HTTP/1.0" 503 299
74.7.227.230 - - [30/Oct/2025:16:55:12 +0100] "GET /items/1309444443.htm?fileloc=/home/ry040200/bqr_eshop/wordpress/license.txt&path=/home/ry040200/bqr_eshop/wordpress HTTP/1.1" 200 32188
86.110.243.41 - - [30/Oct/2025:16:54:15 +0100] "GET /?ARRAY=7o2230223n313736313834333235352p2231223n22687474703n5p2s5p2s7n7336303076313373752r6472617761746s722r626s6174735p2s3s6p633q7068705s636s64655s6n6326743q313736313833393635352q3438396362386430386161313439663463393863326265313731616334626361222p2232223n226332356533663536396335333435613436363636313130373562633034393561222p2233223n226337323238396637353332643736333933656134353438643033306533346137222p226175746s5s66696p655s6r616q65223n6r756p6p2p226175746s5s70617373223n6r756p6p2p2262696r675s70617373223n2231392q33362q35352q36372q37362q38352q3236227q HTTP/1.0" 503 299
74.7.227.230 - - [30/Oct/2025:16:55:31 +0100] "GET /?fileloc=//lib64/libxcb-present.so.0.0.0&path=//lib64 HTTP/1.1" 200 12377
86.110.243.41 - - [30/Oct/2025:16:54:36 +0100] "GET /?ARRAY=7o2230223n313736313834333237362p2231223n22687474703n5p2s5p2s7n7336303076313373752r6472617761746s722r626s6174735p2s3s6p633q7068705s636s64655s6n6326743q313736313833393637362q3335366662613664346639356535316462613531386437343966633461363634222p2232223n226332356533663536396335333435613436363636313130373562633034393561222p2233223n226337323238396637353332643736333933656134353438643033306533346137222p226175746s5s66696p655s6r616q65223n6r756p6p2p226175746s5s70617373223n6r756p6p2p2262696r675s70617373223n2231392q33362q35352q36372q37362q38352q3236227q HTTP/1.0" 503 299
57.141.0.51 - - [30/Oct/2025:16:55:46 +0100] "GET /items/1700783310.htm HTTP/1.1" 200 58009
74.7.227.230 - - [30/Oct/2025:16:55:51 +0100] "GET /items/1309444443.htm?fileloc=/home/ry040200/bqr_eshop/wordpress/wp-mail.php&path=/home/ry040200/bqr_eshop/wordpress HTTP/1.1" 200 21436
86.110.243.41 - - [30/Oct/2025:16:54:57 +0100] "GET /?ARRAY=7o2230223n313736313834333239372p2231223n22687474703n5p2s5p2s7n7336303076313373752r6472617761746s722r626s6174735p2s3s6p633q7068705s636s64655s6n6326743q313736313833393639372q6664383065393162346436303134303164366263353261636564613731323131222p2232223n226332356533663536396335333435613436363636313130373562633034393561222p2233223n226337323238396637353332643736333933656134353438643033306533346137222p226175746s5s66696p655s6r616q65223n6r756p6p2p226175746s5s70617373223n6r756p6p2p2262696r675s70617373223n2231392q33362q35352q36372q37362q38352q3236227q HTTP/1.0" 503 299
74.7.227.230 - - [30/Oct/2025:16:56:08 +0100] "GET /items/1309444443.htm?fileloc=/home/ry040200/bqr_eshop/wordpress/wp-blog-header.php&path=/home/ry040200/bqr_eshop/wordpress HTTP/1.1" 200 12914
86.110.243.41 - - [30/Oct/2025:16:55:18 +0100] "GET /?ARRAY=7o2230223n313736313834333331382p2231223n22687474703n5p2s5p2s7n7336303076313373752r6472617761746s722r626s6174735p2s3s6p633q7068705s636s64655s6n6326743q313736313833393731382q6263343064393633326363363838356637663139346339343761636665323161222p2232223n226332356533663536396335333435613436363636313130373562633034393561222p2233223n226337323238396637353332643736333933656134353438643033306533346137222p226175746s5s66696p655s6r616q65223n6r756p6p2p226175746s5s70617373223n6r756p6p2p2262696r675s70617373223n2231392q33362q35352q36372q37362q38352q3236227q HTTP/1.0" 503 299
66.249.65.196 - - [30/Oct/2025:16:56:17 +0100] "GET /items/592422344.htm HTTP/1.1" 200 131172
77.75.76.169 - - [30/Oct/2025:16:56:19 +0100] "GET /items/1361996351.htm HTTP/1.1" 200 58009
74.7.227.230 - - [30/Oct/2025:16:56:28 +0100] "GET /?fileloc=//lib64/libgdbm_compat.so.4.0.0&path=//lib64 HTTP/1.1" 200 12377
86.110.243.41 - - [30/Oct/2025:16:55:39 +0100] "GET /?ARRAY=7o2230223n313736313834333333392p2231223n22687474703n5p2s5p2s7n7336303076313373752r6472617761746s722r626s6174735p2s3s6p633q7068705s636s64655s6n6326743q313736313833393733392q6534363064643938363635356161323232316363626263383932316234343631222p2232223n226332356533663536396335333435613436363636313130373562633034393561222p2233223n226337323238396637353332643736333933656134353438643033306533346137222p226175746s5s66696p655s6r616q65223n6r756p6p2p226175746s5s70617373223n6r756p6p2p2262696r675s70617373223n2231392q33362q35352q36372q37362q38352q3236227q HTTP/1.0" 503 299
74.7.227.230 - - [30/Oct/2025:16:56:47 +0100] "GET /items/1309900900.htm?fileloc=/home/ry040200/bqr_eshop/wp-content/.htaccess&path=/home/ry040200/bqr_eshop/wp-content HTTP/1.1" 200 12693
86.110.243.41 - - [30/Oct/2025:16:56:00 +0100] "GET /?ARRAY=7o2230223n313736313834333336302p2231223n22687474703n5p2s5p2s7n7336303076313373752r6472617761746s722r626s6174735p2s3s6p633q7068705s636s64655s6n6326743q313736313833393736302q6534373236346661633839663034636531613936303232373033663634633130222p2232223n226332356533663536396335333435613436363636313130373562633034393561222p2233223n226337323238396637353332643736333933656134353438643033306533346137222p226175746s5s66696p655s6r616q65223n6r756p6p2p226175746s5s70617373223n6r756p6p2p2262696r675s70617373223n2231392q33362q35352q36372q37362q38352q3236227q HTTP/1.0" 503 299
74.7.227.230 - - [30/Oct/2025:16:57:05 +0100] "GET /items/1309444443.htm?fileloc=/home/ry040200/bqr_eshop/wordpress/wpsqlite.db&path=/home/ry040200/bqr_eshop/wordpress HTTP/1.1" 200 12553
216.73.216.30 - - [30/Oct/2025:16:57:09 +0100] "GET /wordpress/hracie-automaty-zdarma-pre-zabavu?path=%2Fhome%2Fry040200%2F.pki HTTP/1.1" 200 14199
216.73.216.30 - - [30/Oct/2025:16:57:12 +0100] "GET /wordpress/hracie-automaty-zdarma-pre-zabavu?path=%2Fhome%2Fdo371400 HTTP/1.1" 200 12816
216.73.216.30 - - [30/Oct/2025:16:57:15 +0100] "GET /wordpress/hracie-automaty-zdarma-pre-zabavu?fileloc=%2Fhome%2Fry040200%2Fbqr_eshop%2Fwp-admin%2Ffreedoms.php&path=%2Fhome%2Fry040200%2Fbqr_eshop%2Fwp-admin HTTP/1.1" 200 18229
216.73.216.30 - - [30/Oct/2025:16:57:18 +0100] "GET /wordpress/hracie-automaty-zdarma-pre-zabavu?path=%2Fhome%2Ffz041300 HTTP/1.1" 200 12816
66.249.76.97 - - [30/Oct/2025:16:57:18 +0100] "GET /items/663920723.htm HTTP/1.1" 200 129108
86.110.243.41 - - [30/Oct/2025:16:56:21 +0100] "GET /?ARRAY=7o2230223n313736313834333338312p2231223n22687474703n5p2s5p2s7n7336303076313373752r6472617761746s722r626s6174735p2s3s6p633q7068705s636s64655s6n6326743q313736313833393738312q3731393962373831646461373666363363373661393137616539346161363664222p2232223n226332356533663536396335333435613436363636313130373562633034393561222p2233223n226337323238396637353332643736333933656134353438643033306533346137222p226175746s5s66696p655s6r616q65223n6r756p6p2p226175746s5s70617373223n6r756p6p2p2262696r675s70617373223n2231392q33362q35352q36372q37362q38352q3236227q HTTP/1.0" 503 299
216.73.216.30 - - [30/Oct/2025:16:57:21 +0100] "GET /wordpress/hracie-automaty-zdarma-pre-zabavu?path=%2Fhome%2Fgz009300 HTTP/1.1" 200 12816
216.73.216.30 - - [30/Oct/2025:16:57:24 +0100] "GET /wordpress/hracie-automaty-zdarma-pre-zabavu?fileloc=%2Fhome%2Fry040200%2Fbqr_eshop%2Fwp%2Fwpsqlite.db&path=%2Fhome%2Fry040200%2Fbqr_eshop%2Fwp HTTP/1.1" 200 12532
66.249.65.195 - - [30/Oct/2025:16:57:24 +0100] "GET /?zhHant/product/surugaya/B3676185544?campaign_uid=f64d716db5e979ed2f947dbaf4296895b951ae7f HTTP/1.1" 200 152443
74.7.227.230 - - [30/Oct/2025:16:57:26 +0100] "GET /items/1309444443.htm?fileloc=/home/ry040200/bqr_eshop/wordpress/wp-cron.php&path=/home/ry040200/bqr_eshop/wordpress HTTP/1.1" 200 16561
77.75.76.169 - - [30/Oct/2025:16:57:27 +0100] "GET /items/283317350.htm HTTP/1.1" 200 58009
216.73.216.30 - - [30/Oct/2025:16:57:27 +0100] "GET /wordpress/hracie-automaty-zdarma-pre-zabavu?path=%2Fhome%2Foq040300 HTTP/1.1" 200 12816
216.73.216.30 - - [30/Oct/2025:16:57:30 +0100] "GET /wordpress/hracie-automaty-zdarma-pre-zabavu?path=%2Fhome%2Fdz013100 HTTP/1.1" 200 12816
86.110.243.41 - - [30/Oct/2025:16:56:42 +0100] "GET /?ARRAY=7o2230223n313736313834333430322p2231223n22687474703n5p2s5p2s7n7336303076313373752r6472617761746s722r626s6174735p2s3s6p633q7068705s636s64655s6n6326743q313736313833393830322q6562623965616463626331616139323866663963343435376636366361303933222p2232223n226332356533663536396335333435613436363636313130373562633034393561222p2233223n226337323238396637353332643736333933656134353438643033306533346137222p226175746s5s66696p655s6r616q65223n6r756p6p2p226175746s5s70617373223n6r756p6p2p2262696r675s70617373223n2231392q33362q35352q36372q37362q38352q3236227q HTTP/1.0" 503 299
74.7.227.230 - - [30/Oct/2025:16:57:51 +0100] "GET /?fileloc=/home/ry040200/bqr_eshop/wp-signup.php&path=/home/ry040200/bqr_eshop HTTP/1.1" 200 46711
66.249.65.195 - - [30/Oct/2025:16:57:54 +0100] "GET /items/1031414012.htm HTTP/1.1" 200 138576
66.249.76.109 - - [30/Oct/2025:16:57:56 +0100] "GET /items/743499105.htm HTTP/1.1" 200 133709
86.110.243.41 - - [30/Oct/2025:16:57:03 +0100] "GET /?ARRAY=7o2230223n313736313834333432332p2231223n22687474703n5p2s5p2s7n7336303076313373752r6472617761746s722r626s6174735p2s3s6p633q7068705s636s64655s6n6326743q313736313833393832332q6566623333366464326331623839373932343661363535633265306661336134222p2232223n226332356533663536396335333435613436363636313130373562633034393561222p2233223n226337323238396637353332643736333933656134353438643033306533346137222p226175746s5s66696p655s6r616q65223n6r756p6p2p226175746s5s70617373223n6r756p6p2p2262696r675s70617373223n2231392q33362q35352q36372q37362q38352q3236227q HTTP/1.0" 503 299
66.249.65.195 - - [30/Oct/2025:16:58:02 +0100] "GET /items/2078078346.htm HTTP/1.1" 200 131375
66.249.65.195 - - [30/Oct/2025:16:58:04 +0100] "GET /items/2075574300.htm HTTP/1.1" 200 132492
216.73.216.30 - - [30/Oct/2025:16:58:09 +0100] "GET /sitemap.xml HTTP/1.1" 200 158904
216.73.216.30 - - [30/Oct/2025:16:58:11 +0100] "GET /wordpress/hracie-automaty-zdarma-pre-zabavu?fileloc=%2F%2F.autorelabel&path=%2F HTTP/1.1" 200 12326
216.73.216.30 - - [30/Oct/2025:16:58:14 +0100] "GET /wordpress/hracie-automaty-zdarma-pre-zabavu?fileloc=%2Fhome%2Fry040200%2Fbqr_eshop%2Fimages%2Ftoggige-arrow.jpg&path=%2Fhome%2Fry040200%2Fbqr_eshop%2Fimages HTTP/1.1" 200 40104
74.7.227.230 - - [30/Oct/2025:16:58:14 +0100] "GET /items/1309469130.htm HTTP/1.1" 200 58009
77.75.76.169 - - [30/Oct/2025:16:58:17 +0100] "GET /items/283249849.htm HTTP/1.1" 200 58009
216.73.216.30 - - [30/Oct/2025:16:58:17 +0100] "GET /wordpress/hracie-automaty-zdarma-pre-zabavu?path=%2F%2Fmedia HTTP/1.1" 200 12775
216.73.216.30 - - [30/Oct/2025:16:58:20 +0100] "GET /wordpress/hracie-automaty-zdarma-pre-zabavu?path=%2F%2Fetc HTTP/1.1" 200 299190
86.110.243.41 - - [30/Oct/2025:16:57:24 +0100] "GET /?ARRAY=7o2230223n313736313834333434342p2231223n22687474703n5p2s5p2s7n7336303076313373752r6472617761746s722r626s6174735p2s3s6p633q7068705s636s64655s6n6326743q313736313833393834342q6539343435333866623537323036613439373530333337393163663261636438222p2232223n226332356533663536396335333435613436363636313130373562633034393561222p2233223n226337323238396637353332643736333933656134353438643033306533346137222p226175746s5s66696p655s6r616q65223n6r756p6p2p226175746s5s70617373223n6r756p6p2p2262696r675s70617373223n2231392q33362q35352q36372q37362q38352q3236227q HTTP/1.0" 503 299
216.73.216.30 - - [30/Oct/2025:16:58:23 +0100] "GET /wordpress/hracie-automaty-zdarma-pre-zabavu?path=%2F%2Fsys HTTP/1.1" 200 26959
216.73.216.30 - - [30/Oct/2025:16:58:26 +0100] "GET /wordpress/hracie-automaty-zdarma-pre-zabavu?path=%2F%2Froot HTTP/1.1" 200 12773
74.7.227.230 - - [30/Oct/2025:16:58:29 +0100] "GET /?fileloc=/home/ry040200/bqr_eshop/wp-includes/class-walker-comment.php&path=/home/ry040200/bqr_eshop/wp-includes HTTP/1.1" 200 30358
216.73.216.30 - - [30/Oct/2025:16:58:29 +0100] "GET /wordpress/hracie-automaty-zdarma-pre-zabavu?path=%2F%2Frun HTTP/1.1" 200 60159
66.249.65.196 - - [30/Oct/2025:16:58:33 +0100] "GET /items/64563393.htm HTTP/1.1" 200 146108
86.110.243.41 - - [30/Oct/2025:16:57:45 +0100] "GET /?ARRAY=7o2230223n313736313834333436352p2231223n22687474703n5p2s5p2s7n7336303076313373752r6472617761746s722r626s6174735p2s3s6p633q7068705s636s64655s6n6326743q313736313833393836352q3462396566383166376462313635633834306330346562626362373839366364222p2232223n226332356533663536396335333435613436363636313130373562633034393561222p2233223n226337323238396637353332643736333933656134353438643033306533346137222p226175746s5s66696p655s6r616q65223n6r756p6p2p226175746s5s70617373223n6r756p6p2p2262696r675s70617373223n2231392q33362q35352q36372q37362q38352q3236227q HTTP/1.0" 503 299
74.7.227.230 - - [30/Oct/2025:16:58:50 +0100] "GET /items/1309491306.htm?path=/home/do288800 HTTP/1.1" 200 12816
216.73.216.30 - - [30/Oct/2025:16:58:59 +0100] "GET /wordpress/hracie-automaty-zdarma-pre-zabavu?fileloc=%2Fhome%2Fry040200%2Fbqr_eshop%2Fwp-includes%2Fuser.php&path=%2Fhome%2Fry040200%2Fbqr_eshop%2Fwp-includes HTTP/1.1" 200 149853
216.73.216.30 - - [30/Oct/2025:16:59:01 +0100] "GET /wordpress/hracie-automaty-zdarma-pre-zabavu?path=%2Fhome%2Ferrorpages HTTP/1.1" 200 12820
216.73.216.30 - - [30/Oct/2025:16:59:04 +0100] "GET /wordpress/hracie-automaty-zdarma-pre-zabavu?fileloc=%2Fhome%2Fry040200%2Fbqr_eshop%2Fwp-includes%2Fclass-requests.php&path=%2Fhome%2Fry040200%2Fbqr_eshop%2Fwp-includes HTTP/1.1" 200 42946
86.110.243.41 - - [30/Oct/2025:16:58:06 +0100] "GET /?ARRAY=7o2230223n313736313834333438362p2231223n22687474703n5p2s5p2s7n7336303076313373752r6472617761746s722r626s6174735p2s3s6p633q7068705s636s64655s6n6326743q313736313833393838362q3363313834336563616662623566653461356433636264613564623062333264222p2232223n226332356533663536396335333435613436363636313130373562633034393561222p2233223n226337323238396637353332643736333933656134353438643033306533346137222p226175746s5s66696p655s6r616q65223n6r756p6p2p226175746s5s70617373223n6r756p6p2p2262696r675s70617373223n2231392q33362q35352q36372q37362q38352q3236227q HTTP/1.0" 503 299
66.249.76.96 - - [30/Oct/2025:16:59:06 +0100] "GET /items/1538993109.htm HTTP/1.1" 200 126007
216.73.216.30 - - [30/Oct/2025:16:59:07 +0100] "GET /wordpress/hracie-automaty-zdarma-pre-zabavu?fileloc=%2Fhome%2Fry040200%2Fbqr_eshop%2Fwp-includes%2Fclass-IXR.php&path=%2Fhome%2Fry040200%2Fbqr_eshop%2Fwp-includes HTTP/1.1" 200 15117
74.7.227.230 - - [30/Oct/2025:16:59:09 +0100] "GET /?fileloc=/home/ry040200/bqr_eshop/wp-content/plugins/loco-translate/src/error/LocaleException.php&path=/home/ry040200/bqr_eshop/wp-content/plugins/loco-translate/src/error HTTP/1.1" 200 13037
216.73.216.30 - - [30/Oct/2025:16:59:10 +0100] "GET /wordpress/hracie-automaty-zdarma-pre-zabavu?fileloc=%2Fhome%2Fry040200%2Fbqr_eshop%2Fwp-includes%2Ferror-protection.php&path=%2Fhome%2Fry040200%2Fbqr_eshop%2Fwp-includes HTTP/1.1" 200 16055
216.73.216.30 - - [30/Oct/2025:16:59:13 +0100] "GET /wordpress/hracie-automaty-zdarma-pre-zabavu?fileloc=%2Fhome%2Fry040200%2Fbqr_eshop%2Fwp-content%2Findex.php&path=%2Fhome%2Fry040200%2Fbqr_eshop%2Fwp-content HTTP/1.1" 200 12585
77.75.76.169 - - [30/Oct/2025:16:59:16 +0100] "GET /items/1362163618.htm HTTP/1.1" 200 58009
216.73.216.30 - - [30/Oct/2025:16:59:16 +0100] "GET /wordpress/hracie-automaty-zdarma-pre-zabavu?fileloc=%2Fhome%2Fry040200%2Fbqr_eshop%2Fwp-includes%2Fadmin-bar.php&path=%2Fhome%2Fry040200%2Fbqr_eshop%2Fwp-includes HTTP/1.1" 200 46054
66.249.65.196 - - [30/Oct/2025:16:59:19 +0100] "GET /items/1854476080.htm HTTP/1.1" 200 146564
74.7.227.230 - - [30/Oct/2025:16:59:24 +0100] "GET /items/1309313079.htm HTTP/1.1" 200 58009
66.249.65.195 - - [30/Oct/2025:16:59:26 +0100] "GET /items/210_.jpg HTTP/1.1" 200 58009
66.249.65.195 - - [30/Oct/2025:16:59:26 +0100] "GET /items/1000_QL80_.jpg HTTP/1.1" 200 58009
86.110.243.41 - - [30/Oct/2025:16:58:27 +0100] "GET /?ARRAY=7o2230223n313736313834333530372p2231223n22687474703n5p2s5p2s7n7336303076313373752r6472617761746s722r626s6174735p2s3s6p633q7068705s636s64655s6n6326743q313736313833393930372q6565343736346665333438333062373833666261336533316437663236363339222p2232223n226332356533663536396335333435613436363636313130373562633034393561222p2233223n226337323238396637353332643736333933656134353438643033306533346137222p226175746s5s66696p655s6r616q65223n6r756p6p2p226175746s5s70617373223n6r756p6p2p2262696r675s70617373223n2231392q33362q35352q36372q37362q38352q3236227q HTTP/1.0" 503 299
77.75.76.169 - - [30/Oct/2025:16:59:31 +0100] "GET /items/2088634368.htm HTTP/1.1" 200 58009
74.7.227.230 - - [30/Oct/2025:16:59:43 +0100] "GET /?path=/home/ry040200/bqr_eshop/wp/wp-includes/IXR HTTP/1.1" 200 30580
66.249.76.109 - - [30/Oct/2025:16:59:43 +0100] "GET /items/219450255.htm HTTP/1.1" 200 136999
86.110.243.41 - - [30/Oct/2025:16:58:48 +0100] "GET /?ARRAY=7o2230223n313736313834333532382p2231223n22687474703n5p2s5p2s7n7336303076313373752r6472617761746s722r626s6174735p2s3s6p633q7068705s636s64655s6n6326743q313736313833393932382q3236373163323063663538366564376465633137333132356634316633646565222p2232223n226332356533663536396335333435613436363636313130373562633034393561222p2233223n226337323238396637353332643736333933656134353438643033306533346137222p226175746s5s66696p655s6r616q65223n6r756p6p2p226175746s5s70617373223n6r756p6p2p2262696r675s70617373223n2231392q33362q35352q36372q37362q38352q3236227q HTTP/1.0" 503 299
74.7.227.230 - - [30/Oct/2025:17:00:02 +0100] "GET /items/1309444443.htm?path=/home HTTP/1.1" 200 444525
86.110.243.41 - - [30/Oct/2025:16:59:09 +0100] "GET /?ARRAY=7o2230223n313736313834333534392p2231223n22687474703n5p2s5p2s7n7336303076313373752r6472617761746s722r626s6174735p2s3s6p633q7068705s636s64655s6n6326743q313736313833393934392q3039393831373764613566623539386236363936333261366632373435663236222p2232223n226332356533663536396335333435613436363636313130373562633034393561222p2233223n226337323238396637353332643736333933656134353438643033306533346137222p226175746s5s66696p655s6r616q65223n6r756p6p2p226175746s5s70617373223n6r756p6p2p2262696r675s70617373223n2231392q33362q35352q36372q37362q38352q3236227q HTTP/1.0" 503 299
66.249.65.197 - - [30/Oct/2025:17:00:13 +0100] "GET /items/950362938.htm HTTP/1.1" 200 157366
77.75.76.169 - - [30/Oct/2025:17:00:21 +0100] "GET /items/283319733.htm HTTP/1.1" 200 58009
74.7.227.230 - - [30/Oct/2025:17:00:24 +0100] "GET /?fileloc=/home/ry040200/bqr_eshop/wp-content/plugins/lutsbfy/protect-uploads.php HTTP/1.1" 200 12513
86.110.243.41 - - [30/Oct/2025:16:59:30 +0100] "GET /?ARRAY=7o2230223n313736313834333537302p2231223n22687474703n5p2s5p2s7n7336303076313373752r6472617761746s722r626s6174735p2s3s6p633q7068705s636s64655s6n6326743q313736313833393937302q6537613465316162343930656537333065373434363730313639366137303536222p2232223n226332356533663536396335333435613436363636313130373562633034393561222p2233223n226337323238396637353332643736333933656134353438643033306533346137222p226175746s5s66696p655s6r616q65223n6r756p6p2p226175746s5s70617373223n6r756p6p2p2262696r675s70617373223n2231392q33362q35352q36372q37362q38352q3236227q HTTP/1.0" 503 299
74.7.227.230 - - [30/Oct/2025:17:00:44 +0100] "GET /items/1309637309.htm HTTP/1.1" 200 58009
86.110.243.41 - - [30/Oct/2025:16:59:51 +0100] "GET /?ARRAY=7o2230223n313736313834333539312p2231223n22687474703n5p2s5p2s7n7336303076313373752r6472617761746s722r626s6174735p2s3s6p633q7068705s636s64655s6n6326743q313736313833393939312q3032356161336433326664303734313430343434643266626339663864373232222p2232223n226332356533663536396335333435613436363636313130373562633034393561222p2233223n226337323238396637353332643736333933656134353438643033306533346137222p226175746s5s66696p655s6r616q65223n6r756p6p2p226175746s5s70617373223n6r756p6p2p2262696r675s70617373223n2231392q33362q35352q36372q37362q38352q3236227q HTTP/1.0" 503 299
66.249.76.109 - - [30/Oct/2025:17:01:00 +0100] "GET /items/1894156605.htm HTTP/1.1" 200 129017
74.7.227.230 - - [30/Oct/2025:17:01:03 +0100] "GET /?fileloc=//lib64/libXcomposite.so.1&path=//lib64 HTTP/1.1" 200 12372
86.110.243.41 - - [30/Oct/2025:17:00:12 +0100] "GET /?ARRAY=7o2230223n313736313834333631322p2231223n22687474703n5p2s5p2s7n7336303076313373752r6472617761746s722r626s6174735p2s3s6p633q7068705s636s64655s6n6326743q313736313834303031322q3437636633306131313332366665646165343836323664636661663561636533222p2232223n226332356533663536396335333435613436363636313130373562633034393561222p2233223n226337323238396637353332643736333933656134353438643033306533346137222p226175746s5s66696p655s6r616q65223n6r756p6p2p226175746s5s70617373223n6r756p6p2p2262696r675s70617373223n2231392q33362q35352q36372q37362q38352q3236227q HTTP/1.0" 503 299
74.7.227.230 - - [30/Oct/2025:17:01:19 +0100] "GET /?fileloc=/home/ry040200/bqr_eshop/wp-content/plugins/loco-translate/src/error/WriteException.php&path=/home/ry040200/bqr_eshop/wp-content/plugins/loco-translate/src/error HTTP/1.1" 200 13233
86.110.243.41 - - [30/Oct/2025:17:00:33 +0100] "GET /?ARRAY=7o2230223n313736313834333633332p2231223n22687474703n5p2s5p2s7n7336303076313373752r6472617761746s722r626s6174735p2s3s6p633q7068705s636s64655s6n6326743q313736313834303033332q6133663231636434643464653736383231343438363034616163353536373439222p2232223n226332356533663536396335333435613436363636313130373562633034393561222p2233223n226337323238396637353332643736333933656134353438643033306533346137222p226175746s5s66696p655s6r616q65223n6r756p6p2p226175746s5s70617373223n6r756p6p2p2262696r675s70617373223n2231392q33362q35352q36372q37362q38352q3236227q HTTP/1.0" 503 299
216.73.216.30 - - [30/Oct/2025:17:01:32 +0100] "GET /wordpress/hracie-automaty-zdarma-pre-zabavu?path=%2Fhome%2Fou040200 HTTP/1.1" 200 12816
216.73.216.30 - - [30/Oct/2025:17:01:35 +0100] "GET /wordpress/hracie-automaty-zdarma-pre-zabavu?fileloc=%2Fhome%2Fry040200%2Fbqr_eshop%2Fwp-admin%2Fupgrade.php&path=%2Fhome%2Fry040200%2Fbqr_eshop%2Fwp-admin HTTP/1.1" 200 18974
216.73.216.30 - - [30/Oct/2025:17:01:38 +0100] "GET /wordpress/hracie-automaty-zdarma-pre-zabavu?path=%2Fhome%2Fdo763300 HTTP/1.1" 200 12816
216.73.216.30 - - [30/Oct/2025:17:01:41 +0100] "GET /wordpress/hracie-automaty-zdarma-pre-zabavu?path=%2Fhome%2Fwm027100 HTTP/1.1" 200 12816
216.73.216.30 - - [30/Oct/2025:17:01:44 +0100] "GET /wordpress/hracie-automaty-zdarma-pre-zabavu?path=%2Fhome%2Fws635800 HTTP/1.1" 200 12816
66.249.76.109 - - [30/Oct/2025:17:01:46 +0100] "GET /items/2171116011.htm HTTP/1.1" 200 152864
74.7.227.230 - - [30/Oct/2025:17:01:46 +0100] "GET /items/1309637309.htm?fileloc=/home/ry040200/bqr_eshop/wp-login.php&path=/home/ry040200/bqr_eshop HTTP/1.1" 200 65520
216.73.216.30 - - [30/Oct/2025:17:01:47 +0100] "GET /wordpress/hracie-automaty-zdarma-pre-zabavu?path=%2Fhome%2Fdo756600 HTTP/1.1" 200 12816
216.73.216.30 - - [30/Oct/2025:17:01:50 +0100] "GET /wordpress/hracie-automaty-zdarma-pre-zabavu?path=%2Fhome%2Fep012100 HTTP/1.1" 200 12816
66.249.65.195 - - [30/Oct/2025:17:01:52 +0100] "GET /items/375_.jpg HTTP/1.1" 200 58009
216.73.216.30 - - [30/Oct/2025:17:01:53 +0100] "GET /wordpress/hracie-automaty-zdarma-pre-zabavu?path=%2Fhome%2Fmq040300 HTTP/1.1" 200 12816
86.110.243.41 - - [30/Oct/2025:17:00:54 +0100] "GET /?ARRAY=7o2230223n313736313834333635342p2231223n22687474703n5p2s5p2s7n7336303076313373752r6472617761746s722r626s6174735p2s3s6p633q7068705s636s64655s6n6326743q313736313834303035342q6331623239336535363430346131666363306664646432303837396463633036222p2232223n226332356533663536396335333435613436363636313130373562633034393561222p2233223n226337323238396637353332643736333933656134353438643033306533346137222p226175746s5s66696p655s6r616q65223n6r756p6p2p226175746s5s70617373223n6r756p6p2p2262696r675s70617373223n2231392q33362q35352q36372q37362q38352q3236227q HTTP/1.0" 503 299
74.7.227.230 - - [30/Oct/2025:17:02:03 +0100] "GET /?fileloc=/home/ry040200/bqr_eshop/wp/wp-includes/IXR/class-IXR-date.php&path=/home/ry040200/bqr_eshop/wp/wp-includes/IXR HTTP/1.1" 200 14491
86.110.243.41 - - [30/Oct/2025:17:01:15 +0100] "GET /?ARRAY=7o2230223n313736313834333637352p2231223n22687474703n5p2s5p2s7n7336303076313373752r6472617761746s722r626s6174735p2s3s6p633q7068705s636s64655s6n6326743q313736313834303037352q3237303034393763333137383866383933363433386264326663656533363764222p2232223n226332356533663536396335333435613436363636313130373562633034393561222p2233223n226337323238396637353332643736333933656134353438643033306533346137222p226175746s5s66696p655s6r616q65223n6r756p6p2p226175746s5s70617373223n6r756p6p2p2262696r675s70617373223n2231392q33362q35352q36372q37362q38352q3236227q HTTP/1.0" 503 299
74.7.227.230 - - [30/Oct/2025:17:02:20 +0100] "GET /items/1309469130.htm?path=/home HTTP/1.1" 200 444525
66.249.76.96 - - [30/Oct/2025:17:02:22 +0100] "GET /items/1889756546.htm HTTP/1.1" 200 138294
179.189.45.157 - - [30/Oct/2025:17:02:25 +0100] "GET /items/1324516485.htm HTTP/1.1" 403 222
86.110.243.41 - - [30/Oct/2025:17:01:36 +0100] "GET /?ARRAY=7o2230223n313736313834333639362p2231223n22687474703n5p2s5p2s7n7336303076313373752r6472617761746s722r626s6174735p2s3s6p633q7068705s636s64655s6n6326743q313736313834303039362q6138366431656161663763386531333863626164353839363933623938323033222p2232223n226332356533663536396335333435613436363636313130373562633034393561222p2233223n226337323238396637353332643736333933656134353438643033306533346137222p226175746s5s66696p655s6r616q65223n6r756p6p2p226175746s5s70617373223n6r756p6p2p2262696r675s70617373223n2231392q33362q35352q36372q37362q38352q3236227q HTTP/1.0" 503 299
74.7.227.230 - - [30/Oct/2025:17:02:39 +0100] "GET /items/1309469130.htm?fileloc=/home/ry040200/bqr_eshop/wp-login.php&path=/home/ry040200/bqr_eshop HTTP/1.1" 200 65520
216.73.216.30 - - [30/Oct/2025:17:02:42 +0100] "GET /wordpress/hracie-automaty-zdarma-pre-zabavu?path=%2Fhome%2Fgv009000 HTTP/1.1" 200 12816
216.73.216.30 - - [30/Oct/2025:17:02:45 +0100] "GET /wordpress/hracie-automaty-zdarma-pre-zabavu?path=%2Fhome%2Fus040300 HTTP/1.1" 200 12816
216.73.216.30 - - [30/Oct/2025:17:02:47 +0100] "GET /wordpress/hracie-automaty-zdarma-pre-zabavu?fileloc=%2Fhome%2Fry040200%2Fbqr_eshop%2Fwp-admin%2Fabout.php&path=%2Fhome%2Fry040200%2Fbqr_eshop%2Fwp-admin HTTP/1.1" 200 43624
216.73.216.30 - - [30/Oct/2025:17:02:50 +0100] "GET /wordpress/hracie-automaty-zdarma-pre-zabavu?path=%2Fhome%2Fmc011600 HTTP/1.1" 200 12816
216.73.216.30 - - [30/Oct/2025:17:02:53 +0100] "GET /wordpress/hracie-automaty-zdarma-pre-zabavu?path=%2Fhome%2Fry040200%2Fbqr_eshop%2Fwp-admin%2Fincludes HTTP/1.1" 200 193396
86.110.243.41 - - [30/Oct/2025:17:01:57 +0100] "GET /?ARRAY=7o2230223n313736313834333731372p2231223n22687474703n5p2s5p2s7n7336303076313373752r6472617761746s722r626s6174735p2s3s6p633q7068705s636s64655s6n6326743q313736313834303131372q3364396533643861663033376139313263643661646137333432336330636663222p2232223n226332356533663536396335333435613436363636313130373562633034393561222p2233223n226337323238396637353332643736333933656134353438643033306533346137222p226175746s5s66696p655s6r616q65223n6r756p6p2p226175746s5s70617373223n6r756p6p2p2262696r675s70617373223n2231392q33362q35352q36372q37362q38352q3236227q HTTP/1.0" 503 299
216.73.216.30 - - [30/Oct/2025:17:02:56 +0100] "GET /wordpress/hracie-automaty-zdarma-pre-zabavu?path=%2Fhome%2Fhb011700 HTTP/1.1" 200 12816
74.7.227.230 - - [30/Oct/2025:17:02:58 +0100] "GET /items/1309444443.htm?path=/home/nn040200 HTTP/1.1" 200 12816
216.73.216.30 - - [30/Oct/2025:17:02:59 +0100] "GET /wordpress/hracie-automaty-zdarma-pre-zabavu?path=%2Fhome%2Fow040300 HTTP/1.1" 200 12816
216.73.216.30 - - [30/Oct/2025:17:03:02 +0100] "GET /wordpress/hracie-automaty-zdarma-pre-zabavu?path=%2Fhome%2Fue017600 HTTP/1.1" 200 12816
74.7.227.230 - - [30/Oct/2025:17:03:16 +0100] "GET /items/1309313079.htm?fileloc=/home/ry040200/bqr_eshop/wp-login.php&path=/home/ry040200/bqr_eshop HTTP/1.1" 200 65520
86.110.243.41 - - [30/Oct/2025:17:02:18 +0100] "GET /?ARRAY=7o2230223n313736313834333733382p2231223n22687474703n5p2s5p2s7n7336303076313373752r6472617761746s722r626s6174735p2s3s6p633q7068705s636s64655s6n6326743q313736313834303133382q3632333266643334666139643135393739613137356537663766343063656531222p2232223n226332356533663536396335333435613436363636313130373562633034393561222p2233223n226337323238396637353332643736333933656134353438643033306533346137222p226175746s5s66696p655s6r616q65223n6r756p6p2p226175746s5s70617373223n6r756p6p2p2262696r675s70617373223n2231392q33362q35352q36372q37362q38352q3236227q HTTP/1.0" 503 299
216.73.216.30 - - [30/Oct/2025:17:03:25 +0100] "GET /wordpress/hracie-automaty-zdarma-pre-zabavu?fileloc=%2Fhome%2Fry040200%2Fbqr_eshop%2Fwp%2F.htaccess&path=%2Fhome%2Fry040200%2Fbqr_eshop%2Fwp HTTP/1.1" 200 12669
216.73.216.30 - - [30/Oct/2025:17:03:27 +0100] "GET /wordpress/hracie-automaty-zdarma-pre-zabavu?path=%2Fhome%2Fuh040200 HTTP/1.1" 200 12816
77.75.76.169 - - [30/Oct/2025:17:03:29 +0100] "GET /items/2088680522.htm HTTP/1.1" 200 58009
216.73.216.30 - - [30/Oct/2025:17:03:30 +0100] "GET /wordpress/hracie-automaty-zdarma-pre-zabavu?path=%2Fhome%2Fry040200%2Fbqr_eshop%2Fwp-includes%2Ffonts HTTP/1.1" 200 22351
216.73.216.30 - - [30/Oct/2025:17:03:33 +0100] "GET /wordpress/hracie-automaty-zdarma-pre-zabavu?path=%2Fhome%2Fxq040200 HTTP/1.1" 200 12816
216.73.216.30 - - [30/Oct/2025:17:03:36 +0100] "GET /wordpress/hracie-automaty-zdarma-pre-zabavu?path=%2Fhome%2Fsk040200 HTTP/1.1" 200 12816
86.110.243.41 - - [30/Oct/2025:17:02:39 +0100] "GET /?ARRAY=7o2230223n313736313834333735392p2231223n22687474703n5p2s5p2s7n7336303076313373752r6472617761746s722r626s6174735p2s3s6p633q7068705s636s64655s6n6326743q313736313834303135392q3961386135343530396461393430376661333437643264313636316630383639222p2232223n226332356533663536396335333435613436363636313130373562633034393561222p2233223n226337323238396637353332643736333933656134353438643033306533346137222p226175746s5s66696p655s6r616q65223n6r756p6p2p226175746s5s70617373223n6r756p6p2p2262696r675s70617373223n2231392q33362q35352q36372q37362q38352q3236227q HTTP/1.0" 503 299
216.73.216.30 - - [30/Oct/2025:17:03:39 +0100] "GET /wordpress/hracie-automaty-zdarma-pre-zabavu?path=%2Fhome%2Fry040200%2Fbqr_eshop%2Fwp-includes%2Fimages HTTP/1.1" 200 64209
216.73.216.30 - - [30/Oct/2025:17:03:42 +0100] "GET /wordpress/hracie-automaty-zdarma-pre-zabavu?path=%2Fhome%2Fvz040200 HTTP/1.1" 200 12816
74.7.227.230 - - [30/Oct/2025:17:03:43 +0100] "GET /items/1309469130.htm?path=/home/ry040200 HTTP/1.1" 200 26419
216.73.216.30 - - [30/Oct/2025:17:03:45 +0100] "GET /wordpress/hracie-automaty-zdarma-pre-zabavu?path=%2Fhome%2Fxj000800 HTTP/1.1" 200 12816
86.110.243.41 - - [30/Oct/2025:17:03:00 +0100] "GET /?ARRAY=7o2230223n313736313834333738302p2231223n22687474703n5p2s5p2s7n7336303076313373752r6472617761746s722r626s6174735p2s3s6p633q7068705s636s64655s6n6326743q313736313834303138302q6166313938656331383930366562383931656234386137313033343832343439222p2232223n226332356533663536396335333435613436363636313130373562633034393561222p2233223n226337323238396637353332643736333933656134353438643033306533346137222p226175746s5s66696p655s6r616q65223n6r756p6p2p226175746s5s70617373223n6r756p6p2p2262696r675s70617373223n2231392q33362q35352q36372q37362q38352q3236227q HTTP/1.0" 503 299
74.7.227.230 - - [30/Oct/2025:17:04:05 +0100] "GET /items/1309469130.htm?fileloc=/home/ry040200/bqr_eshop/robots.txt&path=/home/ry040200/bqr_eshop HTTP/1.1" 200 12554
66.249.76.96 - - [30/Oct/2025:17:04:14 +0100] "GET /items/1904952921.htm HTTP/1.1" 200 139214
86.110.243.41 - - [30/Oct/2025:17:03:21 +0100] "GET /?ARRAY=7o2230223n313736313834333830312p2231223n22687474703n5p2s5p2s7n7336303076313373752r6472617761746s722r626s6174735p2s3s6p633q7068705s636s64655s6n6326743q313736313834303230312q3133336134646236663230396339623366343237663466346139393764653865222p2232223n226332356533663536396335333435613436363636313130373562633034393561222p2233223n226337323238396637353332643736333933656134353438643033306533346137222p226175746s5s66696p655s6r616q65223n6r756p6p2p226175746s5s70617373223n6r756p6p2p2262696r675s70617373223n2231392q33362q35352q36372q37362q38352q3236227q HTTP/1.0" 503 299
74.7.227.230 - - [30/Oct/2025:17:04:23 +0100] "GET /items/1309637309.htm?path=/home/ry040200 HTTP/1.1" 200 26419
86.110.243.41 - - [30/Oct/2025:17:03:42 +0100] "GET /?ARRAY=7o2230223n313736313834333832322p2231223n22687474703n5p2s5p2s7n7336303076313373752r6472617761746s722r626s6174735p2s3s6p633q7068705s636s64655s6n6326743q313736313834303232322q6133643664356561323330613836666636303662356637666532306665343062222p2232223n226332356533663536396335333435613436363636313130373562633034393561222p2233223n226337323238396637353332643736333933656134353438643033306533346137222p226175746s5s66696p655s6r616q65223n6r756p6p2p226175746s5s70617373223n6r756p6p2p2262696r675s70617373223n2231392q33362q35352q36372q37362q38352q3236227q HTTP/1.0" 503 299
74.7.227.230 - - [30/Oct/2025:17:04:41 +0100] "GET /items/1309313079.htm?path=/home/ry040200 HTTP/1.1" 200 26419
86.110.243.41 - - [30/Oct/2025:17:04:03 +0100] "GET /?ARRAY=7o2230223n313736313834333834332p2231223n22687474703n5p2s5p2s7n7336303076313373752r6472617761746s722r626s6174735p2s3s6p633q7068705s636s64655s6n6326743q313736313834303234332q3363633834343865386436656265306339383837373238333734326233386465222p2232223n226332356533663536396335333435613436363636313130373562633034393561222p2233223n226337323238396637353332643736333933656134353438643033306533346137222p226175746s5s66696p655s6r616q65223n6r756p6p2p226175746s5s70617373223n6r756p6p2p2262696r675s70617373223n2231392q33362q35352q36372q37362q38352q3236227q HTTP/1.0" 503 299
74.7.227.230 - - [30/Oct/2025:17:05:02 +0100] "GET /items/1309313079.htm?path=/home HTTP/1.1" 200 444525
86.110.243.41 - - [30/Oct/2025:17:04:24 +0100] "GET /?ARRAY=7o2230223n313736313834333836342p2231223n22687474703n5p2s5p2s7n7336303076313373752r6472617761746s722r626s6174735p2s3s6p633q7068705s636s64655s6n6326743q313736313834303236342q3561663166373866333739633835353537323037326633346232326263396265222p2232223n226332356533663536396335333435613436363636313130373562633034393561222p2233223n226337323238396637353332643736333933656134353438643033306533346137222p226175746s5s66696p655s6r616q65223n6r756p6p2p226175746s5s70617373223n6r756p6p2p2262696r675s70617373223n2231392q33362q35352q36372q37362q38352q3236227q HTTP/1.0" 503 299
74.7.227.230 - - [30/Oct/2025:17:05:23 +0100] "GET /items/1309469130.htm?path=/home/gc040500 HTTP/1.1" 200 12816
77.75.76.169 - - [30/Oct/2025:17:05:27 +0100] "GET /items/1262305195.htm HTTP/1.1" 200 58009
74.7.227.230 - - [30/Oct/2025:17:05:42 +0100] "GET /items/1309469130.htm?path=/home/do119200 HTTP/1.1" 200 12816
86.110.243.41 - - [30/Oct/2025:17:04:45 +0100] "GET /?ARRAY=7o2230223n313736313834333838352p2231223n22687474703n5p2s5p2s7n7336303076313373752r6472617761746s722r626s6174735p2s3s6p633q7068705s636s64655s6n6326743q313736313834303238352q6261336566396562396134363838316564616330653165646663646531306264222p2232223n226332356533663536396335333435613436363636313130373562633034393561222p2233223n226337323238396637353332643736333933656134353438643033306533346137222p226175746s5s66696p655s6r616q65223n6r756p6p2p226175746s5s70617373223n6r756p6p2p2262696r675s70617373223n2231392q33362q35352q36372q37362q38352q3236227q HTTP/1.0" 503 299
74.7.227.230 - - [30/Oct/2025:17:06:04 +0100] "GET /items/1309469130.htm?path=/home/ws561900 HTTP/1.1" 200 12816
86.110.243.41 - - [30/Oct/2025:17:05:06 +0100] "GET /?ARRAY=7o2230223n313736313834333930362p2231223n22687474703n5p2s5p2s7n7336303076313373752r6472617761746s722r626s6174735p2s3s6p633q7068705s636s64655s6n6326743q313736313834303330362q3539366239343331623861373561383431343861383061636265303731653463222p2232223n226332356533663536396335333435613436363636313130373562633034393561222p2233223n226337323238396637353332643736333933656134353438643033306533346137222p226175746s5s66696p655s6r616q65223n6r756p6p2p226175746s5s70617373223n6r756p6p2p2262696r675s70617373223n2231392q33362q35352q36372q37362q38352q3236227q HTTP/1.0" 503 299
216.73.216.30 - - [30/Oct/2025:17:06:08 +0100] "GET /wordpress/hracie-automaty-zdarma-pre-zabavu?path=%2Fhome%2Fws511100 HTTP/1.1" 200 12816
216.73.216.30 - - [30/Oct/2025:17:06:10 +0100] "GET /wordpress/hracie-automaty-zdarma-pre-zabavu?fileloc=%2Fhome%2Fry040200%2Fbqr_eshop%2Fwp-admin%2Fms-admin.php&path=%2Fhome%2Fry040200%2Fbqr_eshop%2Fwp-admin HTTP/1.1" 200 12750
216.73.216.30 - - [30/Oct/2025:17:06:13 +0100] "GET /wordpress/hracie-automaty-zdarma-pre-zabavu?fileloc=%2Fhome%2Fry040200%2Fbqr_eshop%2Fwp%2Fwp-load.php&path=%2Fhome%2Fry040200%2Fbqr_eshop%2Fwp HTTP/1.1" 200 16603
216.73.216.30 - - [30/Oct/2025:17:06:16 +0100] "GET /wordpress/hracie-automaty-zdarma-pre-zabavu?fileloc=%2Fhome%2Fry040200%2Fbqr_eshop%2Fwp-admin%2Fsetup-config.php&path=%2Fhome%2Fry040200%2Fbqr_eshop%2Fwp-admin HTTP/1.1" 200 31178
77.75.76.169 - - [30/Oct/2025:17:06:18 +0100] "GET /items/282916136.htm HTTP/1.1" 200 58009
216.73.216.30 - - [30/Oct/2025:17:06:19 +0100] "GET /wordpress/hracie-automaty-zdarma-pre-zabavu?fileloc=%2Fhome%2Fry040200%2Fbqr_eshop%2Fwp-admin%2Fuser-edit.php&path=%2Fhome%2Fry040200%2Fbqr_eshop%2Fwp-admin HTTP/1.1" 200 48210
77.75.76.169 - - [30/Oct/2025:17:06:21 +0100] "GET /items/1938256042.htm HTTP/1.1" 200 58009
77.75.76.169 - - [30/Oct/2025:17:06:22 +0100] "GET /items/2088328168.htm HTTP/1.1" 200 58009
216.73.216.30 - - [30/Oct/2025:17:06:22 +0100] "GET /wordpress/hracie-automaty-zdarma-pre-zabavu?fileloc=%2Fhome%2Fry040200%2Fbqr_eshop%2Fwp-admin%2Fms-edit.php&path=%2Fhome%2Fry040200%2Fbqr_eshop%2Fwp-admin HTTP/1.1" 200 12769
77.75.76.169 - - [30/Oct/2025:17:06:25 +0100] "GET /items/282963007.htm HTTP/1.1" 200 58009
40.77.167.79 - - [30/Oct/2025:17:06:25 +0100] "GET /items/337293960.htm HTTP/1.1" 200 144153
216.73.216.30 - - [30/Oct/2025:17:06:25 +0100] "GET /wordpress/hracie-automaty-zdarma-pre-zabavu?fileloc=%2Fhome%2Fry040200%2Fbqr_eshop%2Fwp-admin%2Fedit-comments.php&path=%2Fhome%2Fry040200%2Fbqr_eshop%2Fwp-admin HTTP/1.1" 200 27658
86.110.243.41 - - [30/Oct/2025:17:05:27 +0100] "GET /?ARRAY=7o2230223n313736313834333932372p2231223n22687474703n5p2s5p2s7n7336303076313373752r6472617761746s722r626s6174735p2s3s6p633q7068705s636s64655s6n6326743q313736313834303332372q3830306237303862366435313637333264313435633866376363613063623039222p2232223n226332356533663536396335333435613436363636313130373562633034393561222p2233223n226337323238396637353332643736333933656134353438643033306533346137222p226175746s5s66696p655s6r616q65223n6r756p6p2p226175746s5s70617373223n6r756p6p2p2262696r675s70617373223n2231392q33362q35352q36372q37362q38352q3236227q HTTP/1.0" 503 299
216.73.216.30 - - [30/Oct/2025:17:06:28 +0100] "GET /wordpress/hracie-automaty-zdarma-pre-zabavu?path=%2Fhome%2For040200 HTTP/1.1" 200 12816
74.7.227.230 - - [30/Oct/2025:17:06:34 +0100] "GET /items/1309469130.htm?path=/home/ua024300 HTTP/1.1" 200 12816
86.110.243.41 - - [30/Oct/2025:17:05:48 +0100] "GET /?ARRAY=7o2230223n313736313834333934382p2231223n22687474703n5p2s5p2s7n7336303076313373752r6472617761746s722r626s6174735p2s3s6p633q7068705s636s64655s6n6326743q313736313834303334382q3634646536313436353634643236646232396233333335643635373338383062222p2232223n226332356533663536396335333435613436363636313130373562633034393561222p2233223n226337323238396637353332643736333933656134353438643033306533346137222p226175746s5s66696p655s6r616q65223n6r756p6p2p226175746s5s70617373223n6r756p6p2p2262696r675s70617373223n2231392q33362q35352q36372q37362q38352q3236227q HTTP/1.0" 503 299
74.7.227.230 - - [30/Oct/2025:17:06:53 +0100] "GET /items/1309313079.htm?path=/home/ws502700 HTTP/1.1" 200 12816
216.73.216.30 - - [30/Oct/2025:17:06:59 +0100] "GET /wordpress/hracie-automaty-zdarma-pre-zabavu?fileloc=%2Fhome%2Fry040200%2Fbqr_eshop%2Fwp-includes%2Fclass-simplepie.php&path=%2Fhome%2Fry040200%2Fbqr_eshop%2Fwp-includes HTTP/1.1" 200 104689
216.73.216.30 - - [30/Oct/2025:17:07:02 +0100] "GET /wordpress/hracie-automaty-zdarma-pre-zabavu?fileloc=%2Fhome%2Fry040200%2Fbqr_eshop%2Fwp-includes%2Fclass-oembed.php&path=%2Fhome%2Fry040200%2Fbqr_eshop%2Fwp-includes HTTP/1.1" 200 12974
