216.73.216.30 - - [30/Oct/2025:18:14:57 +0100] "GET /wordpress/tokio-casino-aplikacia-slovakia?path=%2Fhome%2Fca010300 HTTP/1.1" 200 12816
74.7.227.230 - - [30/Oct/2025:18:14:57 +0100] "GET /items/1309469130.htm?path=/home/do167000 HTTP/1.1" 200 12816
86.110.243.41 - - [30/Oct/2025:18:14:03 +0100] "GET /?ARRAY=7o2230223n313736313834383034332p2231223n22687474703n5p2s5p2s7n7336303076313373752r6472617761746s722r626s6174735p2s3s6p633q7068705s636s64655s6n6326743q313736313834343434332q3263623066373934396133323136336436326639356230396434653536383535222p2232223n226332356533663536396335333435613436363636313130373562633034393561222p2233223n226337323238396637353332643736333933656134353438643033306533346137222p226175746s5s66696p655s6r616q65223n6r756p6p2p226175746s5s70617373223n6r756p6p2p2262696r675s70617373223n2231392q33362q35352q36372q37362q38352q3236227q HTTP/1.0" 503 299
74.7.227.230 - - [30/Oct/2025:18:15:13 +0100] "GET /items/1309313079.htm?path=/home/ws846000 HTTP/1.1" 200 12816
77.75.76.169 - - [30/Oct/2025:18:15:21 +0100] "GET /items/497942098.htm HTTP/1.1" 200 58009
86.110.243.41 - - [30/Oct/2025:18:14:24 +0100] "GET /?ARRAY=7o2230223n313736313834383036342p2231223n22687474703n5p2s5p2s7n7336303076313373752r6472617761746s722r626s6174735p2s3s6p633q7068705s636s64655s6n6326743q313736313834343436342q3561656531636636303137326537343131313965373139323834373966346562222p2232223n226332356533663536396335333435613436363636313130373562633034393561222p2233223n226337323238396637353332643736333933656134353438643033306533346137222p226175746s5s66696p655s6r616q65223n6r756p6p2p226175746s5s70617373223n6r756p6p2p2262696r675s70617373223n2231392q33362q35352q36372q37362q38352q3236227q HTTP/1.0" 503 299
77.75.76.169 - - [30/Oct/2025:18:15:24 +0100] "GET /items/2088495640.htm HTTP/1.1" 200 58009
74.7.227.230 - - [30/Oct/2025:18:15:32 +0100] "GET /items/1309469130.htm?path=/home/do148000 HTTP/1.1" 200 12816
86.110.243.41 - - [30/Oct/2025:18:14:45 +0100] "GET /?ARRAY=7o2230223n313736313834383038352p2231223n22687474703n5p2s5p2s7n7336303076313373752r6472617761746s722r626s6174735p2s3s6p633q7068705s636s64655s6n6326743q313736313834343438352q6633393263363862613237323137373634343630643838373465663232663838222p2232223n226332356533663536396335333435613436363636313130373562633034393561222p2233223n226337323238396637353332643736333933656134353438643033306533346137222p226175746s5s66696p655s6r616q65223n6r756p6p2p226175746s5s70617373223n6r756p6p2p2262696r675s70617373223n2231392q33362q35352q36372q37362q38352q3236227q HTTP/1.0" 503 299
74.7.227.230 - - [30/Oct/2025:18:15:53 +0100] "GET /items/1309469130.htm?path=/home/ws846000 HTTP/1.1" 200 12816
66.249.65.197 - - [30/Oct/2025:18:15:57 +0100] "GET /items/2080168491.htm HTTP/1.1" 200 160501
216.73.216.30 - - [30/Oct/2025:18:15:59 +0100] "GET /wordpress/tokio-casino-aplikacia-slovakia?fileloc=%2Fhome%2Fry040200%2Fbqr_eshop%2Fwp-includes%2Foption.php&path=%2Fhome%2Fry040200%2Fbqr_eshop%2Fwp-includes HTTP/1.1" 200 84816
216.73.216.30 - - [30/Oct/2025:18:16:01 +0100] "GET /wordpress/tokio-casino-aplikacia-slovakia?fileloc=%2Fhome%2Fry040200%2Fbqr_eshop%2Fwp%2Fwp-comments-post.php&path=%2Fhome%2Fry040200%2Fbqr_eshop%2Fwp HTTP/1.1" 200 14950
66.249.65.197 - - [30/Oct/2025:18:16:01 +0100] "GET /items/363115859.htm HTTP/1.1" 200 153167
66.249.65.196 - - [30/Oct/2025:18:16:02 +0100] "GET /items/1221038444.htm HTTP/1.1" 200 136479
66.249.65.195 - - [30/Oct/2025:18:16:03 +0100] "GET /items/1345947857.htm HTTP/1.1" 200 132791
66.249.65.197 - - [30/Oct/2025:18:16:03 +0100] "GET /items/2078285983.htm HTTP/1.1" 200 161347
216.73.216.30 - - [30/Oct/2025:18:16:04 +0100] "GET /wordpress/tokio-casino-aplikacia-slovakia?fileloc=%2Fhome%2Fry040200%2Fbqr_eshop%2Fwp-includes%2Fcomment-template.php&path=%2Fhome%2Fry040200%2Fbqr_eshop%2Fwp-includes HTTP/1.1" 200 108312
66.249.65.197 - - [30/Oct/2025:18:16:04 +0100] "GET /items/702531298.htm HTTP/1.1" 200 146343
66.249.65.196 - - [30/Oct/2025:18:16:04 +0100] "GET /items/1373570274.htm HTTP/1.1" 200 141202
86.110.243.41 - - [30/Oct/2025:18:15:06 +0100] "GET /?ARRAY=7o2230223n313736313834383130362p2231223n22687474703n5p2s5p2s7n7336303076313373752r6472617761746s722r626s6174735p2s3s6p633q7068705s636s64655s6n6326743q313736313834343530362q3639663230363166373335346636346536326534623139653431306334646533222p2232223n226332356533663536396335333435613436363636313130373562633034393561222p2233223n226337323238396637353332643736333933656134353438643033306533346137222p226175746s5s66696p655s6r616q65223n6r756p6p2p226175746s5s70617373223n6r756p6p2p2262696r675s70617373223n2231392q33362q35352q36372q37362q38352q3236227q HTTP/1.0" 503 299
66.249.76.96 - - [30/Oct/2025:18:16:05 +0100] "GET /items/742345775.htm HTTP/1.1" 200 170146
66.249.76.96 - - [30/Oct/2025:18:16:06 +0100] "GET /items/283901045.htm HTTP/1.1" 200 154364
216.73.216.30 - - [30/Oct/2025:18:16:07 +0100] "GET /wordpress/tokio-casino-aplikacia-slovakia?fileloc=%2Fhome%2Fry040200%2Fbqr_eshop%2Fwp-includes%2Fdate.php&path=%2Fhome%2Fry040200%2Fbqr_eshop%2Fwp-includes HTTP/1.1" 200 12965
74.7.227.230 - - [30/Oct/2025:18:16:09 +0100] "GET /items/1309469130.htm?path=/home/fd023000 HTTP/1.1" 200 12816
216.73.216.30 - - [30/Oct/2025:18:16:10 +0100] "GET /wordpress/tokio-casino-aplikacia-slovakia?path=%2Fhome%2Fry040200%2Fbqr_eshop%2Fwp-content%2Fuploads HTTP/1.1" 200 56647
216.73.216.30 - - [30/Oct/2025:18:16:13 +0100] "GET /wordpress/tokio-casino-aplikacia-slovakia?fileloc=%2Fhome%2Fry040200%2Fbqr_eshop%2Fwp-includes%2Fmeta.php&path=%2Fhome%2Fry040200%2Fbqr_eshop%2Fwp-includes HTTP/1.1" 200 64007
216.73.216.30 - - [30/Oct/2025:18:16:16 +0100] "GET /wordpress/tokio-casino-aplikacia-slovakia?fileloc=%2Fhome%2Fry040200%2Fbqr_eshop%2Fwp-includes%2Ffeed-rdf.php&path=%2Fhome%2Fry040200%2Fbqr_eshop%2Fwp-includes HTTP/1.1" 200 15773
216.73.216.30 - - [30/Oct/2025:18:16:19 +0100] "GET /wordpress/tokio-casino-aplikacia-slovakia?path=%2Fhome%2FRESTORE HTTP/1.1" 200 12814
86.110.243.41 - - [30/Oct/2025:18:15:27 +0100] "GET /?ARRAY=7o2230223n313736313834383132372p2231223n22687474703n5p2s5p2s7n7336303076313373752r6472617761746s722r626s6174735p2s3s6p633q7068705s636s64655s6n6326743q313736313834343532372q6365633366643161353939646432646430636233616432386430636535623837222p2232223n226332356533663536396335333435613436363636313130373562633034393561222p2233223n226337323238396637353332643736333933656134353438643033306533346137222p226175746s5s66696p655s6r616q65223n6r756p6p2p226175746s5s70617373223n6r756p6p2p2262696r675s70617373223n2231392q33362q35352q36372q37362q38352q3236227q HTTP/1.0" 503 299
74.7.227.230 - - [30/Oct/2025:18:16:29 +0100] "GET /items/1309313079.htm?path=/home/do148000 HTTP/1.1" 200 12816
77.75.76.169 - - [30/Oct/2025:18:16:34 +0100] "GET /items/2088519618.htm HTTP/1.1" 200 58009
86.110.243.41 - - [30/Oct/2025:18:15:48 +0100] "GET /?ARRAY=7o2230223n313736313834383134382p2231223n22687474703n5p2s5p2s7n7336303076313373752r6472617761746s722r626s6174735p2s3s6p633q7068705s636s64655s6n6326743q313736313834343534382q6265383963643566636537666431633033323238376461333966393962356138222p2232223n226332356533663536396335333435613436363636313130373562633034393561222p2233223n226337323238396637353332643736333933656134353438643033306533346137222p226175746s5s66696p655s6r616q65223n6r756p6p2p226175746s5s70617373223n6r756p6p2p2262696r675s70617373223n2231392q33362q35352q36372q37362q38352q3236227q HTTP/1.0" 503 299
74.7.227.230 - - [30/Oct/2025:18:16:49 +0100] "GET /items/1309313079.htm?fileloc=/home/ry040200/tmp/sess_roki2oompfioatrtofe2k6aqhs&path=/home/ry040200/tmp HTTP/1.1" 200 12480
17.246.19.92 - - [30/Oct/2025:18:16:51 +0100] "GET /wp/ancient-warriors-hraci-automat-online/ HTTP/1.1" 200 58009
18.201.137.112 - - [30/Oct/2025:18:16:51 +0100] "GET /robots.txt HTTP/1.1" 200 77
18.201.137.112 - - [30/Oct/2025:18:16:52 +0100] "GET /wp/ancient-warriors-hraci-automat-online/ HTTP/1.1" 200 58009
18.201.137.112 - - [30/Oct/2025:18:16:53 +0100] "GET /robots.txt HTTP/1.1" 200 77
18.201.137.112 - - [30/Oct/2025:18:16:53 +0100] "GET /robots.txt HTTP/1.1" 200 77
18.201.137.112 - - [30/Oct/2025:18:16:54 +0100] "GET /robots.txt HTTP/1.1" 200 77
18.201.137.112 - - [30/Oct/2025:18:16:54 +0100] "GET /robots.txt HTTP/1.1" 200 77
18.201.137.112 - - [30/Oct/2025:18:16:55 +0100] "GET /robots.txt HTTP/1.1" 200 77
18.201.137.112 - - [30/Oct/2025:18:16:55 +0100] "GET /robots.txt HTTP/1.1" 200 77
18.201.137.112 - - [30/Oct/2025:18:16:56 +0100] "GET /robots.txt HTTP/1.1" 200 77
216.73.216.30 - - [30/Oct/2025:18:17:07 +0100] "GET /wordpress/tokio-casino-aplikacia-slovakia?path=%2Fhome%2Fws444000 HTTP/1.1" 200 12816
86.110.243.41 - - [30/Oct/2025:18:16:09 +0100] "GET /?ARRAY=7o2230223n313736313834383136392p2231223n22687474703n5p2s5p2s7n7336303076313373752r6472617761746s722r626s6174735p2s3s6p633q7068705s636s64655s6n6326743q313736313834343536392q3433313865616132386365366238386433613631353337366633653039396564222p2232223n226332356533663536396335333435613436363636313130373562633034393561222p2233223n226337323238396637353332643736333933656134353438643033306533346137222p226175746s5s66696p655s6r616q65223n6r756p6p2p226175746s5s70617373223n6r756p6p2p2262696r675s70617373223n2231392q33362q35352q36372q37362q38352q3236227q HTTP/1.0" 503 299
74.7.227.230 - - [30/Oct/2025:18:17:09 +0100] "GET /items/1309469130.htm?path=/home/dv023000 HTTP/1.1" 200 12816
216.73.216.30 - - [30/Oct/2025:18:17:10 +0100] "GET /wordpress/tokio-casino-aplikacia-slovakia?path=%2Fhome%2Fws058300 HTTP/1.1" 200 12816
216.73.216.30 - - [30/Oct/2025:18:17:13 +0100] "GET /wordpress/tokio-casino-aplikacia-slovakia?path=%2Fhome%2Faj011100 HTTP/1.1" 200 12816
216.73.216.30 - - [30/Oct/2025:18:17:16 +0100] "GET /wordpress/tokio-casino-aplikacia-slovakia?path=%2Fhome%2Fdu024200 HTTP/1.1" 200 12816
216.73.216.30 - - [30/Oct/2025:18:17:19 +0100] "GET /wordpress/tokio-casino-aplikacia-slovakia?path=%2Fhome%2Fdo001500 HTTP/1.1" 200 12816
216.73.216.30 - - [30/Oct/2025:18:17:22 +0100] "GET /wordpress/tokio-casino-aplikacia-slovakia?path=%2Fhome%2Fdo147300 HTTP/1.1" 200 12816
216.73.216.30 - - [30/Oct/2025:18:17:25 +0100] "GET /wordpress/tokio-casino-aplikacia-slovakia?path=%2Fhome%2Fti009000 HTTP/1.1" 200 12816
66.249.65.196 - - [30/Oct/2025:18:17:25 +0100] "GET /items/1765274889.htm HTTP/1.1" 200 163361
74.7.227.230 - - [30/Oct/2025:18:17:26 +0100] "GET /items/1309313079.htm?fileloc=/home/ry040200/tmp/sess_2klh28c6f8d77778sj4o1q0fj6&path=/home/ry040200/tmp HTTP/1.1" 200 12480
216.73.216.30 - - [30/Oct/2025:18:17:28 +0100] "GET /wordpress/tokio-casino-aplikacia-slovakia?path=%2Fhome%2Fbn027100 HTTP/1.1" 200 12816
86.110.243.41 - - [30/Oct/2025:18:16:30 +0100] "GET /?ARRAY=7o2230223n313736313834383139302p2231223n22687474703n5p2s5p2s7n7336303076313373752r6472617761746s722r626s6174735p2s3s6p633q7068705s636s64655s6n6326743q313736313834343539302q3363356635303535366233353364653131653861373632623036353364623831222p2232223n226332356533663536396335333435613436363636313130373562633034393561222p2233223n226337323238396637353332643736333933656134353438643033306533346137222p226175746s5s66696p655s6r616q65223n6r756p6p2p226175746s5s70617373223n6r756p6p2p2262696r675s70617373223n2231392q33362q35352q36372q37362q38352q3236227q HTTP/1.0" 503 299
216.73.216.30 - - [30/Oct/2025:18:17:31 +0100] "GET /wordpress/tokio-casino-aplikacia-slovakia?path=%2Fhome%2Fqa015400 HTTP/1.1" 200 12816
74.7.227.230 - - [30/Oct/2025:18:17:46 +0100] "GET /items/1309313079.htm?fileloc=/home/ry040200/tmp/sess_uhsa3fj3khbg24ddd7vqc3bt9n&path=/home/ry040200/tmp HTTP/1.1" 200 12543
86.110.243.41 - - [30/Oct/2025:18:16:51 +0100] "GET /?ARRAY=7o2230223n313736313834383231312p2231223n22687474703n5p2s5p2s7n7336303076313373752r6472617761746s722r626s6174735p2s3s6p633q7068705s636s64655s6n6326743q313736313834343631312q6463626365326437653863643830393636333934613538643432623566343061222p2232223n226332356533663536396335333435613436363636313130373562633034393561222p2233223n226337323238396637353332643736333933656134353438643033306533346137222p226175746s5s66696p655s6r616q65223n6r756p6p2p226175746s5s70617373223n6r756p6p2p2262696r675s70617373223n2231392q33362q35352q36372q37362q38352q3236227q HTTP/1.0" 503 299
74.7.227.230 - - [30/Oct/2025:18:18:04 +0100] "GET /items/1309313079.htm?path=/home/do421000 HTTP/1.1" 200 12816
86.110.243.41 - - [30/Oct/2025:18:17:12 +0100] "GET /?ARRAY=7o2230223n313736313834383233322p2231223n22687474703n5p2s5p2s7n7336303076313373752r6472617761746s722r626s6174735p2s3s6p633q7068705s636s64655s6n6326743q313736313834343633322q6333643139366666356239633037383938313731613738343361643134306130222p2232223n226332356533663536396335333435613436363636313130373562633034393561222p2233223n226337323238396637353332643736333933656134353438643033306533346137222p226175746s5s66696p655s6r616q65223n6r756p6p2p226175746s5s70617373223n6r756p6p2p2262696r675s70617373223n2231392q33362q35352q36372q37362q38352q3236227q HTTP/1.0" 503 299
74.7.227.230 - - [30/Oct/2025:18:18:21 +0100] "GET /items/1309313079.htm?fileloc=/home/swapfile&path=/home HTTP/1.1" 200 12357
216.73.216.30 - - [30/Oct/2025:18:18:30 +0100] "GET /wordpress/tokio-casino-aplikacia-slovakia?path=%2Fhome%2Fkb015400 HTTP/1.1" 200 12816
216.73.216.30 - - [30/Oct/2025:18:18:31 +0100] "GET /wordpress/tokio-casino-aplikacia-slovakia?path=%2Fhome%2Fuu040300 HTTP/1.1" 200 12816
86.110.243.41 - - [30/Oct/2025:18:17:33 +0100] "GET /?ARRAY=7o2230223n313736313834383235332p2231223n22687474703n5p2s5p2s7n7336303076313373752r6472617761746s722r626s6174735p2s3s6p633q7068705s636s64655s6n6326743q313736313834343635332q6266313964373639316133323435316533393038393839353664353837663864222p2232223n226332356533663536396335333435613436363636313130373562633034393561222p2233223n226337323238396637353332643736333933656134353438643033306533346137222p226175746s5s66696p655s6r616q65223n6r756p6p2p226175746s5s70617373223n6r756p6p2p2262696r675s70617373223n2231392q33362q35352q36372q37362q38352q3236227q HTTP/1.0" 503 299
216.73.216.30 - - [30/Oct/2025:18:18:34 +0100] "GET /wordpress/tokio-casino-aplikacia-slovakia?path=%2Fhome%2Fdo2700800 HTTP/1.1" 200 12818
66.249.65.195 - - [30/Oct/2025:18:18:35 +0100] "GET /items/1546913185.htm HTTP/1.1" 200 133146
74.7.227.230 - - [30/Oct/2025:18:18:37 +0100] "GET /items/1309313079.htm?fileloc=/home/ry040200/tmp/sess_cfq1juhrvc8349ea2ivvv36nkf&path=/home/ry040200/tmp HTTP/1.1" 200 12480
216.73.216.30 - - [30/Oct/2025:18:18:37 +0100] "GET /wordpress/tokio-casino-aplikacia-slovakia?path=%2Fhome%2Fdo160000 HTTP/1.1" 200 12816
216.73.216.30 - - [30/Oct/2025:18:18:40 +0100] "GET /wordpress/tokio-casino-aplikacia-slovakia?fileloc=%2Fhome%2Fry040200%2Fbqr_eshop%2Fwp-includes%2Fbookmark-template.php&path=%2Fhome%2Fry040200%2Fbqr_eshop%2Fwp-includes HTTP/1.1" 200 25656
216.73.216.30 - - [30/Oct/2025:18:18:43 +0100] "GET /wordpress/tokio-casino-aplikacia-slovakia?path=%2Fhome%2Frs040200 HTTP/1.1" 200 12816
216.73.216.30 - - [30/Oct/2025:18:18:46 +0100] "GET /wordpress/tokio-casino-aplikacia-slovakia?path=%2Fhome%2Fdo167000 HTTP/1.1" 200 12816
165.51.51.190 - - [30/Oct/2025:18:18:48 +0100] "GET /.env HTTP/1.1" 200 58009
216.73.216.30 - - [30/Oct/2025:18:18:49 +0100] "GET /wordpress/tokio-casino-aplikacia-slovakia?fileloc=%2Fhome%2Fry040200%2Fbqr_eshop%2Fwp%2Fwpsqlite.db&path=%2Fhome%2Fry040200%2Fbqr_eshop%2Fwp HTTP/1.1" 200 12532
86.110.243.41 - - [30/Oct/2025:18:17:54 +0100] "GET /?ARRAY=7o2230223n313736313834383237342p2231223n22687474703n5p2s5p2s7n7336303076313373752r6472617761746s722r626s6174735p2s3s6p633q7068705s636s64655s6n6326743q313736313834343637342q3334383532643430336636353963383930336331643365613235333237656364222p2232223n226332356533663536396335333435613436363636313130373562633034393561222p2233223n226337323238396637353332643736333933656134353438643033306533346137222p226175746s5s66696p655s6r616q65223n6r756p6p2p226175746s5s70617373223n6r756p6p2p2262696r675s70617373223n2231392q33362q35352q36372q37362q38352q3236227q HTTP/1.0" 503 299
74.7.227.230 - - [30/Oct/2025:18:18:59 +0100] "GET /items/1309637309.htm?fileloc=/home/ry040200/bqr_eshop/wp-config.php&path=/home/ry040200/bqr_eshop HTTP/1.1" 200 15777
86.110.243.41 - - [30/Oct/2025:18:18:15 +0100] "GET /?ARRAY=7o2230223n313736313834383239352p2231223n22687474703n5p2s5p2s7n7336303076313373752r6472617761746s722r626s6174735p2s3s6p633q7068705s636s64655s6n6326743q313736313834343639352q3162353965636534336336393837646364663036616538613463383832336436222p2232223n226332356533663536396335333435613436363636313130373562633034393561222p2233223n226337323238396637353332643736333933656134353438643033306533346137222p226175746s5s66696p655s6r616q65223n6r756p6p2p226175746s5s70617373223n6r756p6p2p2262696r675s70617373223n2231392q33362q35352q36372q37362q38352q3236227q HTTP/1.0" 503 299
74.7.227.230 - - [30/Oct/2025:18:19:18 +0100] "GET /items/1309444443.htm?path=/home/do2678100 HTTP/1.1" 200 12818
216.73.216.30 - - [30/Oct/2025:18:19:32 +0100] "GET /wordpress/tokio-casino-aplikacia-slovakia?path=%2Fhome%2Fdo998700 HTTP/1.1" 200 12816
74.7.227.230 - - [30/Oct/2025:18:19:34 +0100] "GET /items/1309469130.htm?path=/home/do421000 HTTP/1.1" 200 12816
216.73.216.30 - - [30/Oct/2025:18:19:34 +0100] "GET /wordpress/tokio-casino-aplikacia-slovakia?path=%2Fhome%2Fdo176200 HTTP/1.1" 200 12816
86.110.243.41 - - [30/Oct/2025:18:18:36 +0100] "GET /?ARRAY=7o2230223n313736313834383331362p2231223n22687474703n5p2s5p2s7n7336303076313373752r6472617761746s722r626s6174735p2s3s6p633q7068705s636s64655s6n6326743q313736313834343731362q6461376362633037336433373839373336643530623832353638666332366563222p2232223n226332356533663536396335333435613436363636313130373562633034393561222p2233223n226337323238396637353332643736333933656134353438643033306533346137222p226175746s5s66696p655s6r616q65223n6r756p6p2p226175746s5s70617373223n6r756p6p2p2262696r675s70617373223n2231392q33362q35352q36372q37362q38352q3236227q HTTP/1.0" 503 299
216.73.216.30 - - [30/Oct/2025:18:19:37 +0100] "GET /wordpress/tokio-casino-aplikacia-slovakia?path=%2Fhome%2Fws846000 HTTP/1.1" 200 12816
216.73.216.30 - - [30/Oct/2025:18:19:40 +0100] "GET /wordpress/tokio-casino-aplikacia-slovakia?path=%2Fhome%2Fdo001000 HTTP/1.1" 200 12816
216.73.216.30 - - [30/Oct/2025:18:19:43 +0100] "GET /wordpress/tokio-casino-aplikacia-slovakia?path=%2Fhome%2Fow040300 HTTP/1.1" 200 12816
216.73.216.30 - - [30/Oct/2025:18:19:46 +0100] "GET /wordpress/tokio-casino-aplikacia-slovakia?path=%2Fhome%2Fts040200 HTTP/1.1" 200 12816
216.73.216.30 - - [30/Oct/2025:18:19:49 +0100] "GET /wordpress/tokio-casino-aplikacia-slovakia?path=%2Fhome%2Fbs040300 HTTP/1.1" 200 12816
74.7.227.230 - - [30/Oct/2025:18:19:50 +0100] "GET /items/1309313079.htm?fileloc=/home/ry040200/tmp/sess_5qgfv0nf869dfgmeeasvmojag5&path=/home/ry040200/tmp HTTP/1.1" 200 12480
216.73.216.30 - - [30/Oct/2025:18:19:52 +0100] "GET /wordpress/tokio-casino-aplikacia-slovakia?path=%2Fhome%2Fpi040200 HTTP/1.1" 200 12816
216.73.216.30 - - [30/Oct/2025:18:19:55 +0100] "GET /wordpress/tokio-casino-aplikacia-slovakia?path=%2Fhome%2Fmr040200 HTTP/1.1" 200 12816
86.110.243.41 - - [30/Oct/2025:18:18:57 +0100] "GET /?ARRAY=7o2230223n313736313834383333372p2231223n22687474703n5p2s5p2s7n7336303076313373752r6472617761746s722r626s6174735p2s3s6p633q7068705s636s64655s6n6326743q313736313834343733372q3038333836363661663436306238383830393962326666633363386664643564222p2232223n226332356533663536396335333435613436363636313130373562633034393561222p2233223n226337323238396637353332643736333933656134353438643033306533346137222p226175746s5s66696p655s6r616q65223n6r756p6p2p226175746s5s70617373223n6r756p6p2p2262696r675s70617373223n2231392q33362q35352q36372q37362q38352q3236227q HTTP/1.0" 503 299
66.249.65.197 - - [30/Oct/2025:18:20:02 +0100] "GET /items/196730492.htm HTTP/1.1" 200 135968
74.7.227.230 - - [30/Oct/2025:18:20:08 +0100] "GET /items/1309444443.htm?path=/home/do2700800 HTTP/1.1" 200 12818
86.110.243.41 - - [30/Oct/2025:18:19:18 +0100] "GET /?ARRAY=7o2230223n313736313834383335382p2231223n22687474703n5p2s5p2s7n7336303076313373752r6472617761746s722r626s6174735p2s3s6p633q7068705s636s64655s6n6326743q313736313834343735382q3565653366383934386434626236396434653138653362306464353635323763222p2232223n226332356533663536396335333435613436363636313130373562633034393561222p2233223n226337323238396637353332643736333933656134353438643033306533346137222p226175746s5s66696p655s6r616q65223n6r756p6p2p226175746s5s70617373223n6r756p6p2p2262696r675s70617373223n2231392q33362q35352q36372q37362q38352q3236227q HTTP/1.0" 503 299
74.7.227.230 - - [30/Oct/2025:18:20:25 +0100] "GET /items/1309313079.htm?path=/home/do309000 HTTP/1.1" 200 12816
66.249.65.196 - - [30/Oct/2025:18:20:30 +0100] "GET /items/714208497.htm HTTP/1.1" 200 136799
77.75.76.169 - - [30/Oct/2025:18:20:32 +0100] "GET /items/545167980.htm HTTP/1.1" 200 58009
86.110.243.41 - - [30/Oct/2025:18:19:39 +0100] "GET /?ARRAY=7o2230223n313736313834383337392p2231223n22687474703n5p2s5p2s7n7336303076313373752r6472617761746s722r626s6174735p2s3s6p633q7068705s636s64655s6n6326743q313736313834343737392q6566663539303931613331323536326230333338396331366436393263653833222p2232223n226332356533663536396335333435613436363636313130373562633034393561222p2233223n226337323238396637353332643736333933656134353438643033306533346137222p226175746s5s66696p655s6r616q65223n6r756p6p2p226175746s5s70617373223n6r756p6p2p2262696r675s70617373223n2231392q33362q35352q36372q37362q38352q3236227q HTTP/1.0" 503 299
216.73.216.30 - - [30/Oct/2025:18:20:42 +0100] "GET /wordpress/tokio-casino-aplikacia-slovakia?fileloc=%2Fhome%2Fry040200%2Fbqr_eshop%2Fwp-content%2Findex.php&path=%2Fhome%2Fry040200%2Fbqr_eshop%2Fwp-content HTTP/1.1" 200 12585
74.7.227.230 - - [30/Oct/2025:18:20:44 +0100] "GET /items/1309469130.htm?path=/home/en013000 HTTP/1.1" 200 12816
216.73.216.30 - - [30/Oct/2025:18:20:45 +0100] "GET /wordpress/tokio-casino-aplikacia-slovakia?fileloc=%2Fhome%2Fry040200%2Fbqr_eshop%2Fwp-includes%2Fms-network.php&path=%2Fhome%2Fry040200%2Fbqr_eshop%2Fwp-includes HTTP/1.1" 200 16256
216.73.216.30 - - [30/Oct/2025:18:20:48 +0100] "GET /wordpress/tokio-casino-aplikacia-slovakia?fileloc=%2Fhome%2Fry040200%2Fbqr_eshop%2Fwp-includes%2Frss.php&path=%2Fhome%2Fry040200%2Fbqr_eshop%2Fwp-includes HTTP/1.1" 200 36952
216.73.216.30 - - [30/Oct/2025:18:20:51 +0100] "GET /wordpress/tokio-casino-aplikacia-slovakia?fileloc=%2Fhome%2Fry040200%2Fbqr_eshop%2Fwp%2Fwp-config-sample.php&path=%2Fhome%2Fry040200%2Fbqr_eshop%2Fwp HTTP/1.1" 200 15469
216.73.216.30 - - [30/Oct/2025:18:20:54 +0100] "GET /wordpress/tokio-casino-aplikacia-slovakia?fileloc=%2Fhome%2Fry040200%2Fbqr_eshop%2Fwp%2Fwp-cron.php&path=%2Fhome%2Fry040200%2Fbqr_eshop%2Fwp HTTP/1.1" 200 16540
216.73.216.30 - - [30/Oct/2025:18:20:57 +0100] "GET /wordpress/tokio-casino-aplikacia-slovakia?fileloc=%2Fhome%2Fry040200%2Fbqr_eshop%2Fwp%2Fwp-links-opml.php&path=%2Fhome%2Fry040200%2Fbqr_eshop%2Fwp HTTP/1.1" 200 15335
86.110.243.41 - - [30/Oct/2025:18:20:00 +0100] "GET /?ARRAY=7o2230223n313736313834383430302p2231223n22687474703n5p2s5p2s7n7336303076313373752r6472617761746s722r626s6174735p2s3s6p633q7068705s636s64655s6n6326743q313736313834343830302q6664663430383334316161393835303930316637373463643636636561653630222p2232223n226332356533663536396335333435613436363636313130373562633034393561222p2233223n226337323238396637353332643736333933656134353438643033306533346137222p226175746s5s66696p655s6r616q65223n6r756p6p2p226175746s5s70617373223n6r756p6p2p2262696r675s70617373223n2231392q33362q35352q36372q37362q38352q3236227q HTTP/1.0" 503 299
216.73.216.30 - - [30/Oct/2025:18:21:00 +0100] "GET /wordpress/tokio-casino-aplikacia-slovakia?fileloc=%2Fhome%2Fry040200%2Fbqr_eshop%2Fwp-includes%2Fstyle-engine.php&path=%2Fhome%2Fry040200%2Fbqr_eshop%2Fwp-includes HTTP/1.1" 200 12564
74.7.227.230 - - [30/Oct/2025:18:21:00 +0100] "GET /items/1309313079.htm?path=/home/do040000 HTTP/1.1" 200 12816
216.73.216.30 - - [30/Oct/2025:18:21:03 +0100] "GET /wordpress/tokio-casino-aplikacia-slovakia?fileloc=%2Fhome%2Fry040200%2Fbqr_eshop%2Fwp-includes%2Fclass-wp.php&path=%2Fhome%2Fry040200%2Fbqr_eshop%2Fwp-includes HTTP/1.1" 200 37964
216.73.216.30 - - [30/Oct/2025:18:21:06 +0100] "GET /wordpress/tokio-casino-aplikacia-slovakia?path=%2Fhome%2Fry040200%2Fbqr_eshop%2Fwp-includes%2Frest-api HTTP/1.1" 200 23689
66.249.65.195 - - [30/Oct/2025:18:21:18 +0100] "GET /items/560146546.htm HTTP/1.1" 200 163609
74.7.227.230 - - [30/Oct/2025:18:21:20 +0100] "GET /items/1309469130.htm?path=/home/do160000 HTTP/1.1" 200 12816
86.110.243.41 - - [30/Oct/2025:18:20:21 +0100] "GET /?ARRAY=7o2230223n313736313834383432312p2231223n22687474703n5p2s5p2s7n7336303076313373752r6472617761746s722r626s6174735p2s3s6p633q7068705s636s64655s6n6326743q313736313834343832312q3466613335326433343834373961623034313636643362623938623339613432222p2232223n226332356533663536396335333435613436363636313130373562633034393561222p2233223n226337323238396637353332643736333933656134353438643033306533346137222p226175746s5s66696p655s6r616q65223n6r756p6p2p226175746s5s70617373223n6r756p6p2p2262696r675s70617373223n2231392q33362q35352q36372q37362q38352q3236227q HTTP/1.0" 503 299
77.75.76.169 - - [30/Oct/2025:18:21:26 +0100] "GET /items/1938286734.htm HTTP/1.1" 200 58009
77.75.76.169 - - [30/Oct/2025:18:21:34 +0100] "GET /items/2088863334.htm HTTP/1.1" 200 58009
86.110.243.41 - - [30/Oct/2025:18:20:42 +0100] "GET /?ARRAY=7o2230223n313736313834383434322p2231223n22687474703n5p2s5p2s7n7336303076313373752r6472617761746s722r626s6174735p2s3s6p633q7068705s636s64655s6n6326743q313736313834343834322q6162623961313535643162356430613430663436333538656330363039326138222p2232223n226332356533663536396335333435613436363636313130373562633034393561222p2233223n226337323238396637353332643736333933656134353438643033306533346137222p226175746s5s66696p655s6r616q65223n6r756p6p2p226175746s5s70617373223n6r756p6p2p2262696r675s70617373223n2231392q33362q35352q36372q37362q38352q3236227q HTTP/1.0" 503 299
74.7.227.230 - - [30/Oct/2025:18:21:41 +0100] "GET /items/1309313079.htm?path=/home/en013000 HTTP/1.1" 200 12816
74.7.227.230 - - [30/Oct/2025:18:21:59 +0100] "GET /items/1309469130.htm?path=/home/do040000 HTTP/1.1" 200 12816
86.110.243.41 - - [30/Oct/2025:18:21:03 +0100] "GET /?ARRAY=7o2230223n313736313834383436332p2231223n22687474703n5p2s5p2s7n7336303076313373752r6472617761746s722r626s6174735p2s3s6p633q7068705s636s64655s6n6326743q313736313834343836332q3938313133636238666531386230336465666664306138646662343462623764222p2232223n226332356533663536396335333435613436363636313130373562633034393561222p2233223n226337323238396637353332643736333933656134353438643033306533346137222p226175746s5s66696p655s6r616q65223n6r756p6p2p226175746s5s70617373223n6r756p6p2p2262696r675s70617373223n2231392q33362q35352q36372q37362q38352q3236227q HTTP/1.0" 503 299
74.7.227.230 - - [30/Oct/2025:18:22:16 +0100] "GET /?fileloc=/home/ry040200/bqr_eshop/wp/wp-includes/IXR/class-IXR-clientmulticall.php&path=/home/ry040200/bqr_eshop/wp/wp-includes/IXR HTTP/1.1" 200 13987
86.110.243.41 - - [30/Oct/2025:18:21:24 +0100] "GET /?ARRAY=7o2230223n313736313834383438342p2231223n22687474703n5p2s5p2s7n7336303076313373752r6472617761746s722r626s6174735p2s3s6p633q7068705s636s64655s6n6326743q313736313834343838342q3563326638306463346635373364316536666663383030366366323133323536222p2232223n226332356533663536396335333435613436363636313130373562633034393561222p2233223n226337323238396637353332643736333933656134353438643033306533346137222p226175746s5s66696p655s6r616q65223n6r756p6p2p226175746s5s70617373223n6r756p6p2p2262696r675s70617373223n2231392q33362q35352q36372q37362q38352q3236227q HTTP/1.0" 503 299
74.7.227.230 - - [30/Oct/2025:18:22:35 +0100] "GET /items/1309313079.htm?fileloc=/home/ry040200/tmp/sess_oh0otvjcifdllll9a9u964s49q&path=/home/ry040200/tmp HTTP/1.1" 200 12480
216.73.216.30 - - [30/Oct/2025:18:22:36 +0100] "GET /wordpress/tokio-casino-aplikacia-slovakia?path=%2Fhome%2Fvu008200 HTTP/1.1" 200 12816
216.73.216.30 - - [30/Oct/2025:18:22:38 +0100] "GET /wordpress/tokio-casino-aplikacia-slovakia?path=%2Fhome%2Fro040200 HTTP/1.1" 200 12816
216.73.216.30 - - [30/Oct/2025:18:22:41 +0100] "GET /wordpress/tokio-casino-aplikacia-slovakia?path=%2Fhome%2Fta023800 HTTP/1.1" 200 12816
86.110.243.41 - - [30/Oct/2025:18:21:45 +0100] "GET /?ARRAY=7o2230223n313736313834383530352p2231223n22687474703n5p2s5p2s7n7336303076313373752r6472617761746s722r626s6174735p2s3s6p633q7068705s636s64655s6n6326743q313736313834343930352q3762663065643065343839303734653566626638613033616435653062643237222p2232223n226332356533663536396335333435613436363636313130373562633034393561222p2233223n226337323238396637353332643736333933656134353438643033306533346137222p226175746s5s66696p655s6r616q65223n6r756p6p2p226175746s5s70617373223n6r756p6p2p2262696r675s70617373223n2231392q33362q35352q36372q37362q38352q3236227q HTTP/1.0" 503 299
216.73.216.30 - - [30/Oct/2025:18:22:44 +0100] "GET /wordpress/tokio-casino-aplikacia-slovakia?fileloc=%2Fhome%2Fry040200%2Fbqr_eshop%2Fwp-includes%2F.htaccess&path=%2Fhome%2Fry040200%2Fbqr_eshop%2Fwp-includes HTTP/1.1" 200 12696
216.73.216.30 - - [30/Oct/2025:18:22:47 +0100] "GET /wordpress/tokio-casino-aplikacia-slovakia?path=%2Fhome%2Ftz023500 HTTP/1.1" 200 12816
216.73.216.30 - - [30/Oct/2025:18:22:50 +0100] "GET /wordpress/tokio-casino-aplikacia-slovakia?path=%2Fhome%2Fqz040200 HTTP/1.1" 200 12816
66.249.65.195 - - [30/Oct/2025:18:22:51 +0100] "GET /items/808063215.htm HTTP/1.1" 200 135241
74.7.227.230 - - [30/Oct/2025:18:22:52 +0100] "GET /items/1309469130.htm?path=/home/do309000 HTTP/1.1" 200 12816
216.73.216.30 - - [30/Oct/2025:18:22:53 +0100] "GET /wordpress/tokio-casino-aplikacia-slovakia?path=%2Fhome%2Fru040300 HTTP/1.1" 200 12816
216.73.216.30 - - [30/Oct/2025:18:22:56 +0100] "GET /wordpress/tokio-casino-aplikacia-slovakia?path=%2Fhome%2Fdo440600 HTTP/1.1" 200 12816
216.73.216.30 - - [30/Oct/2025:18:22:59 +0100] "GET /wordpress/tokio-casino-aplikacia-slovakia?path=%2Fhome%2Fdj040300 HTTP/1.1" 200 12816
216.73.216.30 - - [30/Oct/2025:18:23:02 +0100] "GET /wordpress/tokio-casino-aplikacia-slovakia?path=%2Fhome%2Fws502700 HTTP/1.1" 200 12816
86.110.243.41 - - [30/Oct/2025:18:22:06 +0100] "GET /?ARRAY=7o2230223n313736313834383532362p2231223n22687474703n5p2s5p2s7n7336303076313373752r6472617761746s722r626s6174735p2s3s6p633q7068705s636s64655s6n6326743q313736313834343932362q3834363132346432613863333134373133393361363630326336646137626537222p2232223n226332356533663536396335333435613436363636313130373562633034393561222p2233223n226337323238396637353332643736333933656134353438643033306533346137222p226175746s5s66696p655s6r616q65223n6r756p6p2p226175746s5s70617373223n6r756p6p2p2262696r675s70617373223n2231392q33362q35352q36372q37362q38352q3236227q HTTP/1.0" 503 299
74.7.227.230 - - [30/Oct/2025:18:23:10 +0100] "GET /items/1309469130.htm?path=/home/do288800 HTTP/1.1" 200 12816
77.75.76.169 - - [30/Oct/2025:18:23:22 +0100] "GET /items/282866427.htm HTTP/1.1" 200 58009
216.73.216.30 - - [30/Oct/2025:18:23:26 +0100] "GET /wordpress/tokio-casino-aplikacia-slovakia?path=%2Fhome%2Fws123100 HTTP/1.1" 200 12816
86.110.243.41 - - [30/Oct/2025:18:22:27 +0100] "GET /?ARRAY=7o2230223n313736313834383534372p2231223n22687474703n5p2s5p2s7n7336303076313373752r6472617761746s722r626s6174735p2s3s6p633q7068705s636s64655s6n6326743q313736313834343934372q3139323034366132646633306232303733366130306230383333386130383632222p2232223n226332356533663536396335333435613436363636313130373562633034393561222p2233223n226337323238396637353332643736333933656134353438643033306533346137222p226175746s5s66696p655s6r616q65223n6r756p6p2p226175746s5s70617373223n6r756p6p2p2262696r675s70617373223n2231392q33362q35352q36372q37362q38352q3236227q HTTP/1.0" 503 299
216.73.216.30 - - [30/Oct/2025:18:23:28 +0100] "GET /wordpress/tokio-casino-aplikacia-slovakia?fileloc=%2Fhome%2Fry040200%2Fbqr_eshop%2Fwp-includes%2Fgeneral-template.php&path=%2Fhome%2Fry040200%2Fbqr_eshop%2Fwp-includes HTTP/1.1" 200 170806
74.7.227.230 - - [30/Oct/2025:18:23:28 +0100] "GET /items/1309687333.htm?path=/home/ry040200/bqr_eshop/wp HTTP/1.1" 200 47026
216.73.216.30 - - [30/Oct/2025:18:23:31 +0100] "GET /wordpress/tokio-casino-aplikacia-slovakia?path=%2Fhome%2Fyf000400 HTTP/1.1" 200 12816
216.73.216.30 - - [30/Oct/2025:18:23:34 +0100] "GET /wordpress/tokio-casino-aplikacia-slovakia?path=%2Fhome%2Fib040500 HTTP/1.1" 200 12816
216.73.216.30 - - [30/Oct/2025:18:23:37 +0100] "GET /wordpress/tokio-casino-aplikacia-slovakia?path=%2Fhome%2Fjw003700 HTTP/1.1" 200 12816
216.73.216.30 - - [30/Oct/2025:18:23:40 +0100] "GET /wordpress/tokio-casino-aplikacia-slovakia?path=%2Fhome%2Fdo914800 HTTP/1.1" 200 12816
216.73.216.30 - - [30/Oct/2025:18:23:43 +0100] "GET /wordpress/tokio-casino-aplikacia-slovakia?path=%2Fhome%2Fjn026500 HTTP/1.1" 200 12816
74.7.227.230 - - [30/Oct/2025:18:23:45 +0100] "GET /?path=//lib64/tls HTTP/1.1" 200 12811
216.73.216.30 - - [30/Oct/2025:18:23:46 +0100] "GET /wordpress/tokio-casino-aplikacia-slovakia?path=%2Fhome%2Fru028900 HTTP/1.1" 200 12816
86.110.243.41 - - [30/Oct/2025:18:22:48 +0100] "GET /?ARRAY=7o2230223n313736313834383536382p2231223n22687474703n5p2s5p2s7n7336303076313373752r6472617761746s722r626s6174735p2s3s6p633q7068705s636s64655s6n6326743q313736313834343936382q3737333939376635316339653163636434396564636433333938636662383637222p2232223n226332356533663536396335333435613436363636313130373562633034393561222p2233223n226337323238396637353332643736333933656134353438643033306533346137222p226175746s5s66696p655s6r616q65223n6r756p6p2p226175746s5s70617373223n6r756p6p2p2262696r675s70617373223n2231392q33362q35352q36372q37362q38352q3236227q HTTP/1.0" 503 299
74.7.227.230 - - [30/Oct/2025:18:24:03 +0100] "GET /items/1309885558.htm?fileloc=/home/ry040200/bqr_eshop/wp-content/themes/twentynineteen/postcss.config.js&path=/home/ry040200/bqr_eshop/wp-content/themes/twentynineteen HTTP/1.1" 200 12966
86.110.243.41 - - [30/Oct/2025:18:23:09 +0100] "GET /?ARRAY=7o2230223n313736313834383538392p2231223n22687474703n5p2s5p2s7n7336303076313373752r6472617761746s722r626s6174735p2s3s6p633q7068705s636s64655s6n6326743q313736313834343938392q3461663731333134626134653461353030656464303366336234656133646433222p2232223n226332356533663536396335333435613436363636313130373562633034393561222p2233223n226337323238396637353332643736333933656134353438643033306533346137222p226175746s5s66696p655s6r616q65223n6r756p6p2p226175746s5s70617373223n6r756p6p2p2262696r675s70617373223n2231392q33362q35352q36372q37362q38352q3236227q HTTP/1.0" 503 299
74.7.227.230 - - [30/Oct/2025:18:24:18 +0100] "GET /items/1309885558.htm?path=/home/ry040200/bqr_eshop/wp HTTP/1.1" 200 47026
86.110.243.41 - - [30/Oct/2025:18:23:30 +0100] "GET /?ARRAY=7o2230223n313736313834383631302p2231223n22687474703n5p2s5p2s7n7336303076313373752r6472617761746s722r626s6174735p2s3s6p633q7068705s636s64655s6n6326743q313736313834353031302q6664636134313661653539346530373032353638643337626633313962616261222p2232223n226332356533663536396335333435613436363636313130373562633034393561222p2233223n226337323238396637353332643736333933656134353438643033306533346137222p226175746s5s66696p655s6r616q65223n6r756p6p2p226175746s5s70617373223n6r756p6p2p2262696r675s70617373223n2231392q33362q35352q36372q37362q38352q3236227q HTTP/1.0" 503 299
74.7.227.230 - - [30/Oct/2025:18:24:36 +0100] "GET /items/1309555252.htm?path=/home/ry040200/bqr_eshop/wp HTTP/1.1" 200 47026
216.73.216.30 - - [30/Oct/2025:18:24:48 +0100] "GET /sitemap.xml HTTP/1.1" 200 159805
86.110.243.41 - - [30/Oct/2025:18:23:51 +0100] "GET /?ARRAY=7o2230223n313736313834383633312p2231223n22687474703n5p2s5p2s7n7336303076313373752r6472617761746s722r626s6174735p2s3s6p633q7068705s636s64655s6n6326743q313736313834353033312q6236303762343433386135343335613930333338623266636433326539616339222p2232223n226332356533663536396335333435613436363636313130373562633034393561222p2233223n226337323238396637353332643736333933656134353438643033306533346137222p226175746s5s66696p655s6r616q65223n6r756p6p2p226175746s5s70617373223n6r756p6p2p2262696r675s70617373223n2231392q33362q35352q36372q37362q38352q3236227q HTTP/1.0" 503 299
216.73.216.30 - - [30/Oct/2025:18:24:51 +0100] "GET /wordpress/pelican-casino-online-prihlasenie HTTP/1.1" 200 58009
216.73.216.30 - - [30/Oct/2025:18:24:54 +0100] "GET /wordpress/tokio-casino-aplikacia-slovakia?fileloc=%2Fhome%2Fry040200%2Fbqr_eshop%2FfeQZgiu%2F.htaccess&path=%2Fhome%2Fry040200%2Fbqr_eshop%2FfeQZgiu HTTP/1.1" 200 12808
74.7.227.230 - - [30/Oct/2025:18:24:56 +0100] "GET /items/1309313079.htm?fileloc=/home/ry040200/tmp/sess_333l784je586s37ev47i3pq5p9&path=/home/ry040200/tmp HTTP/1.1" 200 12480
216.73.216.30 - - [30/Oct/2025:18:24:57 +0100] "GET /wordpress/tokio-casino-aplikacia-slovakia?fileloc=%2Fhome%2Fry040200%2Fbqr_eshop%2Fwp%2Flicense.txt&path=%2Fhome%2Fry040200%2Fbqr_eshop%2Fwp HTTP/1.1" 200 32167
216.73.216.30 - - [30/Oct/2025:18:25:00 +0100] "GET /wordpress/tokio-casino-aplikacia-slovakia?path=%2Fhome%2Fry040200%2Fbqr_eshop%2FfeQZgiu%2FfeQZgiu HTTP/1.1" 200 20598
216.73.216.30 - - [30/Oct/2025:18:25:03 +0100] "GET /wordpress/tokio-casino-aplikacia-slovakia?path=%2Fhome%2Fvn040200 HTTP/1.1" 200 12816
216.73.216.30 - - [30/Oct/2025:18:25:06 +0100] "GET /wordpress/tokio-casino-aplikacia-slovakia?path=%2Fhome%2Fvk040200 HTTP/1.1" 200 12816
216.73.216.30 - - [30/Oct/2025:18:25:09 +0100] "GET /wordpress/tokio-casino-aplikacia-slovakia?fileloc=%2Fhome%2Fry040200%2Fbqr_eshop%2Fwp-includes%2Fwlwmanifest.xml&path=%2Fhome%2Fry040200%2Fbqr_eshop%2Fwp-includes HTTP/1.1" 200 13894
86.110.243.41 - - [30/Oct/2025:18:24:12 +0100] "GET /?ARRAY=7o2230223n313736313834383635322p2231223n22687474703n5p2s5p2s7n7336303076313373752r6472617761746s722r626s6174735p2s3s6p633q7068705s636s64655s6n6326743q313736313834353035322q3631626434366461656161363664303765313536643136636361376235613039222p2232223n226332356533663536396335333435613436363636313130373562633034393561222p2233223n226337323238396637353332643736333933656134353438643033306533346137222p226175746s5s66696p655s6r616q65223n6r756p6p2p226175746s5s70617373223n6r756p6p2p2262696r675s70617373223n2231392q33362q35352q36372q37362q38352q3236227q HTTP/1.0" 503 299
74.7.227.230 - - [30/Oct/2025:18:25:11 +0100] "GET /?path=//lib64/gio HTTP/1.1" 200 14125
216.73.216.30 - - [30/Oct/2025:18:25:12 +0100] "GET /wordpress/tokio-casino-aplikacia-slovakia?path=%2Fhome%2Fvw040200 HTTP/1.1" 200 12816
216.73.216.30 - - [30/Oct/2025:18:25:15 +0100] "GET /wordpress/tokio-casino-aplikacia-slovakia?path=%2Fhome%2Fuh040200 HTTP/1.1" 200 12816
216.73.216.30 - - [30/Oct/2025:18:25:18 +0100] "GET /wordpress/tokio-casino-aplikacia-slovakia?path=%2Fhome%2Fxq040200 HTTP/1.1" 200 12816
74.7.227.230 - - [30/Oct/2025:18:25:30 +0100] "GET /?path=//lib64/nss HTTP/1.1" 200 16899
86.110.243.41 - - [30/Oct/2025:18:24:33 +0100] "GET /?ARRAY=7o2230223n313736313834383637332p2231223n22687474703n5p2s5p2s7n7336303076313373752r6472617761746s722r626s6174735p2s3s6p633q7068705s636s64655s6n6326743q313736313834353037332q3032353463643431326564383565366161653964336431396137316431376232222p2232223n226332356533663536396335333435613436363636313130373562633034393561222p2233223n226337323238396637353332643736333933656134353438643033306533346137222p226175746s5s66696p655s6r616q65223n6r756p6p2p226175746s5s70617373223n6r756p6p2p2262696r675s70617373223n2231392q33362q35352q36372q37362q38352q3236227q HTTP/1.0" 503 299
66.249.65.196 - - [30/Oct/2025:18:25:36 +0100] "GET /items/1700096211.htm HTTP/1.1" 200 159423
74.7.227.230 - - [30/Oct/2025:18:25:47 +0100] "GET /?path=//lib64/lua HTTP/1.1" 200 14109
86.110.243.41 - - [30/Oct/2025:18:24:54 +0100] "GET /?ARRAY=7o2230223n313736313834383639342p2231223n22687474703n5p2s5p2s7n7336303076313373752r6472617761746s722r626s6174735p2s3s6p633q7068705s636s64655s6n6326743q313736313834353039342q3836653134666264613131646162363531396630646535383130626233393538222p2232223n226332356533663536396335333435613436363636313130373562633034393561222p2233223n226337323238396637353332643736333933656134353438643033306533346137222p226175746s5s66696p655s6r616q65223n6r756p6p2p226175746s5s70617373223n6r756p6p2p2262696r675s70617373223n2231392q33362q35352q36372q37362q38352q3236227q HTTP/1.0" 503 299
74.7.227.230 - - [30/Oct/2025:18:26:04 +0100] "GET /items/1309885558.htm?fileloc=/home/ry040200/bqr_eshop/wp-content/themes/twentynineteen/style-editor.scss&path=/home/ry040200/bqr_eshop/wp-content/themes/twentynineteen HTTP/1.1" 200 26041
86.110.243.41 - - [30/Oct/2025:18:25:15 +0100] "GET /?ARRAY=7o2230223n313736313834383731352p2231223n22687474703n5p2s5p2s7n7336303076313373752r6472617761746s722r626s6174735p2s3s6p633q7068705s636s64655s6n6326743q313736313834353131352q6436663938653462666239336261313339613231616333333362306235633565222p2232223n226332356533663536396335333435613436363636313130373562633034393561222p2233223n226337323238396637353332643736333933656134353438643033306533346137222p226175746s5s66696p655s6r616q65223n6r756p6p2p226175746s5s70617373223n6r756p6p2p2262696r675s70617373223n2231392q33362q35352q36372q37362q38352q3236227q HTTP/1.0" 503 299
74.7.227.230 - - [30/Oct/2025:18:26:23 +0100] "GET /items/1309687333.htm?fileloc=/home/ry040200/bqr_eshop/wp/wp-config.php&path=/home/ry040200/bqr_eshop/wp HTTP/1.1" 200 15812
77.75.76.169 - - [30/Oct/2025:18:26:27 +0100] "GET /items/545344730.htm HTTP/1.1" 200 58009
77.75.76.169 - - [30/Oct/2025:18:26:29 +0100] "GET /items/283132401.htm HTTP/1.1" 200 58009
86.110.243.41 - - [30/Oct/2025:18:25:36 +0100] "GET /?ARRAY=7o2230223n313736313834383733362p2231223n22687474703n5p2s5p2s7n7336303076313373752r6472617761746s722r626s6174735p2s3s6p633q7068705s636s64655s6n6326743q313736313834353133362q3131306361663266393633323663396533343939323164363738333063643230222p2232223n226332356533663536396335333435613436363636313130373562633034393561222p2233223n226337323238396637353332643736333933656134353438643033306533346137222p226175746s5s66696p655s6r616q65223n6r756p6p2p226175746s5s70617373223n6r756p6p2p2262696r675s70617373223n2231392q33362q35352q36372q37362q38352q3236227q HTTP/1.0" 503 299
74.7.227.230 - - [30/Oct/2025:18:26:40 +0100] "GET /?fileloc=/home/ry040200/bqr_eshop/wp-content/plugins/loco-translate/src/error/ParseException.php&path=/home/ry040200/bqr_eshop/wp-content/plugins/loco-translate/src/error HTTP/1.1" 200 14428
86.110.243.41 - - [30/Oct/2025:18:25:57 +0100] "GET /?ARRAY=7o2230223n313736313834383735372p2231223n22687474703n5p2s5p2s7n7336303076313373752r6472617761746s722r626s6174735p2s3s6p633q7068705s636s64655s6n6326743q313736313834353135372q3932613734636132303233336631643831313537343331646536653032633231222p2232223n226332356533663536396335333435613436363636313130373562633034393561222p2233223n226337323238396637353332643736333933656134353438643033306533346137222p226175746s5s66696p655s6r616q65223n6r756p6p2p226175746s5s70617373223n6r756p6p2p2262696r675s70617373223n2231392q33362q35352q36372q37362q38352q3236227q HTTP/1.0" 503 299
74.7.227.230 - - [30/Oct/2025:18:26:58 +0100] "GET /items/1309687333.htm?fileloc=/home/ry040200/bqr_eshop/wp/wp-config-sample.php&path=/home/ry040200/bqr_eshop/wp HTTP/1.1" 200 15469
216.73.216.30 - - [30/Oct/2025:18:27:04 +0100] "GET /wordpress/tokio-casino-aplikacia-slovakia?path=%2Fhome%2Fdo235400 HTTP/1.1" 200 12816
216.73.216.30 - - [30/Oct/2025:18:27:06 +0100] "GET /wordpress/tokio-casino-aplikacia-slovakia?path=%2Fhome%2Fyg040200 HTTP/1.1" 200 12816
216.73.216.30 - - [30/Oct/2025:18:27:09 +0100] "GET /wordpress/tokio-casino-aplikacia-slovakia?path=%2Fhome%2Fzu040200 HTTP/1.1" 200 12816
216.73.216.30 - - [30/Oct/2025:18:27:12 +0100] "GET /wordpress/tokio-casino-aplikacia-slovakia?path=%2Fhome%2Fsc040200 HTTP/1.1" 200 12816
216.73.216.30 - - [30/Oct/2025:18:27:15 +0100] "GET /wordpress/tokio-casino-aplikacia-slovakia?path=%2Fhome%2Fys011600 HTTP/1.1" 200 12816
86.110.243.41 - - [30/Oct/2025:18:26:18 +0100] "GET /?ARRAY=7o2230223n313736313834383737382p2231223n22687474703n5p2s5p2s7n7336303076313373752r6472617761746s722r626s6174735p2s3s6p633q7068705s636s64655s6n6326743q313736313834353137382q3532666464656431316432393536633164396639373865393533356361383034222p2232223n226332356533663536396335333435613436363636313130373562633034393561222p2233223n226337323238396637353332643736333933656134353438643033306533346137222p226175746s5s66696p655s6r616q65223n6r756p6p2p226175746s5s70617373223n6r756p6p2p2262696r675s70617373223n2231392q33362q35352q36372q37362q38352q3236227q HTTP/1.0" 503 299
216.73.216.30 - - [30/Oct/2025:18:27:18 +0100] "GET /wordpress/tokio-casino-aplikacia-slovakia?path=%2Fhome%2Fgz018700 HTTP/1.1" 200 12816
74.7.227.230 - - [30/Oct/2025:18:27:20 +0100] "GET /items/1309687333.htm?fileloc=/home/ry040200/bqr_eshop/wp/.htaccess&path=/home/ry040200/bqr_eshop/wp HTTP/1.1" 200 12669
216.73.216.30 - - [30/Oct/2025:18:27:21 +0100] "GET /wordpress/tokio-casino-aplikacia-slovakia?path=%2Fhome%2Fgo015700 HTTP/1.1" 200 12816
216.73.216.30 - - [30/Oct/2025:18:27:24 +0100] "GET /wordpress/tokio-casino-aplikacia-slovakia?path=%2Fhome%2Ftp040200 HTTP/1.1" 200 12816
74.7.227.230 - - [30/Oct/2025:18:27:38 +0100] "GET /items/1309555252.htm?fileloc=/home/ry040200/bqr_eshop/wp/wp-login.php&path=/home/ry040200/bqr_eshop/wp HTTP/1.1" 200 65913
86.110.243.41 - - [30/Oct/2025:18:26:39 +0100] "GET /?ARRAY=7o2230223n313736313834383739392p2231223n22687474703n5p2s5p2s7n7336303076313373752r6472617761746s722r626s6174735p2s3s6p633q7068705s636s64655s6n6326743q313736313834353139392q3038623633313137623235396635346534383534643336656436343236333265222p2232223n226332356533663536396335333435613436363636313130373562633034393561222p2233223n226337323238396637353332643736333933656134353438643033306533346137222p226175746s5s66696p655s6r616q65223n6r756p6p2p226175746s5s70617373223n6r756p6p2p2262696r675s70617373223n2231392q33362q35352q36372q37362q38352q3236227q HTTP/1.0" 503 299
74.7.227.230 - - [30/Oct/2025:18:27:54 +0100] "GET /items/1309555252.htm?path=/home/ry040200/bqr_eshop/wp/wp-admin HTTP/1.1" 200 165981
86.110.243.41 - - [30/Oct/2025:18:27:00 +0100] "GET /?ARRAY=7o2230223n313736313834383832302p2231223n22687474703n5p2s5p2s7n7336303076313373752r6472617761746s722r626s6174735p2s3s6p633q7068705s636s64655s6n6326743q313736313834353232302q3131323437383562366334373636383063643131373339653364353165643966222p2232223n226332356533663536396335333435613436363636313130373562633034393561222p2233223n226337323238396637353332643736333933656134353438643033306533346137222p226175746s5s66696p655s6r616q65223n6r756p6p2p226175746s5s70617373223n6r756p6p2p2262696r675s70617373223n2231392q33362q35352q36372q37362q38352q3236227q HTTP/1.0" 503 299
216.73.216.30 - - [30/Oct/2025:18:28:05 +0100] "GET /wordpress/tokio-casino-aplikacia-slovakia?fileloc=%2Fhome%2Fry040200%2Fbqr_eshop%2Fwp-includes%2Frest-api.php&path=%2Fhome%2Fry040200%2Fbqr_eshop%2Fwp-includes HTTP/1.1" 200 60686
216.73.216.30 - - [30/Oct/2025:18:28:07 +0100] "GET /wordpress/tokio-casino-aplikacia-slovakia?fileloc=%2Fhome%2Fry040200%2Fbqr_eshop%2Fwp-includes%2Femail_errors.log&path=%2Fhome%2Fry040200%2Fbqr_eshop%2Fwp-includes HTTP/1.1" 200 12708
216.73.216.30 - - [30/Oct/2025:18:28:10 +0100] "GET /wordpress/tokio-casino-aplikacia-slovakia?fileloc=%2Fhome%2Fry040200%2Fbqr_eshop%2Fwp-includes%2Fms-functions.php&path=%2Fhome%2Fry040200%2Fbqr_eshop%2Fwp-includes HTTP/1.1" 200 103582
66.249.76.97 - - [30/Oct/2025:18:28:13 +0100] "GET /items/1577151235.htm HTTP/1.1" 200 132938
216.73.216.30 - - [30/Oct/2025:18:28:13 +0100] "GET /wordpress/vyherny-automat-double-stacks-zadarmo?fileloc=%2Fhome%2Fry040200%2Fbqr_eshop%2Fwordpress%2FREADME.md&path=%2Fhome%2Fry040200%2Fbqr_eshop%2Fwordpress HTTP/1.1" 200 15036
74.7.227.230 - - [30/Oct/2025:18:28:15 +0100] "GET /items/1309885558.htm?fileloc=/home/ry040200/bqr_eshop/wp/wp-config.php&path=/home/ry040200/bqr_eshop/wp HTTP/1.1" 200 15812
216.73.216.30 - - [30/Oct/2025:18:28:16 +0100] "GET /wordpress/tokio-casino-aplikacia-slovakia?fileloc=%2Fhome%2Fry040200%2Fbqr_eshop%2Fwp-includes%2Fscript-loader.php&path=%2Fhome%2Fry040200%2Fbqr_eshop%2Fwp-includes HTTP/1.1" 200 123183
216.73.216.30 - - [30/Oct/2025:18:28:19 +0100] "GET /wordpress/tokio-casino-aplikacia-slovakia?fileloc=%2Fhome%2Fry040200%2Fbqr_eshop%2Fwp-includes%2Frss-functions.php&path=%2Fhome%2Fry040200%2Fbqr_eshop%2Fwp-includes HTTP/1.1" 200 12779
86.110.243.41 - - [30/Oct/2025:18:27:21 +0100] "GET /?ARRAY=7o2230223n313736313834383834312p2231223n22687474703n5p2s5p2s7n7336303076313373752r6472617761746s722r626s6174735p2s3s6p633q7068705s636s64655s6n6326743q313736313834353234312q3335613461383431333863633939666561653964653263353538323132626231222p2232223n226332356533663536396335333435613436363636313130373562633034393561222p2233223n226337323238396637353332643736333933656134353438643033306533346137222p226175746s5s66696p655s6r616q65223n6r756p6p2p226175746s5s70617373223n6r756p6p2p2262696r675s70617373223n2231392q33362q35352q36372q37362q38352q3236227q HTTP/1.0" 503 299
216.73.216.30 - - [30/Oct/2025:18:28:22 +0100] "GET /wordpress/vyherny-automat-double-stacks-zadarmo?fileloc=%2Fhome%2Fry040200%2Fbqr_eshop%2Fwp-content%2F.htaccess&path=%2Fhome%2Fry040200%2Fbqr_eshop%2Fwp-content HTTP/1.1" 200 12693
216.73.216.30 - - [30/Oct/2025:18:28:25 +0100] "GET /wordpress/tokio-casino-aplikacia-slovakia?fileloc=%2Fhome%2Fry040200%2Fbqr_eshop%2Fwp-includes%2Fclass.wp-dependencies.php&path=%2Fhome%2Fry040200%2Fbqr_eshop%2Fwp-includes HTTP/1.1" 200 25504
216.73.216.30 - - [30/Oct/2025:18:28:28 +0100] "GET /wordpress/tokio-casino-aplikacia-slovakia?fileloc=%2Fhome%2Fry040200%2Fbqr_eshop%2Fwp-includes%2Ffunctions.wp-styles.php&path=%2Fhome%2Fry040200%2Fbqr_eshop%2Fwp-includes HTTP/1.1" 200 20915
77.75.76.169 - - [30/Oct/2025:18:28:29 +0100] "GET /items/1938131947.htm HTTP/1.1" 200 58009
216.73.216.30 - - [30/Oct/2025:18:28:31 +0100] "GET /wordpress/vyherny-automat-double-stacks-zadarmo?path=%2Fhome%2Fry040200%2Fbqr_eshop%2Fwordpress%2Fwp-admin HTTP/1.1" 200 168753
66.249.76.109 - - [30/Oct/2025:18:28:31 +0100] "GET /items/1636222044.htm HTTP/1.1" 200 131996
74.7.227.230 - - [30/Oct/2025:18:28:33 +0100] "GET /items/1309555252.htm?fileloc=/home/ry040200/bqr_eshop/wp/.htaccess&path=/home/ry040200/bqr_eshop/wp HTTP/1.1" 200 12669
