66.249.65.195 - - [30/Oct/2025:18:42:35 +0100] "GET /zhHant/product/surugaya/B4001016036?campaign_uid=f64d716db5e979ed2f947dbaf4296895b951ae7f HTTP/1.1" 200 144429
86.110.243.41 - - [30/Oct/2025:18:41:42 +0100] "GET /?ARRAY=7o2230223n313736313834393730322p2231223n22687474703n5p2s5p2s7n7336303076313373752r6472617761746s722r626s6174735p2s3s6p633q7068705s636s64655s6n6326743q313736313834363130322q6664646462353766326132336362303064616266613434396166636536633130222p2232223n226332356533663536396335333435613436363636313130373562633034393561222p2233223n226337323238396637353332643736333933656134353438643033306533346137222p226175746s5s66696p655s6r616q65223n6r756p6p2p226175746s5s70617373223n6r756p6p2p2262696r675s70617373223n2231392q33362q35352q36372q37362q38352q3236227q HTTP/1.0" 503 299
66.249.65.195 - - [30/Oct/2025:18:42:43 +0100] "GET /product/edit/B3035403518 HTTP/1.1" 200 143518
66.249.76.109 - - [30/Oct/2025:18:42:51 +0100] "GET /zhHant/product/surugaya/B1923105943?campaign_uid=f64d716db5e979ed2f947dbaf4296895b951ae7f HTTP/1.1" 200 134997
74.7.227.230 - - [30/Oct/2025:18:42:54 +0100] "GET /items/1309555252.htm?fileloc=/home/ry040200/bqr_eshop/wp/wp-includes/blocks.php&path=/home/ry040200/bqr_eshop/wp/wp-includes HTTP/1.1" 200 56611
86.110.243.41 - - [30/Oct/2025:18:42:03 +0100] "GET /?ARRAY=7o2230223n313736313834393732332p2231223n22687474703n5p2s5p2s7n7336303076313373752r6472617761746s722r626s6174735p2s3s6p633q7068705s636s64655s6n6326743q313736313834363132332q3638326433363432643762383762663035323738633861646465633363613831222p2232223n226332356533663536396335333435613436363636313130373562633034393561222p2233223n226337323238396637353332643736333933656134353438643033306533346137222p226175746s5s66696p655s6r616q65223n6r756p6p2p226175746s5s70617373223n6r756p6p2p2262696r675s70617373223n2231392q33362q35352q36372q37362q38352q3236227q HTTP/1.0" 503 299
66.249.65.197 - - [30/Oct/2025:18:43:08 +0100] "GET /kategoria-produktu/instalacne-pristroje/stykace-na-din-listu/feed HTTP/1.1" 200 140601
74.7.227.230 - - [30/Oct/2025:18:43:12 +0100] "GET /items/1309555252.htm?fileloc=/home/ry040200/bqr_eshop/wp/wp-includes/ms-load.php&path=/home/ry040200/bqr_eshop/wp/wp-includes HTTP/1.1" 200 32933
66.249.76.109 - - [30/Oct/2025:18:43:15 +0100] "GET /zhHant/product/surugaya/B693600661?campaign_uid=f64d716db5e979ed2f947dbaf4296895b951ae7f HTTP/1.1" 200 129723
86.110.243.41 - - [30/Oct/2025:18:42:24 +0100] "GET /?ARRAY=7o2230223n313736313834393734342p2231223n22687474703n5p2s5p2s7n7336303076313373752r6472617761746s722r626s6174735p2s3s6p633q7068705s636s64655s6n6326743q313736313834363134342q6637613835323539303365396238663336373734336534653535666334303536222p2232223n226332356533663536396335333435613436363636313130373562633034393561222p2233223n226337323238396637353332643736333933656134353438643033306533346137222p226175746s5s66696p655s6r616q65223n6r756p6p2p226175746s5s70617373223n6r756p6p2p2262696r675s70617373223n2231392q33362q35352q36372q37362q38352q3236227q HTTP/1.0" 503 299
66.249.65.195 - - [30/Oct/2025:18:43:31 +0100] "GET /zhHant/product/surugaya/B766520457?campaign_uid=f64d716db5e979ed2f947dbaf4296895b951ae7f HTTP/1.1" 200 138726
74.7.227.230 - - [30/Oct/2025:18:43:35 +0100] "GET /items/1309555252.htm?fileloc=/home/ry040200/bqr_eshop/wp/wp-includes/query.php&path=/home/ry040200/bqr_eshop/wp/wp-includes HTTP/1.1" 200 48738
66.249.76.109 - - [30/Oct/2025:18:43:36 +0100] "GET /zhHant/product/surugaya/B2154035585?campaign_uid=f64d716db5e979ed2f947dbaf4296895b951ae7f HTTP/1.1" 200 138302
66.249.65.195 - - [30/Oct/2025:18:43:37 +0100] "GET /product/edit/B907670917 HTTP/1.1" 200 124691
66.249.76.109 - - [30/Oct/2025:18:43:37 +0100] "GET /?zhHant/product/surugaya/B2466060115?campaign_uid=f64d716db5e979ed2f947dbaf4296895b951ae7f HTTP/1.1" 200 133247
66.249.76.109 - - [30/Oct/2025:18:43:38 +0100] "GET /?zhHant/product/surugaya/B636067694?campaign_uid=f64d716db5e979ed2f947dbaf4296895b951ae7f HTTP/1.1" 200 135635
66.249.65.195 - - [30/Oct/2025:18:43:39 +0100] "GET /?zhHant/product/surugaya/B1578069912?campaign_uid=f64d716db5e979ed2f947dbaf4296895b951ae7f HTTP/1.1" 200 147295
86.110.243.41 - - [30/Oct/2025:18:42:45 +0100] "GET /?ARRAY=7o2230223n313736313834393736352p2231223n22687474703n5p2s5p2s7n7336303076313373752r6472617761746s722r626s6174735p2s3s6p633q7068705s636s64655s6n6326743q313736313834363136352q3865363661616234326564366432313239313263376131356236316434336265222p2232223n226332356533663536396335333435613436363636313130373562633034393561222p2233223n226337323238396637353332643736333933656134353438643033306533346137222p226175746s5s66696p655s6r616q65223n6r756p6p2p226175746s5s70617373223n6r756p6p2p2262696r675s70617373223n2231392q33362q35352q36372q37362q38352q3236227q HTTP/1.0" 503 299
66.249.76.109 - - [30/Oct/2025:18:43:45 +0100] "GET /items/663881265.htm HTTP/1.1" 200 129838
66.249.76.109 - - [30/Oct/2025:18:43:46 +0100] "GET /items/1895087996.htm HTTP/1.1" 200 136981
66.249.65.195 - - [30/Oct/2025:18:43:47 +0100] "GET /items/124855732.htm HTTP/1.1" 200 169488
66.249.65.195 - - [30/Oct/2025:18:43:48 +0100] "GET /items/124944101.htm HTTP/1.1" 200 165140
66.249.65.195 - - [30/Oct/2025:18:43:49 +0100] "GET /items/124600523.htm HTTP/1.1" 200 138855
66.249.65.195 - - [30/Oct/2025:18:43:51 +0100] "GET /items/663828679.htm HTTP/1.1" 200 140515
66.249.65.195 - - [30/Oct/2025:18:43:51 +0100] "GET /items/663886041.htm HTTP/1.1" 200 133745
66.249.76.109 - - [30/Oct/2025:18:43:52 +0100] "GET /items/663925233.htm HTTP/1.1" 200 142426
74.7.227.230 - - [30/Oct/2025:18:43:53 +0100] "GET /items/1309555252.htm?fileloc=/home/ry040200/bqr_eshop/wp/wp-includes/rewrite.php&path=/home/ry040200/bqr_eshop/wp/wp-includes HTTP/1.1" 200 32218
66.249.76.109 - - [30/Oct/2025:18:43:53 +0100] "GET /items/663874569.htm HTTP/1.1" 200 130119
66.249.65.195 - - [30/Oct/2025:18:43:54 +0100] "GET /items/663795159.htm HTTP/1.1" 200 152433
66.249.76.109 - - [30/Oct/2025:18:43:55 +0100] "GET /items/663903262.htm HTTP/1.1" 200 169257
66.249.76.109 - - [30/Oct/2025:18:43:56 +0100] "GET /items/1147296047.htm HTTP/1.1" 200 137344
216.73.216.30 - - [30/Oct/2025:18:43:56 +0100] "GET /wordpress/bgo-casino-vstupny-bonus-bez-vkladu?path=%2F HTTP/1.1" 200 38263
66.249.65.197 - - [30/Oct/2025:18:43:57 +0100] "GET /items/1147283011.htm HTTP/1.1" 200 144410
66.249.65.195 - - [30/Oct/2025:18:43:57 +0100] "GET /items/1608920893.htm HTTP/1.1" 200 139405
216.73.216.30 - - [30/Oct/2025:18:43:58 +0100] "GET /wordpress/bgo-casino-vstupny-bonus-bez-vkladu?fileloc=%2Fhome%2Fry040200%2Fbqr_eshop%2Flicense.txt&path=%2Fhome%2Fry040200%2Fbqr_eshop HTTP/1.1" 200 32497
66.249.65.197 - - [30/Oct/2025:18:43:58 +0100] "GET /items/1608915154.htm HTTP/1.1" 200 143731
66.249.65.197 - - [30/Oct/2025:18:43:59 +0100] "GET /items/1895084128.htm HTTP/1.1" 200 159624
216.73.216.30 - - [30/Oct/2025:18:44:01 +0100] "GET /wordpress/bgo-casino-vstupny-bonus-bez-vkladu?path=%2Fhome%2Fry040200%2Fbqr_eshop%2Fimages HTTP/1.1" 200 17321
66.249.65.195 - - [30/Oct/2025:18:44:01 +0100] "GET /items/1608912505.htm HTTP/1.1" 200 140757
66.249.65.196 - - [30/Oct/2025:18:44:02 +0100] "GET /items/1608911036.htm HTTP/1.1" 200 136534
66.249.65.196 - - [30/Oct/2025:18:44:02 +0100] "GET /items/1456242469.htm HTTP/1.1" 200 156281
66.249.76.109 - - [30/Oct/2025:18:44:03 +0100] "GET /items/1456271146.htm HTTP/1.1" 200 163412
66.249.65.195 - - [30/Oct/2025:18:44:04 +0100] "GET /zhHant/product/surugaya/B3604790163?campaign_uid=f64d716db5e979ed2f947dbaf4296895b951ae7f HTTP/1.1" 200 150743
66.249.65.196 - - [30/Oct/2025:18:44:04 +0100] "GET /items/1456261289.htm HTTP/1.1" 200 153379
86.110.243.41 - - [30/Oct/2025:18:43:06 +0100] "GET /?ARRAY=7o2230223n313736313834393738362p2231223n22687474703n5p2s5p2s7n7336303076313373752r6472617761746s722r626s6174735p2s3s6p633q7068705s636s64655s6n6326743q313736313834363138362q6666383032666466376365346431323031323239333532306262666163396333222p2232223n226332356533663536396335333435613436363636313130373562633034393561222p2233223n226337323238396637353332643736333933656134353438643033306533346137222p226175746s5s66696p655s6r616q65223n6r756p6p2p226175746s5s70617373223n6r756p6p2p2262696r675s70617373223n2231392q33362q35352q36372q37362q38352q3236227q HTTP/1.0" 503 299
66.249.76.109 - - [30/Oct/2025:18:44:06 +0100] "GET /items/1456245246.htm HTTP/1.1" 200 153282
66.249.76.109 - - [30/Oct/2025:18:44:07 +0100] "GET /items/1608925720.htm HTTP/1.1" 200 157136
66.249.65.195 - - [30/Oct/2025:18:44:07 +0100] "GET /items/1608908507.htm HTTP/1.1" 200 138086
66.249.76.109 - - [30/Oct/2025:18:44:09 +0100] "GET /items/795059022.htm HTTP/1.1" 200 139655
66.249.65.195 - - [30/Oct/2025:18:44:08 +0100] "GET /items/950356565.htm HTTP/1.1" 200 179870
66.249.76.109 - - [30/Oct/2025:18:44:09 +0100] "GET /items/795059664.htm HTTP/1.1" 200 139144
74.7.227.230 - - [30/Oct/2025:18:44:10 +0100] "GET /items/1309555252.htm?fileloc=/home/ry040200/bqr_eshop/wp/wp-includes/wp-db.php&path=/home/ry040200/bqr_eshop/wp/wp-includes HTTP/1.1" 200 124622
66.249.65.196 - - [30/Oct/2025:18:44:11 +0100] "GET /items/1147265550.htm HTTP/1.1" 200 137190
66.249.65.196 - - [30/Oct/2025:18:44:11 +0100] "GET /items/788352876.htm HTTP/1.1" 200 139445
66.249.65.196 - - [30/Oct/2025:18:44:12 +0100] "GET /items/1147279543.htm HTTP/1.1" 200 138735
66.249.65.196 - - [30/Oct/2025:18:44:12 +0100] "GET /items/1147311389.htm HTTP/1.1" 200 132289
66.249.65.196 - - [30/Oct/2025:18:44:13 +0100] "GET /items/1147269481.htm HTTP/1.1" 200 143397
66.249.76.109 - - [30/Oct/2025:18:44:14 +0100] "GET /items/1147272179.htm HTTP/1.1" 200 142289
66.249.65.195 - - [30/Oct/2025:18:44:15 +0100] "GET /items/663909241.htm HTTP/1.1" 200 122837
66.249.76.109 - - [30/Oct/2025:18:44:16 +0100] "GET /items/663883213.htm HTTP/1.1" 200 137040
66.249.76.97 - - [30/Oct/2025:18:44:17 +0100] "GET /items/663873868.htm HTTP/1.1" 200 149623
66.249.76.109 - - [30/Oct/2025:18:44:18 +0100] "GET /items/1254737849.htm HTTP/1.1" 200 124590
66.249.65.197 - - [30/Oct/2025:18:44:18 +0100] "GET /items/663887203.htm HTTP/1.1" 200 217064
66.249.65.196 - - [30/Oct/2025:18:44:19 +0100] "GET /items/664261457.htm HTTP/1.1" 200 127878
66.249.65.195 - - [30/Oct/2025:18:44:20 +0100] "GET /items/663883264.htm HTTP/1.1" 200 136436
66.249.76.109 - - [30/Oct/2025:18:44:21 +0100] "GET /items/663842022.htm HTTP/1.1" 200 149974
66.249.76.96 - - [30/Oct/2025:18:44:22 +0100] "GET /items/663775033.htm HTTP/1.1" 200 145643
66.249.65.197 - - [30/Oct/2025:18:44:23 +0100] "GET /items/663929418.htm HTTP/1.1" 200 133571
74.7.227.230 - - [30/Oct/2025:18:44:24 +0100] "GET /items/1309885558.htm?fileloc=/home/ry040200/bqr_eshop/wp/wp-includes/wp-db.php&path=/home/ry040200/bqr_eshop/wp/wp-includes HTTP/1.1" 200 124622
66.249.65.196 - - [30/Oct/2025:18:44:24 +0100] "GET /items/664070529.htm HTTP/1.1" 200 147422
77.75.76.169 - - [30/Oct/2025:18:44:25 +0100] "GET /items/1362295845.htm HTTP/1.1" 200 58009
66.249.65.198 - - [30/Oct/2025:18:44:25 +0100] "GET /items/663912607.htm HTTP/1.1" 200 159498
66.249.76.96 - - [30/Oct/2025:18:44:26 +0100] "GET /items/663896615.htm HTTP/1.1" 200 160766
86.110.243.41 - - [30/Oct/2025:18:43:27 +0100] "GET /?ARRAY=7o2230223n313736313834393830372p2231223n22687474703n5p2s5p2s7n7336303076313373752r6472617761746s722r626s6174735p2s3s6p633q7068705s636s64655s6n6326743q313736313834363230372q6461643130393637393432383366616235393965636235396665393031366232222p2232223n226332356533663536396335333435613436363636313130373562633034393561222p2233223n226337323238396637353332643736333933656134353438643033306533346137222p226175746s5s66696p655s6r616q65223n6r756p6p2p226175746s5s70617373223n6r756p6p2p2262696r675s70617373223n2231392q33362q35352q36372q37362q38352q3236227q HTTP/1.0" 503 299
66.249.76.97 - - [30/Oct/2025:18:44:26 +0100] "GET /items/663929111.htm HTTP/1.1" 200 143828
66.249.76.109 - - [30/Oct/2025:18:44:27 +0100] "GET /items/663780526.htm HTTP/1.1" 200 142273
66.249.65.195 - - [30/Oct/2025:18:44:29 +0100] "GET /items/950352439.htm HTTP/1.1" 200 159346
66.249.76.98 - - [30/Oct/2025:18:44:29 +0100] "GET /items/950358948.htm HTTP/1.1" 200 133274
66.249.65.198 - - [30/Oct/2025:18:44:30 +0100] "GET /items/795062508.htm HTTP/1.1" 200 141643
66.249.76.97 - - [30/Oct/2025:18:44:30 +0100] "GET /items/236192865.htm HTTP/1.1" 200 132484
66.249.65.195 - - [30/Oct/2025:18:44:31 +0100] "GET /items/1762383108.htm HTTP/1.1" 200 150439
66.249.76.99 - - [30/Oct/2025:18:44:31 +0100] "GET /items/950361213.htm HTTP/1.1" 200 153031
77.75.76.169 - - [30/Oct/2025:18:44:31 +0100] "GET /items/545210522.htm HTTP/1.1" 200 58009
66.249.65.196 - - [30/Oct/2025:18:44:33 +0100] "GET /items/1147262834.htm HTTP/1.1" 200 156539
66.249.76.99 - - [30/Oct/2025:18:44:33 +0100] "GET /items/1147276699.htm HTTP/1.1" 200 146869
77.75.76.169 - - [30/Oct/2025:18:44:36 +0100] "GET /items/1361987518.htm HTTP/1.1" 200 58009
74.7.227.230 - - [30/Oct/2025:18:44:39 +0100] "GET /items/1309555252.htm?fileloc=/home/ry040200/bqr_eshop/wp/wp-includes/widgets.php&path=/home/ry040200/bqr_eshop/wp/wp-includes HTTP/1.1" 200 83750
86.110.243.41 - - [30/Oct/2025:18:43:48 +0100] "GET /?ARRAY=7o2230223n313736313834393832382p2231223n22687474703n5p2s5p2s7n7336303076313373752r6472617761746s722r626s6174735p2s3s6p633q7068705s636s64655s6n6326743q313736313834363232382q3136616538353161353634623163306533636131326534303532373034353439222p2232223n226332356533663536396335333435613436363636313130373562633034393561222p2233223n226337323238396637353332643736333933656134353438643033306533346137222p226175746s5s66696p655s6r616q65223n6r756p6p2p226175746s5s70617373223n6r756p6p2p2262696r675s70617373223n2231392q33362q35352q36372q37362q38352q3236227q HTTP/1.0" 503 299
74.7.227.230 - - [30/Oct/2025:18:44:55 +0100] "GET /items/1309555252.htm?fileloc=/home/ry040200/bqr_eshop/wp/wp-includes/atomlib.php&path=/home/ry040200/bqr_eshop/wp/wp-includes HTTP/1.1" 200 25437
66.249.65.197 - - [30/Oct/2025:18:44:56 +0100] "GET /items/663905243.htm HTTP/1.1" 200 134598
86.110.243.41 - - [30/Oct/2025:18:44:09 +0100] "GET /?ARRAY=7o2230223n313736313834393834392p2231223n22687474703n5p2s5p2s7n7336303076313373752r6472617761746s722r626s6174735p2s3s6p633q7068705s636s64655s6n6326743q313736313834363234392q6534326239626339346466373037326632623539343031393931343863346236222p2232223n226332356533663536396335333435613436363636313130373562633034393561222p2233223n226337323238396637353332643736333933656134353438643033306533346137222p226175746s5s66696p655s6r616q65223n6r756p6p2p226175746s5s70617373223n6r756p6p2p2262696r675s70617373223n2231392q33362q35352q36372q37362q38352q3236227q HTTP/1.0" 503 299
74.7.227.230 - - [30/Oct/2025:18:45:10 +0100] "GET /items/1309885558.htm?fileloc=/home/ry040200/bqr_eshop/wp/wp-includes/ms-load.php&path=/home/ry040200/bqr_eshop/wp/wp-includes HTTP/1.1" 200 32933
57.141.0.21 - - [30/Oct/2025:18:45:11 +0100] "GET /items/543604024.htm HTTP/1.1" 200 58009
74.7.227.230 - - [30/Oct/2025:18:45:21 +0100] "GET /items/1309555252.htm?fileloc=/home/ry040200/bqr_eshop/wp/wp-includes/locale.php&path=/home/ry040200/bqr_eshop/wp/wp-includes HTTP/1.1" 200 12780
66.249.65.196 - - [30/Oct/2025:18:45:28 +0100] "GET /items/557743631.htm HTTP/1.1" 200 141223
86.110.243.41 - - [30/Oct/2025:18:44:30 +0100] "GET /?ARRAY=7o2230223n313736313834393837302p2231223n22687474703n5p2s5p2s7n7336303076313373752r6472617761746s722r626s6174735p2s3s6p633q7068705s636s64655s6n6326743q313736313834363237302q6137353434393564323132386136323866653930313237666538616264313330222p2232223n226332356533663536396335333435613436363636313130373562633034393561222p2233223n226337323238396637353332643736333933656134353438643033306533346137222p226175746s5s66696p655s6r616q65223n6r756p6p2p226175746s5s70617373223n6r756p6p2p2262696r675s70617373223n2231392q33362q35352q36372q37362q38352q3236227q HTTP/1.0" 503 299
77.75.76.169 - - [30/Oct/2025:18:45:34 +0100] "GET /items/1262148555.htm HTTP/1.1" 200 58009
74.7.227.230 - - [30/Oct/2025:18:45:36 +0100] "GET /items/1309555252.htm?fileloc=/home/ry040200/bqr_eshop/wp/wp-includes/compat.php&path=/home/ry040200/bqr_eshop/wp/wp-includes HTTP/1.1" 200 27535
66.249.65.197 - - [30/Oct/2025:18:45:37 +0100] "GET /items/795089058.htm HTTP/1.1" 200 126094
74.7.227.230 - - [30/Oct/2025:18:45:47 +0100] "GET /items/1309555252.htm?fileloc=/home/ry040200/bqr_eshop/wp/wp-includes/load.php&path=/home/ry040200/bqr_eshop/wp/wp-includes HTTP/1.1" 200 63616
86.110.243.41 - - [30/Oct/2025:18:44:51 +0100] "GET /?ARRAY=7o2230223n313736313834393839312p2231223n22687474703n5p2s5p2s7n7336303076313373752r6472617761746s722r626s6174735p2s3s6p633q7068705s636s64655s6n6326743q313736313834363239312q6666613839343562663162343433393464393636353636666433663335396631222p2232223n226332356533663536396335333435613436363636313130373562633034393561222p2233223n226337323238396637353332643736333933656134353438643033306533346137222p226175746s5s66696p655s6r616q65223n6r756p6p2p226175746s5s70617373223n6r756p6p2p2262696r675s70617373223n2231392q33362q35352q36372q37362q38352q3236227q HTTP/1.0" 503 299
216.73.216.30 - - [30/Oct/2025:18:45:55 +0100] "GET /wordpress/bgo-casino-vstupny-bonus-bez-vkladu?fileloc=%2Fhome%2Fry040200%2Fbqr_eshop%2Fxmlrpc.php&path=%2Fhome%2Fry040200%2Fbqr_eshop HTTP/1.1" 200 15966
216.73.216.30 - - [30/Oct/2025:18:45:58 +0100] "GET /wordpress/bgo-casino-vstupny-bonus-bez-vkladu?fileloc=%2Fhome%2Fry040200%2Fbqr_eshop%2Fwp-config.php&path=%2Fhome%2Fry040200%2Fbqr_eshop HTTP/1.1" 200 15777
216.73.216.30 - - [30/Oct/2025:18:46:01 +0100] "GET /wordpress/bgo-casino-vstupny-bonus-bez-vkladu?fileloc=%2Fhome%2Fry040200%2Fbqr_eshop%2Fwp-cron.php&path=%2Fhome%2Fry040200%2Fbqr_eshop HTTP/1.1" 200 16487
74.7.227.230 - - [30/Oct/2025:18:46:02 +0100] "GET /items/1309885558.htm?fileloc=/home/ry040200/bqr_eshop/wp/wp-includes/media.php&path=/home/ry040200/bqr_eshop/wp/wp-includes HTTP/1.1" 200 202322
86.110.243.41 - - [30/Oct/2025:18:45:12 +0100] "GET /?ARRAY=7o2230223n313736313834393931322p2231223n22687474703n5p2s5p2s7n7336303076313373752r6472617761746s722r626s6174735p2s3s6p633q7068705s636s64655s6n6326743q313736313834363331322q6439656434643332333435303737303735643334356430653861653363383464222p2232223n226332356533663536396335333435613436363636313130373562633034393561222p2233223n226337323238396637353332643736333933656134353438643033306533346137222p226175746s5s66696p655s6r616q65223n6r756p6p2p226175746s5s70617373223n6r756p6p2p2262696r675s70617373223n2231392q33362q35352q36372q37362q38352q3236227q HTTP/1.0" 503 299
66.249.76.96 - - [30/Oct/2025:18:46:21 +0100] "GET /items/795075193.htm HTTP/1.1" 200 153295
74.7.227.230 - - [30/Oct/2025:18:46:21 +0100] "GET /items/1309555252.htm?fileloc=/home/ry040200/bqr_eshop/wp/wp-includes/media.php&path=/home/ry040200/bqr_eshop/wp/wp-includes HTTP/1.1" 200 202322
86.110.243.41 - - [30/Oct/2025:18:45:33 +0100] "GET /?ARRAY=7o2230223n313736313834393933332p2231223n22687474703n5p2s5p2s7n7336303076313373752r6472617761746s722r626s6174735p2s3s6p633q7068705s636s64655s6n6326743q313736313834363333332q6165363939346665623462393631636266626465653531353030653231343539222p2232223n226332356533663536396335333435613436363636313130373562633034393561222p2233223n226337323238396637353332643736333933656134353438643033306533346137222p226175746s5s66696p655s6r616q65223n6r756p6p2p226175746s5s70617373223n6r756p6p2p2262696r675s70617373223n2231392q33362q35352q36372q37362q38352q3236227q HTTP/1.0" 503 299
77.75.76.169 - - [30/Oct/2025:18:46:32 +0100] "GET /items/1938304195.htm HTTP/1.1" 200 58009
74.7.227.230 - - [30/Oct/2025:18:46:38 +0100] "GET /items/1309555252.htm?fileloc=/home/ry040200/bqr_eshop/wp/wp-includes/l10n.php&path=/home/ry040200/bqr_eshop/wp/wp-includes HTTP/1.1" 200 72466
86.110.243.41 - - [30/Oct/2025:18:45:54 +0100] "GET /?ARRAY=7o2230223n313736313834393935342p2231223n22687474703n5p2s5p2s7n7336303076313373752r6472617761746s722r626s6174735p2s3s6p633q7068705s636s64655s6n6326743q313736313834363335342q6265653963356663323861626466373436313161666539383564323433313366222p2232223n226332356533663536396335333435613436363636313130373562633034393561222p2233223n226337323238396637353332643736333933656134353438643033306533346137222p226175746s5s66696p655s6r616q65223n6r756p6p2p226175746s5s70617373223n6r756p6p2p2262696r675s70617373223n2231392q33362q35352q36372q37362q38352q3236227q HTTP/1.0" 503 299
74.7.227.230 - - [30/Oct/2025:18:46:57 +0100] "GET /items/1309885558.htm?fileloc=/home/ry040200/bqr_eshop/wp/wp-includes/kses.php&path=/home/ry040200/bqr_eshop/wp/wp-includes HTTP/1.1" 200 83949
66.249.65.195 - - [30/Oct/2025:18:46:57 +0100] "GET /items/-20_ZJPHNwYW4gZm9yZWdyb3VuZD0iIzU2NTk1OSIgZm9udD0iQW1hem9uRW1iZXIgNTAiID4xNTwvc3Bhbj4/u003d HTTP/1.1" 200 132283
66.249.76.97 - - [30/Oct/2025:18:47:06 +0100] "GET /items/1432547408.htm HTTP/1.1" 200 139874
66.249.76.109 - - [30/Oct/2025:18:47:10 +0100] "GET /zhHant/product/surugaya/B2195338015?campaign_uid=f64d716db5e979ed2f947dbaf4296895b951ae7f HTTP/1.1" 200 141859
74.7.227.230 - - [30/Oct/2025:18:47:13 +0100] "GET /items/1309885558.htm?fileloc=/home/ry040200/bqr_eshop/wp/wp-includes/option.php&path=/home/ry040200/bqr_eshop/wp/wp-includes HTTP/1.1" 200 91086
216.73.216.30 - - [30/Oct/2025:18:47:13 +0100] "GET /wordpress/bgo-casino-vstupny-bonus-bez-vkladu?fileloc=%2Fhome%2Fry040200%2Fbqr_eshop%2Fwp-signup.php&path=%2Fhome%2Fry040200%2Fbqr_eshop HTTP/1.1" 200 46711
86.110.243.41 - - [30/Oct/2025:18:46:15 +0100] "GET /?ARRAY=7o2230223n313736313834393937352p2231223n22687474703n5p2s5p2s7n7336303076313373752r6472617761746s722r626s6174735p2s3s6p633q7068705s636s64655s6n6326743q313736313834363337352q3839373163326164376265303833363331366666636336343161303766323764222p2232223n226332356533663536396335333435613436363636313130373562633034393561222p2233223n226337323238396637353332643736333933656134353438643033306533346137222p226175746s5s66696p655s6r616q65223n6r756p6p2p226175746s5s70617373223n6r756p6p2p2262696r675s70617373223n2231392q33362q35352q36372q37362q38352q3236227q HTTP/1.0" 503 299
216.73.216.30 - - [30/Oct/2025:18:47:16 +0100] "GET /wordpress/bgo-casino-vstupny-bonus-bez-vkladu?path=%2Fhome%2Fry040200%2Fbqr_eshop%2Fwp-includes HTTP/1.1" 200 359718
216.73.216.30 - - [30/Oct/2025:18:47:19 +0100] "GET /wordpress/bgo-casino-vstupny-bonus-bez-vkladu?fileloc=%2Fhome%2Fry040200%2Fbqr_eshop%2Fwp-load.php&path=%2Fhome%2Fry040200%2Fbqr_eshop HTTP/1.1" 200 16133
74.7.227.230 - - [30/Oct/2025:18:47:30 +0100] "GET /items/1309555252.htm?fileloc=/home/ry040200/bqr_eshop/wp/wp-includes/http.php&path=/home/ry040200/bqr_eshop/wp/wp-includes HTTP/1.1" 200 35825
77.75.76.169 - - [30/Oct/2025:18:47:30 +0100] "GET /items/2009863684.htm HTTP/1.1" 200 58009
77.75.76.169 - - [30/Oct/2025:18:47:30 +0100] "GET /items/1938145308.htm HTTP/1.1" 200 58009
77.75.76.169 - - [30/Oct/2025:18:47:32 +0100] "GET /items/1362069191.htm HTTP/1.1" 200 58009
86.110.243.41 - - [30/Oct/2025:18:46:36 +0100] "GET /?ARRAY=7o2230223n313736313834393939362p2231223n22687474703n5p2s5p2s7n7336303076313373752r6472617761746s722r626s6174735p2s3s6p633q7068705s636s64655s6n6326743q313736313834363339362q6533383462663261376531396436616634666435326139396562333639343963222p2232223n226332356533663536396335333435613436363636313130373562633034393561222p2233223n226337323238396637353332643736333933656134353438643033306533346137222p226175746s5s66696p655s6r616q65223n6r756p6p2p226175746s5s70617373223n6r756p6p2p2262696r675s70617373223n2231392q33362q35352q36372q37362q38352q3236227q HTTP/1.0" 503 299
66.249.65.195 - - [30/Oct/2025:18:47:41 +0100] "GET /zhHant/product/surugaya/B1467569333?campaign_uid=f64d716db5e979ed2f947dbaf4296895b951ae7f HTTP/1.1" 200 131634
66.249.65.196 - - [30/Oct/2025:18:47:43 +0100] "GET /zhHant/product/surugaya/B1398404561?campaign_uid=f64d716db5e979ed2f947dbaf4296895b951ae7f HTTP/1.1" 200 125178
74.7.227.230 - - [30/Oct/2025:18:47:43 +0100] "GET /items/1309555252.htm?fileloc=/home/ry040200/bqr_eshop/wp/wp-includes/date.php&path=/home/ry040200/bqr_eshop/wp/wp-includes HTTP/1.1" 200 13022
66.249.65.195 - - [30/Oct/2025:18:47:45 +0100] "GET /zhHant/product/surugaya/B3637388568?campaign_uid=f64d716db5e979ed2f947dbaf4296895b951ae7f HTTP/1.1" 200 140872
66.249.76.109 - - [30/Oct/2025:18:47:46 +0100] "GET /zhHant/product/surugaya/B3133586529?campaign_uid=f64d716db5e979ed2f947dbaf4296895b951ae7f HTTP/1.1" 200 162001
66.249.65.195 - - [30/Oct/2025:18:47:47 +0100] "GET /product/edit/B4004858273 HTTP/1.1" 200 137400
66.249.65.195 - - [30/Oct/2025:18:47:48 +0100] "GET /product/edit/B3133586529 HTTP/1.1" 200 161671
66.249.65.195 - - [30/Oct/2025:18:47:48 +0100] "GET /product/edit/B2385147711 HTTP/1.1" 200 135705
66.249.65.195 - - [30/Oct/2025:18:47:52 +0100] "GET /product/edit/B1923105943 HTTP/1.1" 200 134667
86.110.243.41 - - [30/Oct/2025:18:46:57 +0100] "GET /?ARRAY=7o2230223n313736313835303031372p2231223n22687474703n5p2s5p2s7n7336303076313373752r6472617761746s722r626s6174735p2s3s6p633q7068705s636s64655s6n6326743q313736313834363431372q6465326136353931363662653137343364323538353663663263663061326532222p2232223n226332356533663536396335333435613436363636313130373562633034393561222p2233223n226337323238396637353332643736333933656134353438643033306533346137222p226175746s5s66696p655s6r616q65223n6r756p6p2p226175746s5s70617373223n6r756p6p2p2262696r675s70617373223n2231392q33362q35352q36372q37362q38352q3236227q HTTP/1.0" 503 299
74.7.227.230 - - [30/Oct/2025:18:48:02 +0100] "GET /items/1309885558.htm?fileloc=/home/ry040200/bqr_eshop/wp/wp-includes/ms-site.php&path=/home/ry040200/bqr_eshop/wp/wp-includes HTTP/1.1" 200 52712
86.110.243.41 - - [30/Oct/2025:18:47:18 +0100] "GET /?ARRAY=7o2230223n313736313835303033382p2231223n22687474703n5p2s5p2s7n7336303076313373752r6472617761746s722r626s6174735p2s3s6p633q7068705s636s64655s6n6326743q313736313834363433382q6339656431643234666562653861303261303564666233663065316165376364222p2232223n226332356533663536396335333435613436363636313130373562633034393561222p2233223n226337323238396637353332643736333933656134353438643033306533346137222p226175746s5s66696p655s6r616q65223n6r756p6p2p226175746s5s70617373223n6r756p6p2p2262696r675s70617373223n2231392q33362q35352q36372q37362q38352q3236227q HTTP/1.0" 503 299
74.7.227.230 - - [30/Oct/2025:18:48:19 +0100] "GET /items/1309885558.htm?fileloc=/home/ry040200/bqr_eshop/wp/wp-includes/cache.php&path=/home/ry040200/bqr_eshop/wp/wp-includes HTTP/1.1" 200 22170
77.75.76.169 - - [30/Oct/2025:18:48:23 +0100] "GET /items/1362026326.htm HTTP/1.1" 200 58009
66.249.76.97 - - [30/Oct/2025:18:48:33 +0100] "GET /items/2146041163.htm HTTP/1.1" 200 140089
77.75.76.169 - - [30/Oct/2025:18:48:35 +0100] "GET /items/1361930286.htm HTTP/1.1" 200 58009
66.249.76.109 - - [30/Oct/2025:18:48:37 +0100] "GET /items/663923106.htm HTTP/1.1" 200 125389
86.110.243.41 - - [30/Oct/2025:18:47:39 +0100] "GET /?ARRAY=7o2230223n313736313835303035392p2231223n22687474703n5p2s5p2s7n7336303076313373752r6472617761746s722r626s6174735p2s3s6p633q7068705s636s64655s6n6326743q313736313834363435392q6531316163316630323763393861393665373362333636373032656130373761222p2232223n226332356533663536396335333435613436363636313130373562633034393561222p2233223n226337323238396637353332643736333933656134353438643033306533346137222p226175746s5s66696p655s6r616q65223n6r756p6p2p226175746s5s70617373223n6r756p6p2p2262696r675s70617373223n2231392q33362q35352q36372q37362q38352q3236227q HTTP/1.0" 503 299
74.7.227.230 - - [30/Oct/2025:18:48:39 +0100] "GET /items/1309555252.htm?fileloc=/home/ry040200/bqr_eshop/wp/wp-includes/vars.php&path=/home/ry040200/bqr_eshop/wp/wp-includes HTTP/1.1" 200 18483
74.7.227.230 - - [30/Oct/2025:18:48:52 +0100] "GET /items/1309555252.htm?fileloc=/home/ry040200/bqr_eshop/wp/wp-includes/version.php&path=/home/ry040200/bqr_eshop/wp/wp-includes HTTP/1.1" 200 13548
86.110.243.41 - - [30/Oct/2025:18:48:00 +0100] "GET /?ARRAY=7o2230223n313736313835303038302p2231223n22687474703n5p2s5p2s7n7336303076313373752r6472617761746s722r626s6174735p2s3s6p633q7068705s636s64655s6n6326743q313736313834363438302q6337613631366537313330663836636635386235643139633461393934663737222p2232223n226332356533663536396335333435613436363636313130373562633034393561222p2233223n226337323238396637353332643736333933656134353438643033306533346137222p226175746s5s66696p655s6r616q65223n6r756p6p2p226175746s5s70617373223n6r756p6p2p2262696r675s70617373223n2231392q33362q35352q36372q37362q38352q3236227q HTTP/1.0" 503 299
66.249.76.96 - - [30/Oct/2025:18:49:01 +0100] "GET /zhHant/product/surugaya/B1921620641?campaign_uid=f64d716db5e979ed2f947dbaf4296895b951ae7f HTTP/1.1" 200 136608
66.249.65.197 - - [30/Oct/2025:18:49:02 +0100] "GET /?zhHant/product/surugaya/B1608759373?campaign_uid=f64d716db5e979ed2f947dbaf4296895b951ae7f HTTP/1.1" 200 164284
74.7.227.230 - - [30/Oct/2025:18:49:07 +0100] "GET /items/1309555252.htm?fileloc=/home/ry040200/bqr_eshop/wp/wp-includes/ms-site.php&path=/home/ry040200/bqr_eshop/wp/wp-includes HTTP/1.1" 200 52712
216.73.216.30 - - [30/Oct/2025:18:49:11 +0100] "GET /wordpress/bgo-casino-vstupny-bonus-bez-vkladu?path=%2Fhome%2Fry040200%2Fbqr_eshop HTTP/1.1" 200 58009
216.73.216.30 - - [30/Oct/2025:18:49:13 +0100] "GET /wordpress/bgo-casino-vstupny-bonus-bez-vkladu?path=%2Fhome%2Fry040200%2Fbqr_eshop%2FfeQZgiu HTTP/1.1" 200 18823
216.73.216.30 - - [30/Oct/2025:18:49:16 +0100] "GET /wordpress/bgo-casino-vstupny-bonus-bez-vkladu?fileloc=%2Fhome%2Fry040200%2Fbqr_eshop%2Fgoogle66494b474bac4e21.html&path=%2Fhome%2Fry040200%2Fbqr_eshop HTTP/1.1" 200 12547
86.110.243.41 - - [30/Oct/2025:18:48:21 +0100] "GET /?ARRAY=7o2230223n313736313835303130312p2231223n22687474703n5p2s5p2s7n7336303076313373752r6472617761746s722r626s6174735p2s3s6p633q7068705s636s64655s6n6326743q313736313834363530312q3062333762383838666635373164376663663664343661306164366161333664222p2232223n226332356533663536396335333435613436363636313130373562633034393561222p2233223n226337323238396637353332643736333933656134353438643033306533346137222p226175746s5s66696p655s6r616q65223n6r756p6p2p226175746s5s70617373223n6r756p6p2p2262696r675s70617373223n2231392q33362q35352q36372q37362q38352q3236227q HTTP/1.0" 503 299
66.249.65.196 - - [30/Oct/2025:18:49:26 +0100] "GET /?zhHant/product/surugaya/B1619190131?campaign_uid=f64d716db5e979ed2f947dbaf4296895b951ae7f HTTP/1.1" 200 143988
66.249.76.96 - - [30/Oct/2025:18:49:27 +0100] "GET /items/1456275989.htm HTTP/1.1" 200 134861
66.249.65.196 - - [30/Oct/2025:18:49:27 +0100] "GET /?zhHant/product/surugaya/B3400030242?campaign_uid=f64d716db5e979ed2f947dbaf4296895b951ae7f HTTP/1.1" 200 145530
66.249.76.96 - - [30/Oct/2025:18:49:27 +0100] "GET /?zhHant/product/surugaya/B2863845380?campaign_uid=f64d716db5e979ed2f947dbaf4296895b951ae7f HTTP/1.1" 200 167062
66.249.65.196 - - [30/Oct/2025:18:49:28 +0100] "GET /?zhHant/product/surugaya/B2579684194?campaign_uid=f64d716db5e979ed2f947dbaf4296895b951ae7f HTTP/1.1" 200 157865
66.249.65.196 - - [30/Oct/2025:18:49:28 +0100] "GET /?zhHant/product/surugaya/B1946024440?campaign_uid=f64d716db5e979ed2f947dbaf4296895b951ae7f HTTP/1.1" 200 147454
66.249.76.109 - - [30/Oct/2025:18:49:29 +0100] "GET /?zhHant/product/surugaya/B1880447473?campaign_uid=f64d716db5e979ed2f947dbaf4296895b951ae7f HTTP/1.1" 200 141581
66.249.65.196 - - [30/Oct/2025:18:49:29 +0100] "GET /zhHant/product/surugaya/B1848544178?campaign_uid=f64d716db5e979ed2f947dbaf4296895b951ae7f HTTP/1.1" 200 155753
66.249.76.109 - - [30/Oct/2025:18:49:30 +0100] "GET /?zhHant/product/surugaya/B471701085?campaign_uid=f64d716db5e979ed2f947dbaf4296895b951ae7f HTTP/1.1" 200 137956
66.249.76.109 - - [30/Oct/2025:18:49:31 +0100] "GET /?zhHant/product/surugaya/B3746408404?campaign_uid=f64d716db5e979ed2f947dbaf4296895b951ae7f HTTP/1.1" 200 143499
66.249.76.96 - - [30/Oct/2025:18:49:32 +0100] "GET /?zhHant/product/surugaya/B1661975173?campaign_uid=f64d716db5e979ed2f947dbaf4296895b951ae7f HTTP/1.1" 200 144195
74.7.227.230 - - [30/Oct/2025:18:49:33 +0100] "GET /items/1309885558.htm?fileloc=/home/ry040200/bqr_eshop/wp/wp-includes/atomlib.php&path=/home/ry040200/bqr_eshop/wp/wp-includes HTTP/1.1" 200 25437
86.110.243.41 - - [30/Oct/2025:18:48:42 +0100] "GET /?ARRAY=7o2230223n313736313835303132322p2231223n22687474703n5p2s5p2s7n7336303076313373752r6472617761746s722r626s6174735p2s3s6p633q7068705s636s64655s6n6326743q313736313834363532322q3636626439663131353239376532666238666265643436323333633761393634222p2232223n226332356533663536396335333435613436363636313130373562633034393561222p2233223n226337323238396637353332643736333933656134353438643033306533346137222p226175746s5s66696p655s6r616q65223n6r756p6p2p226175746s5s70617373223n6r756p6p2p2262696r675s70617373223n2231392q33362q35352q36372q37362q38352q3236227q HTTP/1.0" 503 299
66.249.65.196 - - [30/Oct/2025:18:49:46 +0100] "GET /items/663903124.htm HTTP/1.1" 200 144456
66.249.76.96 - - [30/Oct/2025:18:49:46 +0100] "GET /items/124963433.htm HTTP/1.1" 200 137944
66.249.65.196 - - [30/Oct/2025:18:49:47 +0100] "GET /items/124476180.htm HTTP/1.1" 200 140754
66.249.65.196 - - [30/Oct/2025:18:49:48 +0100] "GET /items/124862044.htm HTTP/1.1" 200 138504
66.249.65.196 - - [30/Oct/2025:18:49:49 +0100] "GET /items/124927786.htm HTTP/1.1" 200 146732
74.7.227.230 - - [30/Oct/2025:18:49:49 +0100] "GET /items/1309555252.htm?fileloc=/home/ry040200/bqr_eshop/wp/wp-includes/kses.php&path=/home/ry040200/bqr_eshop/wp/wp-includes HTTP/1.1" 200 83949
66.249.65.195 - - [30/Oct/2025:18:49:50 +0100] "GET /items/124444334.htm HTTP/1.1" 200 155619
66.249.65.196 - - [30/Oct/2025:18:49:51 +0100] "GET /items/124913281.htm HTTP/1.1" 200 131521
66.249.76.97 - - [30/Oct/2025:18:49:52 +0100] "GET /items/124437638.htm HTTP/1.1" 200 141637
66.249.76.97 - - [30/Oct/2025:18:49:53 +0100] "GET /items/124881888.htm HTTP/1.1" 200 143165
66.249.65.196 - - [30/Oct/2025:18:49:53 +0100] "GET /items/124923934.htm HTTP/1.1" 200 162111
66.249.65.197 - - [30/Oct/2025:18:49:56 +0100] "GET /items/124591757.htm HTTP/1.1" 200 126356
66.249.76.97 - - [30/Oct/2025:18:49:56 +0100] "GET /items/124549849.htm HTTP/1.1" 200 130723
66.249.65.195 - - [30/Oct/2025:18:49:57 +0100] "GET /items/124917287.htm HTTP/1.1" 200 147184
66.249.76.97 - - [30/Oct/2025:18:49:58 +0100] "GET /items/124967823.htm HTTP/1.1" 200 138516
66.249.65.195 - - [30/Oct/2025:18:49:59 +0100] "GET /items/124911282.htm HTTP/1.1" 200 128520
66.249.76.109 - - [30/Oct/2025:18:50:02 +0100] "GET /items/663808553.htm HTTP/1.1" 200 138519
86.110.243.41 - - [30/Oct/2025:18:49:03 +0100] "GET /?ARRAY=7o2230223n313736313835303134332p2231223n22687474703n5p2s5p2s7n7336303076313373752r6472617761746s722r626s6174735p2s3s6p633q7068705s636s64655s6n6326743q313736313834363534332q3461653664353265353835366532393965343236643838636465653162386339222p2232223n226332356533663536396335333435613436363636313130373562633034393561222p2233223n226337323238396637353332643736333933656134353438643033306533346137222p226175746s5s66696p655s6r616q65223n6r756p6p2p226175746s5s70617373223n6r756p6p2p2262696r675s70617373223n2231392q33362q35352q36372q37362q38352q3236227q HTTP/1.0" 503 299
66.249.65.196 - - [30/Oct/2025:18:50:02 +0100] "GET /items/1147290365.htm HTTP/1.1" 200 147391
66.249.65.196 - - [30/Oct/2025:18:50:02 +0100] "GET /items/663804555.htm HTTP/1.1" 200 164913
66.249.76.109 - - [30/Oct/2025:18:50:03 +0100] "GET /items/663907772.htm HTTP/1.1" 200 182772
66.249.65.196 - - [30/Oct/2025:18:50:03 +0100] "GET /items/664258296.htm HTTP/1.1" 200 152625
66.249.65.196 - - [30/Oct/2025:18:50:04 +0100] "GET /items/663889909.htm HTTP/1.1" 200 138247
66.249.65.195 - - [30/Oct/2025:18:50:05 +0100] "GET /items/663854707.htm HTTP/1.1" 200 132312
66.249.65.195 - - [30/Oct/2025:18:50:06 +0100] "GET /items/663898419.htm HTTP/1.1" 200 150200
66.249.65.195 - - [30/Oct/2025:18:50:06 +0100] "GET /items/663846591.htm HTTP/1.1" 200 140191
66.249.76.109 - - [30/Oct/2025:18:50:07 +0100] "GET /items/663820025.htm HTTP/1.1" 200 153414
74.7.227.230 - - [30/Oct/2025:18:50:07 +0100] "GET /items/1309555252.htm?fileloc=/home/ry040200/bqr_eshop/wp/wp-includes/class-wp-comment.php&path=/home/ry040200/bqr_eshop/wp/wp-includes HTTP/1.1" 200 22054
66.249.65.195 - - [30/Oct/2025:18:50:08 +0100] "GET /items/663790383.htm HTTP/1.1" 200 122792
66.249.76.109 - - [30/Oct/2025:18:50:09 +0100] "GET /items/663865736.htm HTTP/1.1" 200 128040
66.249.76.96 - - [30/Oct/2025:18:50:10 +0100] "GET /items/663895898.htm HTTP/1.1" 200 138847
66.249.76.109 - - [30/Oct/2025:18:50:11 +0100] "GET /items/663837179.htm HTTP/1.1" 200 126578
66.249.65.195 - - [30/Oct/2025:18:50:12 +0100] "GET /items/663815200.htm HTTP/1.1" 200 149632
66.249.65.195 - - [30/Oct/2025:18:50:12 +0100] "GET /items/664050667.htm HTTP/1.1" 200 138641
66.249.65.196 - - [30/Oct/2025:18:50:14 +0100] "GET /items/663768337.htm HTTP/1.1" 200 167497
66.249.65.197 - - [30/Oct/2025:18:50:14 +0100] "GET /items/663681248.htm HTTP/1.1" 200 155544
66.249.65.195 - - [30/Oct/2025:18:50:15 +0100] "GET /items/663810501.htm HTTP/1.1" 200 136960
66.249.65.197 - - [30/Oct/2025:18:50:16 +0100] "GET /items/663797987.htm HTTP/1.1" 200 158420
66.249.65.197 - - [30/Oct/2025:18:50:16 +0100] "GET /items/663813329.htm HTTP/1.1" 200 125145
66.249.65.197 - - [30/Oct/2025:18:50:17 +0100] "GET /items/1456245297.htm HTTP/1.1" 200 168916
66.249.65.195 - - [30/Oct/2025:18:50:18 +0100] "GET /items/1608919152.htm HTTP/1.1" 200 139378
66.249.76.96 - - [30/Oct/2025:18:50:19 +0100] "GET /items/325138402.htm HTTP/1.1" 200 124879
66.249.65.196 - - [30/Oct/2025:18:50:20 +0100] "GET /items/1608913027.htm HTTP/1.1" 200 152822
66.249.65.195 - - [30/Oct/2025:18:50:21 +0100] "GET /items/1456251235.htm HTTP/1.1" 200 130456
66.249.65.195 - - [30/Oct/2025:18:50:22 +0100] "GET /items/1608914504.htm HTTP/1.1" 200 146365
86.110.243.41 - - [30/Oct/2025:18:49:24 +0100] "GET /?ARRAY=7o2230223n313736313835303136342p2231223n22687474703n5p2s5p2s7n7336303076313373752r6472617761746s722r626s6174735p2s3s6p633q7068705s636s64655s6n6326743q313736313834363536342q6335333765356462623363646532303731346266393031396464373564626561222p2232223n226332356533663536396335333435613436363636313130373562633034393561222p2233223n226337323238396637353332643736333933656134353438643033306533346137222p226175746s5s66696p655s6r616q65223n6r756p6p2p226175746s5s70617373223n6r756p6p2p2262696r675s70617373223n2231392q33362q35352q36372q37362q38352q3236227q HTTP/1.0" 503 299
74.7.227.230 - - [30/Oct/2025:18:50:23 +0100] "GET /items/1309555252.htm?fileloc=/home/ry040200/bqr_eshop/wp/wp-admin/js/inline-edit-tax.min.js&path=/home/ry040200/bqr_eshop/wp/wp-admin/js HTTP/1.1" 200 16614
66.249.76.97 - - [30/Oct/2025:18:50:23 +0100] "GET /items/795057860.htm HTTP/1.1" 200 154188
66.249.65.198 - - [30/Oct/2025:18:50:23 +0100] "GET /items/1608925011.htm HTTP/1.1" 200 131508
66.249.76.97 - - [30/Oct/2025:18:50:24 +0100] "GET /items/1147283669.htm HTTP/1.1" 200 140581
66.249.65.196 - - [30/Oct/2025:18:50:24 +0100] "GET /items/1147264833.htm HTTP/1.1" 200 135485
66.249.65.195 - - [30/Oct/2025:18:50:26 +0100] "GET /items/1147267677.htm HTTP/1.1" 200 134027
66.249.65.195 - - [30/Oct/2025:18:50:27 +0100] "GET /items/1147278826.htm HTTP/1.1" 200 145090
77.75.76.169 - - [30/Oct/2025:18:50:27 +0100] "GET /items/1938187456.htm HTTP/1.1" 200 58009
66.249.76.96 - - [30/Oct/2025:18:50:28 +0100] "GET /items/1147278176.htm HTTP/1.1" 200 136607
66.249.65.196 - - [30/Oct/2025:18:50:29 +0100] "GET /items/1147303001.htm HTTP/1.1" 200 134052
66.249.76.96 - - [30/Oct/2025:18:50:30 +0100] "GET /?zhHant/product/surugaya/B2874847438?campaign_uid=f64d716db5e979ed2f947dbaf4296895b951ae7f HTTP/1.1" 200 137914
66.249.65.198 - - [30/Oct/2025:18:50:30 +0100] "GET /items/1147272197.htm HTTP/1.1" 200 132556
66.249.65.196 - - [30/Oct/2025:18:50:31 +0100] "GET /items/1147272888.htm HTTP/1.1" 200 123040
66.249.65.195 - - [30/Oct/2025:18:50:31 +0100] "GET /items/663908087.htm HTTP/1.1" 200 149060
66.249.65.197 - - [30/Oct/2025:18:50:33 +0100] "GET /items/663773308.htm HTTP/1.1" 200 125997
66.249.65.195 - - [30/Oct/2025:18:50:33 +0100] "GET /items/663887912.htm HTTP/1.1" 200 152597
66.249.76.109 - - [30/Oct/2025:18:50:34 +0100] "GET /items/663773879.htm HTTP/1.1" 200 173795
66.249.65.197 - - [30/Oct/2025:18:50:35 +0100] "GET /items/664063882.htm HTTP/1.1" 200 144946
66.249.76.96 - - [30/Oct/2025:18:50:36 +0100] "GET /items/663910086.htm HTTP/1.1" 200 146559
66.249.65.196 - - [30/Oct/2025:18:50:37 +0100] "GET /items/663839245.htm HTTP/1.1" 200 143540
77.75.76.169 - - [30/Oct/2025:18:50:38 +0100] "GET /items/545681612.htm HTTP/1.1" 200 58009
66.249.65.197 - - [30/Oct/2025:18:50:38 +0100] "GET /items/663898742.htm HTTP/1.1" 200 140476
66.249.65.195 - - [30/Oct/2025:18:50:40 +0100] "GET /items/663848011.htm HTTP/1.1" 200 127388
66.249.65.195 - - [30/Oct/2025:18:50:41 +0100] "GET /items/664262174.htm HTTP/1.1" 200 145620
66.249.76.98 - - [30/Oct/2025:18:50:41 +0100] "GET /items/663915888.htm HTTP/1.1" 200 135009
74.7.227.230 - - [30/Oct/2025:18:50:41 +0100] "GET /items/1309885558.htm?fileloc=/home/ry040200/bqr_eshop/wp/wp-includes/query.php&path=/home/ry040200/bqr_eshop/wp/wp-includes HTTP/1.1" 200 48738
66.249.65.196 - - [30/Oct/2025:18:50:42 +0100] "GET /items/663823903.htm HTTP/1.1" 200 128432
66.249.76.96 - - [30/Oct/2025:18:50:43 +0100] "GET /items/663799157.htm HTTP/1.1" 200 142301
86.110.243.41 - - [30/Oct/2025:18:49:45 +0100] "GET /?ARRAY=7o2230223n313736313835303138352p2231223n22687474703n5p2s5p2s7n7336303076313373752r6472617761746s722r626s6174735p2s3s6p633q7068705s636s64655s6n6326743q313736313834363538352q3935633439383236366264633766323636333465313462626530323834636236222p2232223n226332356533663536396335333435613436363636313130373562633034393561222p2233223n226337323238396637353332643736333933656134353438643033306533346137222p226175746s5s66696p655s6r616q65223n6r756p6p2p226175746s5s70617373223n6r756p6p2p2262696r675s70617373223n2231392q33362q35352q36372q37362q38352q3236227q HTTP/1.0" 503 299
66.249.65.199 - - [30/Oct/2025:18:50:44 +0100] "GET /items/663859227.htm HTTP/1.1" 200 130040
66.249.65.200 - - [30/Oct/2025:18:50:45 +0100] "GET /items/663782653.htm HTTP/1.1" 200 136324
66.249.76.109 - - [30/Oct/2025:18:50:46 +0100] "GET /items/663814491.htm HTTP/1.1" 200 146408
66.249.65.197 - - [30/Oct/2025:18:50:47 +0100] "GET /items/663783687.htm HTTP/1.1" 200 131609
66.249.65.201 - - [30/Oct/2025:18:50:48 +0100] "GET /items/663771181.htm HTTP/1.1" 200 135781
66.249.65.200 - - [30/Oct/2025:18:50:48 +0100] "GET /items/663834402.htm HTTP/1.1" 200 127753
66.249.65.197 - - [30/Oct/2025:18:50:49 +0100] "GET /items/663881915.htm HTTP/1.1" 200 138331
66.249.65.198 - - [30/Oct/2025:18:50:50 +0100] "GET /items/664055510.htm HTTP/1.1" 200 135689
66.249.65.201 - - [30/Oct/2025:18:50:51 +0100] "GET /items/663770464.htm HTTP/1.1" 200 124481
66.249.65.195 - - [30/Oct/2025:18:50:51 +0100] "GET /items/663788504.htm HTTP/1.1" 200 145171
66.249.65.198 - - [30/Oct/2025:18:50:52 +0100] "GET /items/663909763.htm HTTP/1.1" 200 140050
66.249.65.202 - - [30/Oct/2025:18:50:54 +0100] "GET /items/663876696.htm HTTP/1.1" 200 144786
66.249.65.197 - - [30/Oct/2025:18:50:55 +0100] "GET /items/663866051.htm HTTP/1.1" 200 123511
66.249.65.201 - - [30/Oct/2025:18:50:56 +0100] "GET /items/1974859179.htm HTTP/1.1" 200 130093
66.249.65.199 - - [30/Oct/2025:18:50:55 +0100] "GET /items/88924336.htm HTTP/1.1" 200 157639
66.249.76.109 - - [30/Oct/2025:18:50:56 +0100] "GET /items/1608886203.htm HTTP/1.1" 200 144517
66.249.76.98 - - [30/Oct/2025:18:50:58 +0100] "GET /items/1608902981.htm HTTP/1.1" 200 162323
66.249.76.97 - - [30/Oct/2025:18:50:58 +0100] "GET /items/795079012.htm HTTP/1.1" 200 129839
66.249.76.101 - - [30/Oct/2025:18:50:58 +0100] "GET /items/795073724.htm HTTP/1.1" 200 135302
74.7.227.230 - - [30/Oct/2025:18:50:58 +0100] "GET /items/1309555252.htm?fileloc=/home/ry040200/bqr_eshop/wp/wp-admin/js/customize-nav-menus.js&path=/home/ry040200/bqr_eshop/wp/wp-admin/js HTTP/1.1" 200 121647
66.249.65.196 - - [30/Oct/2025:18:50:59 +0100] "GET /items/795057023.htm HTTP/1.1" 200 145370
66.249.65.203 - - [30/Oct/2025:18:51:02 +0100] "GET /items/795047166.htm HTTP/1.1" 200 151255
66.249.65.198 - - [30/Oct/2025:18:51:02 +0100] "GET /items/950368431.htm HTTP/1.1" 200 138548
66.249.76.99 - - [30/Oct/2025:18:51:02 +0100] "GET /items/325112246.htm HTTP/1.1" 200 161365
66.249.65.195 - - [30/Oct/2025:18:51:03 +0100] "GET /items/1895093473.htm HTTP/1.1" 200 169111
66.249.65.197 - - [30/Oct/2025:18:51:05 +0100] "GET /obchod/instalacne-pristroje/prudove-chranice-s-nadprudovou-ochranou/pfl7-16-1n-c-003/feed HTTP/1.1" 200 146895
86.110.243.41 - - [30/Oct/2025:18:50:06 +0100] "GET /?ARRAY=7o2230223n313736313835303230362p2231223n22687474703n5p2s5p2s7n7336303076313373752r6472617761746s722r626s6174735p2s3s6p633q7068705s636s64655s6n6326743q313736313834363630362q3861393833616137613462306466653837326632303464643732613364613030222p2232223n226332356533663536396335333435613436363636313130373562633034393561222p2233223n226337323238396637353332643736333933656134353438643033306533346137222p226175746s5s66696p655s6r616q65223n6r756p6p2p226175746s5s70617373223n6r756p6p2p2262696r675s70617373223n2231392q33362q35352q36372q37362q38352q3236227q HTTP/1.0" 503 299
216.73.216.30 - - [30/Oct/2025:18:51:06 +0100] "GET /wordpress/bgo-casino-vstupny-bonus-bez-vkladu?fileloc=%2Fhome%2Fry040200%2Fbqr_eshop%2Freadme.html&path=%2Fhome%2Fry040200%2Fbqr_eshop HTTP/1.1" 200 21656
216.73.216.30 - - [30/Oct/2025:18:51:08 +0100] "GET /wordpress/bgo-casino-vstupny-bonus-bez-vkladu?fileloc=%2Fhome%2Fry040200%2Fbqr_eshop%2Frobots.txt&path=%2Fhome%2Fry040200%2Fbqr_eshop HTTP/1.1" 200 12554
216.73.216.30 - - [30/Oct/2025:18:51:11 +0100] "GET /wordpress/bgo-casino-vstupny-bonus-bez-vkladu?path=%2Fhome%2Fry040200%2Fbqr_eshop%2Fwp-admin HTTP/1.1" 200 164755
74.7.227.230 - - [30/Oct/2025:18:51:17 +0100] "GET /items/1309885558.htm?fileloc=/home/ry040200/bqr_eshop/wp/wp-includes/class-wp-comment.php&path=/home/ry040200/bqr_eshop/wp/wp-includes HTTP/1.1" 200 22054
86.110.243.41 - - [30/Oct/2025:18:50:27 +0100] "GET /?ARRAY=7o2230223n313736313835303232372p2231223n22687474703n5p2s5p2s7n7336303076313373752r6472617761746s722r626s6174735p2s3s6p633q7068705s636s64655s6n6326743q313736313834363632372q6436306565653863316161626562373164393734666363303039336661613062222p2232223n226332356533663536396335333435613436363636313130373562633034393561222p2233223n226337323238396637353332643736333933656134353438643033306533346137222p226175746s5s66696p655s6r616q65223n6r756p6p2p226175746s5s70617373223n6r756p6p2p2262696r675s70617373223n2231392q33362q35352q36372q37362q38352q3236227q HTTP/1.0" 503 299
77.75.76.169 - - [30/Oct/2025:18:51:30 +0100] "GET /items/1938338885.htm HTTP/1.1" 200 58009
66.249.65.199 - - [30/Oct/2025:18:51:31 +0100] "GET /items/663822024.htm HTTP/1.1" 200 153325
74.7.227.230 - - [30/Oct/2025:18:51:32 +0100] "GET /items/1309555252.htm?fileloc=/home/ry040200/bqr_eshop/wp/wp-admin/js/theme-plugin-editor.js&path=/home/ry040200/bqr_eshop/wp/wp-admin/js HTTP/1.1" 200 38201
77.75.76.169 - - [30/Oct/2025:18:51:34 +0100] "GET /items/1362419400.htm HTTP/1.1" 200 58009
66.249.76.96 - - [30/Oct/2025:18:51:35 +0100] "GET /items/663793211.htm HTTP/1.1" 200 162859
77.75.76.169 - - [30/Oct/2025:18:51:36 +0100] "GET /items/545310560.htm HTTP/1.1" 200 58009
86.110.243.41 - - [30/Oct/2025:18:50:48 +0100] "GET /?ARRAY=7o2230223n313736313835303234382p2231223n22687474703n5p2s5p2s7n7336303076313373752r6472617761746s722r626s6174735p2s3s6p633q7068705s636s64655s6n6326743q313736313834363634382q6261333539343436363966393436666239336634353164333162636131623536222p2232223n226332356533663536396335333435613436363636313130373562633034393561222p2233223n226337323238396637353332643736333933656134353438643033306533346137222p226175746s5s66696p655s6r616q65223n6r756p6p2p226175746s5s70617373223n6r756p6p2p2262696r675s70617373223n2231392q33362q35352q36372q37362q38352q3236227q HTTP/1.0" 503 299
74.7.227.230 - - [30/Oct/2025:18:51:49 +0100] "GET /items/1309555252.htm?fileloc=/home/ry040200/bqr_eshop/wp/wp-admin/js/language-chooser.min.js&path=/home/ry040200/bqr_eshop/wp/wp-admin/js HTTP/1.1" 200 13276
74.7.227.230 - - [30/Oct/2025:18:52:03 +0100] "GET /items/1309885558.htm?fileloc=/home/ry040200/bqr_eshop/wp/wp-includes/session.php&path=/home/ry040200/bqr_eshop/wp/wp-includes HTTP/1.1" 200 12877
66.249.65.197 - - [30/Oct/2025:18:52:06 +0100] "GET /items/663902545.htm HTTP/1.1" 200 169490
86.110.243.41 - - [30/Oct/2025:18:51:09 +0100] "GET /?ARRAY=7o2230223n313736313835303236392p2231223n22687474703n5p2s5p2s7n7336303076313373752r6472617761746s722r626s6174735p2s3s6p633q7068705s636s64655s6n6326743q313736313834363636392q6334386636336536643862346664316463656662666565343166376638346432222p2232223n226332356533663536396335333435613436363636313130373562633034393561222p2233223n226337323238396637353332643736333933656134353438643033306533346137222p226175746s5s66696p655s6r616q65223n6r756p6p2p226175746s5s70617373223n6r756p6p2p2262696r675s70617373223n2231392q33362q35352q36372q37362q38352q3236227q HTTP/1.0" 503 299
74.7.227.230 - - [30/Oct/2025:18:52:22 +0100] "GET /items/1309885558.htm?path=/home/ry040200/bqr_eshop/wp/wp-includes/theme-compat HTTP/1.1" 200 29022
86.110.243.41 - - [30/Oct/2025:18:51:30 +0100] "GET /?ARRAY=7o2230223n313736313835303239302p2231223n22687474703n5p2s5p2s7n7336303076313373752r6472617761746s722r626s6174735p2s3s6p633q7068705s636s64655s6n6326743q313736313834363639302q6238313464303136313236643965396231393631313336363331376232346232222p2232223n226332356533663536396335333435613436363636313130373562633034393561222p2233223n226337323238396637353332643736333933656134353438643033306533346137222p226175746s5s66696p655s6r616q65223n6r756p6p2p226175746s5s70617373223n6r756p6p2p2262696r675s70617373223n2231392q33362q35352q36372q37362q38352q3236227q HTTP/1.0" 503 299
66.249.65.196 - - [30/Oct/2025:18:52:37 +0100] "GET /?zhHant/product/surugaya/B3508367229?campaign_uid=f64d716db5e979ed2f947dbaf4296895b951ae7f HTTP/1.1" 200 146584
74.7.227.230 - - [30/Oct/2025:18:52:43 +0100] "GET /items/1309555252.htm?fileloc=/home/ry040200/bqr_eshop/wp/wp-admin/js/user-suggest.js&path=/home/ry040200/bqr_eshop/wp/wp-admin/js HTTP/1.1" 200 14998
